ALTER TABLE AlarmList NOCHECK CONSTRAINT FK_AlarmList_Users
ALTER TABLE Announcements NOCHECK CONSTRAINT FK_Announcements_Modules
ALTER TABLE BankInfo NOCHECK CONSTRAINT FK_BankInfo_Banks
ALTER TABLE Banks NOCHECK CONSTRAINT FK_Banks_Portals
ALTER TABLE Banner NOCHECK CONSTRAINT FK_Banner_Portals
ALTER TABLE Billings NOCHECK CONSTRAINT FK_Billings_Users
ALTER TABLE Cargo NOCHECK CONSTRAINT FK_Cargo_Portals
ALTER TABLE CargoInfo NOCHECK CONSTRAINT FK_CargoInfo_Cargo
ALTER TABLE Categories NOCHECK CONSTRAINT FK_Categories_Portals
ALTER TABLE CategoryTopProducts NOCHECK CONSTRAINT FK_CategoryTopProducts_Modules
ALTER TABLE Contacts NOCHECK CONSTRAINT FK_Contacts_Modules
ALTER TABLE Counter NOCHECK CONSTRAINT FK_Counter_Portals
ALTER TABLE Coupons NOCHECK CONSTRAINT FK_Coupons_Portals
ALTER TABLE CRMActivitys NOCHECK CONSTRAINT FK_CRMActivitys_Portals
ALTER TABLE CRMActivityTypes NOCHECK CONSTRAINT FK_CRMActivityTypes_Portals
ALTER TABLE CRMActivityUsers NOCHECK CONSTRAINT FK_CRMActivityUsers_Portals
ALTER TABLE CRMCitys NOCHECK CONSTRAINT FK_CRMCitys_Portals
ALTER TABLE CRMCode1 NOCHECK CONSTRAINT FK_CRMCode1_Portals
ALTER TABLE CRMCode10 NOCHECK CONSTRAINT FK_CRMCode10_Portals
ALTER TABLE CRMCode2 NOCHECK CONSTRAINT FK_CRMCode2_Portals
ALTER TABLE CRMCode3 NOCHECK CONSTRAINT FK_CRMCode3_Portals
ALTER TABLE CRMCode4 NOCHECK CONSTRAINT FK_CRMCode4_Portals
ALTER TABLE CRMCode5 NOCHECK CONSTRAINT FK_CRMCode5_Portals
ALTER TABLE CRMCode6 NOCHECK CONSTRAINT FK_CRMCode6_Portals
ALTER TABLE CRMCode7 NOCHECK CONSTRAINT FK_CRMCode7_Portals
ALTER TABLE CRMCode8 NOCHECK CONSTRAINT FK_CRMCode8_Portals
ALTER TABLE CRMCode9 NOCHECK CONSTRAINT FK_CRMCode9_Portals
ALTER TABLE CRMCodeDef NOCHECK CONSTRAINT FK_CRMCodeDef_Portals
ALTER TABLE CRMCustomers NOCHECK CONSTRAINT FK_CRMCustomers_Portals
ALTER TABLE CRMProfessions NOCHECK CONSTRAINT FK_CRMProfessions_Portals
ALTER TABLE CRMProjects NOCHECK CONSTRAINT FK_CRMProjects_Portals
ALTER TABLE CRMProjectStates NOCHECK CONSTRAINT FK_CRMProjectStates_Portals
ALTER TABLE CRMProjectTypes NOCHECK CONSTRAINT FK_CRMProjectTypes_Portals
ALTER TABLE CRMResults NOCHECK CONSTRAINT FK_CRMResults_Portals
ALTER TABLE CRMSectors NOCHECK CONSTRAINT FK_CRMSectors_Portals
ALTER TABLE CRMStates NOCHECK CONSTRAINT FK_CRMStates_CRMCitys
ALTER TABLE CRMStatus NOCHECK CONSTRAINT FK_CRMStatus_Portals
ALTER TABLE CRMTasks NOCHECK CONSTRAINT FK_CRMTasks_Portals
ALTER TABLE Currencys NOCHECK CONSTRAINT FK_Currencys_Portals
ALTER TABLE Discussion NOCHECK CONSTRAINT FK_Discussion_Modules
ALTER TABLE Documents NOCHECK CONSTRAINT FK_Documents_Modules
ALTER TABLE ErrorLog NOCHECK CONSTRAINT FK_ErrorLog_Portals
ALTER TABLE Events NOCHECK CONSTRAINT FK_Events_Modules
ALTER TABLE EventsLog NOCHECK CONSTRAINT FK_EventsLog_Portals
ALTER TABLE FBankInfo NOCHECK CONSTRAINT FK_FBankInfo_FBanks
ALTER TABLE FBanks NOCHECK CONSTRAINT FK_FBanks_FCampains
ALTER TABLE FBanks NOCHECK CONSTRAINT FK_FBanks_Banks
ALTER TABLE Flash NOCHECK CONSTRAINT FK_Flash_Modules
ALTER TABLE ForumThreads NOCHECK CONSTRAINT FK_ForumThreads_Portals
ALTER TABLE ForumTopics NOCHECK CONSTRAINT FK_ForumTopics_Portals
ALTER TABLE HtmlText NOCHECK CONSTRAINT FK_HtmlText_Modules
ALTER TABLE Links NOCHECK CONSTRAINT FK_Links_Modules
ALTER TABLE Marquee NOCHECK CONSTRAINT FK_Marquee_Modules
ALTER TABLE Modules NOCHECK CONSTRAINT FK_Modules_Tabs
ALTER TABLE ModuleSettings NOCHECK CONSTRAINT FK_ModuleSettings_Modules
ALTER TABLE News NOCHECK CONSTRAINT FK_News_Modules
ALTER TABLE OrderDetails NOCHECK CONSTRAINT FK_OrderDetails_Orders
ALTER TABLE Orders NOCHECK CONSTRAINT FK_Orders_Portals
ALTER TABLE OrderStatus NOCHECK CONSTRAINT FK_OrderStatus_Portals
ALTER TABLE Payments NOCHECK CONSTRAINT FK_Payments_Portals
ALTER TABLE PayTypes NOCHECK CONSTRAINT FK_PayTypes_Portals
ALTER TABLE PopUpText NOCHECK CONSTRAINT FK_PopUpText_Modules
ALTER TABLE ProductAlternatives NOCHECK CONSTRAINT FK_ProductAlternatives_Products
ALTER TABLE ProductAttributes NOCHECK CONSTRAINT FK_ProductAttributes_Products
ALTER TABLE ProductAttributes NOCHECK CONSTRAINT FK_ProductAttributes_ProductOptionsValues
ALTER TABLE ProductCategories NOCHECK CONSTRAINT FK_ProductCategories_Categories
ALTER TABLE ProductCode1 NOCHECK CONSTRAINT FK_ProductCode1_Portals
ALTER TABLE ProductCode10 NOCHECK CONSTRAINT FK_ProductCode10_Portals
ALTER TABLE ProductCode11 NOCHECK CONSTRAINT FK_ProductCode11_Portals
ALTER TABLE ProductCode12 NOCHECK CONSTRAINT FK_ProductCode12_Portals
ALTER TABLE ProductCode13 NOCHECK CONSTRAINT FK_ProductCode13_Portals
ALTER TABLE ProductCode14 NOCHECK CONSTRAINT FK_ProductCode14_Portals
ALTER TABLE ProductCode15 NOCHECK CONSTRAINT FK_ProductCode15_Portals
ALTER TABLE ProductCode2 NOCHECK CONSTRAINT FK_ProductCode2_Portals
ALTER TABLE ProductCode3 NOCHECK CONSTRAINT FK_ProductCode3_Portals
ALTER TABLE ProductCode4 NOCHECK CONSTRAINT FK_ProductCode4_Portals
ALTER TABLE ProductCode5 NOCHECK CONSTRAINT FK_ProductCode5_Portals
ALTER TABLE ProductCode6 NOCHECK CONSTRAINT FK_ProductCode6_Portals
ALTER TABLE ProductCode7 NOCHECK CONSTRAINT FK_ProductCode7_Portals
ALTER TABLE ProductCode8 NOCHECK CONSTRAINT FK_ProductCode8_Portals
ALTER TABLE ProductCode9 NOCHECK CONSTRAINT FK_ProductCode9_Portals
ALTER TABLE ProductCompare NOCHECK CONSTRAINT FK_ProductCompare_Portals
ALTER TABLE ProductFiles NOCHECK CONSTRAINT FK_ProductFiles_Products
ALTER TABLE ProductImages NOCHECK CONSTRAINT FK_ProductImages_Products
ALTER TABLE ProductKdvs NOCHECK CONSTRAINT FK_ProductKdvs_Portals
ALTER TABLE ProductKeywords NOCHECK CONSTRAINT FK_ProductKeywords_Products
ALTER TABLE ProductMarks NOCHECK CONSTRAINT FK_ProductMarks_Portals
ALTER TABLE ProductOptionsValues NOCHECK CONSTRAINT FK_ProductOptionsValues_ProductOptions
ALTER TABLE ProductPropertys NOCHECK CONSTRAINT FK_ProductPropertys_Products
ALTER TABLE ProductUnits NOCHECK CONSTRAINT FK_ProductUnits_Products
ALTER TABLE ProductUsages NOCHECK CONSTRAINT FK_ProductUsages_Products
ALTER TABLE ProductWizardGroups NOCHECK CONSTRAINT FK_ProductWizardGroups_ProductWizards
ALTER TABLE ProductWizardItems NOCHECK CONSTRAINT FK_ProductWizardItems_ProductWizardGroups
ALTER TABLE ProductWizardLookups NOCHECK CONSTRAINT FK_ProductWizardLookups_ProductWizardItems
ALTER TABLE ProductWizards NOCHECK CONSTRAINT FK_ProductWizards_Portals
ALTER TABLE ProductWizardValues NOCHECK CONSTRAINT FK_ProductWizardValues_ProductWizardLookups
ALTER TABLE ProductWizardValues NOCHECK CONSTRAINT FK_ProductWizardValues_Products
ALTER TABLE QuestionLookup NOCHECK CONSTRAINT FK_QuestionLookup_QuestionMaster
ALTER TABLE QuestionMaster NOCHECK CONSTRAINT FK_QuestionMaster_Modules
ALTER TABLE Reviews NOCHECK CONSTRAINT FK_Reviews_Products
ALTER TABLE Roles NOCHECK CONSTRAINT FK_Roles_Portals
ALTER TABLE Shippings NOCHECK CONSTRAINT FK_Shippings_Users
ALTER TABLE ShoppingCart NOCHECK CONSTRAINT FK_ShoppingCart_Products
ALTER TABLE ShoppingCartAttributes NOCHECK CONSTRAINT FK_ShoppingCartAttributes_ShoppingCart
ALTER TABLE SmsHistory NOCHECK CONSTRAINT FK_SmsHistory_Portals
ALTER TABLE SurveyAnswers NOCHECK CONSTRAINT FK_SurveyAnswers_Surveys
ALTER TABLE SurveyOptions NOCHECK CONSTRAINT FK_SurveyOptions_SurveyQuestions
ALTER TABLE SurveyQuestions NOCHECK CONSTRAINT FK_SurveyQuestions_Surveys
ALTER TABLE Surveys NOCHECK CONSTRAINT FK_Surveys_Modules
ALTER TABLE Tabs NOCHECK CONSTRAINT FK_Tabs_Portals
ALTER TABLE UserCode1 NOCHECK CONSTRAINT FK_UserCode1_Portals
ALTER TABLE UserCode2 NOCHECK CONSTRAINT FK_UserCode2_Portals
ALTER TABLE UserCode3 NOCHECK CONSTRAINT FK_UserCode3_Portals
ALTER TABLE UserCode4 NOCHECK CONSTRAINT FK_UserCode4_Portals
ALTER TABLE UserRoles NOCHECK CONSTRAINT FK_UserRoles_Roles
--ALTER TABLE Users NOCHECK CONSTRAINT FK_Users_Portals
ALTER TABLE UsersLog NOCHECK CONSTRAINT FK_UsersLog_Portals
ALTER TABLE Visits NOCHECK CONSTRAINT FK_Visits_Portals
ALTER TABLE WizardMainFilter NOCHECK CONSTRAINT FK_WizardMainFilter_WizardPropertys
ALTER TABLE WizardPropertys NOCHECK CONSTRAINT FK_WizardPropertys_Wizards
ALTER TABLE Wizards NOCHECK CONSTRAINT FK_Wizards_Portals
ALTER TABLE WizardSubFilter NOCHECK CONSTRAINT FK_WizardSubFilter_WizardPropertys
ALTER TABLE WizardTemplateProducts NOCHECK CONSTRAINT FK_TemplateProducts_WizardTemplates
ALTER TABLE WizardTemplates NOCHECK CONSTRAINT FK_WizardTemplates_Wizards


SET IDENTITY_INSERT [dbo].[ProductStokType] ON
INSERT INTO [dbo].[ProductStokType] (StokTypeId,StokTypeName, StokTypeUrl) VALUES (1,N'Cicek','')
INSERT INTO [dbo].[ProductStokType] (StokTypeId,StokTypeName, StokTypeUrl) VALUES (2,N'Yemek','')
INSERT INTO [dbo].[ProductStokType] (StokTypeId,StokTypeName, StokTypeUrl) VALUES (3,N'Perde','')
INSERT INTO [dbo].[ProductStokType] (StokTypeId,StokTypeName, StokTypeUrl) VALUES (4,N'Poster','')
INSERT INTO [dbo].[ProductStokType] (StokTypeId,StokTypeName, StokTypeUrl) VALUES (5,N'Toptan','')
INSERT INTO [dbo].[ProductStokType] (StokTypeId,StokTypeName, StokTypeUrl) VALUES (6,N'Set','')
INSERT INTO [dbo].[ProductStokType] (StokTypeId,StokTypeName, StokTypeUrl) VALUES (7,N'Kombin','')
INSERT INTO [dbo].[ProductStokType] (StokTypeId,StokTypeName, StokTypeUrl) VALUES (8,N'Emlak','')
INSERT INTO [dbo].[ProductStokType] (StokTypeId,StokTypeName, StokTypeUrl) VALUES (9,N'Yedek Parça','')
INSERT INTO [dbo].[ProductStokType] (StokTypeId,StokTypeName, StokTypeUrl) VALUES (10,N'Araç','')
INSERT INTO [dbo].[ProductStokType] (StokTypeId,StokTypeName, StokTypeUrl) VALUES (11,N'Dijital','')
INSERT INTO [dbo].[ProductStokType] (StokTypeId,StokTypeName, StokTypeUrl) VALUES (12,N'Matbaa-Baskı','')
SET IDENTITY_INSERT [dbo].[ProductStokType] OFF


SET IDENTITY_INSERT [dbo].[Banks] ON
INSERT [dbo].[Banks] ([BankId], [PortalId], [TesanBankId], [ProBankId], [GenpaId], [GenpaCompanyId], [GenpaBankId], [BankName], [BankDesc], [BankOffice], [BankAccountNumber], [BankGetWayAddress], [Bank3dGetWayAddress], [GetwayId], [GetwayUserName], [GetwayPassword], [PosNo], [Xcip], [Description], [CardName], [BonusName], [IsCreditCard], [Logo], [Color], [IsDefault], [Key3D], [Use3DSecure], [PaynetType], [PaynetCode], [PaynetUserName], [PaynetPassword], [PayType], [UsePoints], [UseTaksit], [IsTest], [TestOrderId], [SecretCode1]) VALUES (39, 0, NULL, NULL, NULL, NULL, NULL, N'Garanti Bankası', N'Garanti-Bonus Kart', N'Şube', N'IBAN NO: TR XXXXXXXXXX', N'https://sanalposprov.garanti.com.tr/VPServlet', N'https://sanalposprov.garanti.com.tr/servlet/gt3dengine', N'isyerino', N'k.adi', N'parola', N'10000000', N'', N'', NULL, N'BONS', 1, N'/themes/responsive/images/bankalar/logo_kart_bonus.jpg', N'', 1, N'3dkey', 1, 0, N'', N'', N'', N'Auth', NULL, 1, 0, N'', NULL)
INSERT [dbo].[Banks] ([BankId], [PortalId], [TesanBankId], [ProBankId], [GenpaId], [GenpaCompanyId], [GenpaBankId], [BankName], [BankDesc], [BankOffice], [BankAccountNumber], [BankGetWayAddress], [Bank3dGetWayAddress], [GetwayId], [GetwayUserName], [GetwayPassword], [PosNo], [Xcip], [Description], [CardName], [BonusName], [IsCreditCard], [Logo], [Color], [IsDefault], [Key3D], [Use3DSecure], [PaynetType], [PaynetCode], [PaynetUserName], [PaynetPassword], [PayType], [UsePoints], [UseTaksit], [IsTest], [TestOrderId], [SecretCode1]) VALUES (40, 0, NULL, NULL, NULL, NULL, NULL, N'Yapı Kredi', N'Yapı Kredi - World Kart', N'Şube', N'IBAN NO: TR XXXXXXXXXX', N'https://www.posnet.ykb.com/PosnetWebService/XML', N'https://www.posnet.ykb.com/3DSWebService/YKBPaymentService', N'0', N'6xxxxxxxxx', N'6xxxxxxx', N'', N'', N'', NULL, N'WRLD', 1, N'/themes/responsive/images/bankalar/logo_kart_world.jpg', N'', 0, N'3dkey', 1, 0, N'', N'', N'', N'Auth', NULL, 1, 0, N'', NULL)
INSERT [dbo].[Banks] ([BankId], [PortalId], [TesanBankId], [ProBankId], [GenpaId], [GenpaCompanyId], [GenpaBankId], [BankName], [BankDesc], [BankOffice], [BankAccountNumber], [BankGetWayAddress], [Bank3dGetWayAddress], [GetwayId], [GetwayUserName], [GetwayPassword], [PosNo], [Xcip], [Description], [CardName], [BonusName], [IsCreditCard], [Logo], [Color], [IsDefault], [Key3D], [Use3DSecure], [PaynetType], [PaynetCode], [PaynetUserName], [PaynetPassword], [PayType], [UsePoints], [UseTaksit], [IsTest], [TestOrderId], [SecretCode1]) VALUES (42, 0, NULL, NULL, NULL, NULL, NULL, N'Akbank', N'Akbank - Axess', N'Şube', N'IBAN NO: TR XXXXXXXXXX', N'https://www.sanalakpos.com/servlet/cc5ApiServer', N'https://www.sanalakpos.com/servlet/est3Dgate', N'isyerino', N'k.adi', N'parola', N'', N'', N'', NULL, N'AXSS', 1, N'/themes/responsive/images/bankalar/logo_kart_axess.jpg', N'', 0, N'3dkey', 1, 0, N'', N'', N'', N'Auth', NULL, 1, 0, N'', NULL)
INSERT [dbo].[Banks] ([BankId], [PortalId], [TesanBankId], [ProBankId], [GenpaId], [GenpaCompanyId], [GenpaBankId], [BankName], [BankDesc], [BankOffice], [BankAccountNumber], [BankGetWayAddress], [Bank3dGetWayAddress], [GetwayId], [GetwayUserName], [GetwayPassword], [PosNo], [Xcip], [Description], [CardName], [BonusName], [IsCreditCard], [Logo], [Color], [IsDefault], [Key3D], [Use3DSecure], [PaynetType], [PaynetCode], [PaynetUserName], [PaynetPassword], [PayType], [UsePoints], [UseTaksit], [IsTest], [TestOrderId], [SecretCode1]) VALUES (44, 0, NULL, NULL, NULL, NULL, NULL, N'İş Bankası', N'İş Bankası - Maximum', N'Şube', N'IBAN NO: TR XXXXXXXXXX', N'https://vpos.est.com.tr/servlet/cc5ApiServer', N'https://spos.isbank.com.tr/servlet/est3Dgate', N'isyerino', N'k.adi', N'parola', N'', N'', N'', NULL, N'MAXM', 1, N'/themes/responsive/images/bankalar/logo_kart_maximum.jpg', N'', 0, N'3dkey', 1, 0, N'', N'', N'', N'Auth', NULL, 1, 0, N'', NULL)
INSERT [dbo].[Banks] ([BankId], [PortalId], [TesanBankId], [ProBankId], [GenpaId], [GenpaCompanyId], [GenpaBankId], [BankName], [BankDesc], [BankOffice], [BankAccountNumber], [BankGetWayAddress], [Bank3dGetWayAddress], [GetwayId], [GetwayUserName], [GetwayPassword], [PosNo], [Xcip], [Description], [CardName], [BonusName], [IsCreditCard], [Logo], [Color], [IsDefault], [Key3D], [Use3DSecure], [PaynetType], [PaynetCode], [PaynetUserName], [PaynetPassword], [PayType], [UsePoints], [UseTaksit], [IsTest], [TestOrderId], [SecretCode1]) VALUES (45, 0, NULL, NULL, NULL, NULL, NULL, N'Bank Asya', N'Banka Asya - Asyacard', N'Şube', N'IBAN NO: TR XXXXXXXXXX', N'https://vps.bankasya.com.tr/iposnet/sposnet.aspx', N'https://vpos.est.com.tr/servlet/est3Dgate', N'isyerino', N'k.adi', N'parola', N'', N'', N'', NULL, N'ZDGR', 1, N'/themes/responsive/images/bankalar/logo_kart_asya.jpg', N'', 0, N'3dkey', 1, 0, N'', N'', N'', N'Auth', NULL, 1, 0, N'', NULL)
INSERT [dbo].[Banks] ([BankId], [PortalId], [TesanBankId], [ProBankId], [GenpaId], [GenpaCompanyId], [GenpaBankId], [BankName], [BankDesc], [BankOffice], [BankAccountNumber], [BankGetWayAddress], [Bank3dGetWayAddress], [GetwayId], [GetwayUserName], [GetwayPassword], [PosNo], [Xcip], [Description], [CardName], [BonusName], [IsCreditCard], [Logo], [Color], [IsDefault], [Key3D], [Use3DSecure], [PaynetType], [PaynetCode], [PaynetUserName], [PaynetPassword], [PayType], [UsePoints], [UseTaksit], [IsTest], [TestOrderId], [SecretCode1]) VALUES (46, 0, NULL, NULL, NULL, NULL, NULL, N'HSBC Bank', N'HSBC - Advantage', N'Şube', N'IBAN NO: TR XXXXXXXXXX', N'https://vpos.advantage.com.tr/servlet/cc5ApiServer', N'https://vpos.est.com.tr/servlet/est3Dgate', N'isyerino', N'k.adi', N'parola', N'', N'', N'', NULL, N'ADVT', 1, N'/themes/responsive/images/bankalar/logo_kart_advantage.jpg', N'', 0, N'3dkey', 1, 0, N'', N'', N'', N'Auth', NULL, 1, 0, N'', NULL)
SET IDENTITY_INSERT [dbo].[Banks] OFF

SET IDENTITY_INSERT [dbo].[BankInfo] ON
INSERT [dbo].[BankInfo] ([BankInfoId], [BankId], [Taksit], [Rate], [Description]) VALUES (76, 40, 3, CAST(3.00 AS Decimal(18, 2)), N'')
INSERT [dbo].[BankInfo] ([BankInfoId], [BankId], [Taksit], [Rate], [Description]) VALUES (81, 39, 3, CAST(3.00 AS Decimal(18, 2)), N'')
INSERT [dbo].[BankInfo] ([BankInfoId], [BankId], [Taksit], [Rate], [Description]) VALUES (82, 39, 4, CAST(4.00 AS Decimal(18, 2)), N'')
INSERT [dbo].[BankInfo] ([BankInfoId], [BankId], [Taksit], [Rate], [Description]) VALUES (83, 39, 5, CAST(5.00 AS Decimal(18, 2)), N'')
INSERT [dbo].[BankInfo] ([BankInfoId], [BankId], [Taksit], [Rate], [Description]) VALUES (84, 39, 6, CAST(6.00 AS Decimal(18, 2)), N'')
INSERT [dbo].[BankInfo] ([BankInfoId], [BankId], [Taksit], [Rate], [Description]) VALUES (85, 39, 7, CAST(7.00 AS Decimal(18, 2)), N'')
INSERT [dbo].[BankInfo] ([BankInfoId], [BankId], [Taksit], [Rate], [Description]) VALUES (86, 39, 8, CAST(8.00 AS Decimal(18, 2)), N'')
INSERT [dbo].[BankInfo] ([BankInfoId], [BankId], [Taksit], [Rate], [Description]) VALUES (87, 39, 9, CAST(9.00 AS Decimal(18, 2)), N'')
INSERT [dbo].[BankInfo] ([BankInfoId], [BankId], [Taksit], [Rate], [Description]) VALUES (88, 39, 12, CAST(12.00 AS Decimal(18, 2)), N'')
INSERT [dbo].[BankInfo] ([BankInfoId], [BankId], [Taksit], [Rate], [Description]) VALUES (89, 40, 4, CAST(4.00 AS Decimal(18, 2)), N'')
INSERT [dbo].[BankInfo] ([BankInfoId], [BankId], [Taksit], [Rate], [Description]) VALUES (90, 40, 5, CAST(5.00 AS Decimal(18, 2)), N'')

INSERT [dbo].[BankInfo] ([BankInfoId], [BankId], [Taksit], [Rate], [Description]) VALUES (91, 40, 6, CAST(6.00 AS Decimal(18, 2)), N'')

INSERT [dbo].[BankInfo] ([BankInfoId], [BankId], [Taksit], [Rate], [Description]) VALUES (92, 40, 7, CAST(7.00 AS Decimal(18, 2)), N'')

INSERT [dbo].[BankInfo] ([BankInfoId], [BankId], [Taksit], [Rate], [Description]) VALUES (93, 40, 8, CAST(8.00 AS Decimal(18, 2)), N'')

INSERT [dbo].[BankInfo] ([BankInfoId], [BankId], [Taksit], [Rate], [Description]) VALUES (94, 40, 9, CAST(9.00 AS Decimal(18, 2)), N'')

INSERT [dbo].[BankInfo] ([BankInfoId], [BankId], [Taksit], [Rate], [Description]) VALUES (95, 40, 12, CAST(12.00 AS Decimal(18, 2)), N'')

INSERT [dbo].[BankInfo] ([BankInfoId], [BankId], [Taksit], [Rate], [Description]) VALUES (96, 42, 3, CAST(3.00 AS Decimal(18, 2)), N'')

INSERT [dbo].[BankInfo] ([BankInfoId], [BankId], [Taksit], [Rate], [Description]) VALUES (97, 42, 4, CAST(4.00 AS Decimal(18, 2)), N'')

INSERT [dbo].[BankInfo] ([BankInfoId], [BankId], [Taksit], [Rate], [Description]) VALUES (98, 42, 5, CAST(5.00 AS Decimal(18, 2)), N'')

INSERT [dbo].[BankInfo] ([BankInfoId], [BankId], [Taksit], [Rate], [Description]) VALUES (99, 42, 6, CAST(6.00 AS Decimal(18, 2)), N'')

INSERT [dbo].[BankInfo] ([BankInfoId], [BankId], [Taksit], [Rate], [Description]) VALUES (100, 42, 7, CAST(7.00 AS Decimal(18, 2)), N'')

INSERT [dbo].[BankInfo] ([BankInfoId], [BankId], [Taksit], [Rate], [Description]) VALUES (101, 42, 9, CAST(9.00 AS Decimal(18, 2)), N'')

INSERT [dbo].[BankInfo] ([BankInfoId], [BankId], [Taksit], [Rate], [Description]) VALUES (108, 44, 3, CAST(3.00 AS Decimal(18, 2)), N'')

INSERT [dbo].[BankInfo] ([BankInfoId], [BankId], [Taksit], [Rate], [Description]) VALUES (109, 44, 4, CAST(4.00 AS Decimal(18, 2)), N'')

INSERT [dbo].[BankInfo] ([BankInfoId], [BankId], [Taksit], [Rate], [Description]) VALUES (110, 44, 5, CAST(5.00 AS Decimal(18, 2)), N'')

INSERT [dbo].[BankInfo] ([BankInfoId], [BankId], [Taksit], [Rate], [Description]) VALUES (111, 44, 6, CAST(6.00 AS Decimal(18, 2)), N'')

INSERT [dbo].[BankInfo] ([BankInfoId], [BankId], [Taksit], [Rate], [Description]) VALUES (112, 44, 7, CAST(7.00 AS Decimal(18, 2)), N'')

INSERT [dbo].[BankInfo] ([BankInfoId], [BankId], [Taksit], [Rate], [Description]) VALUES (113, 44, 8, CAST(8.00 AS Decimal(18, 2)), N'')

INSERT [dbo].[BankInfo] ([BankInfoId], [BankId], [Taksit], [Rate], [Description]) VALUES (114, 44, 9, CAST(9.00 AS Decimal(18, 2)), N'')

INSERT [dbo].[BankInfo] ([BankInfoId], [BankId], [Taksit], [Rate], [Description]) VALUES (117, 44, 12, CAST(12.00 AS Decimal(18, 2)), N'')

INSERT [dbo].[BankInfo] ([BankInfoId], [BankId], [Taksit], [Rate], [Description]) VALUES (123, 45, 3, CAST(3.00 AS Decimal(18, 2)), N'3')

INSERT [dbo].[BankInfo] ([BankInfoId], [BankId], [Taksit], [Rate], [Description]) VALUES (124, 45, 4, CAST(4.00 AS Decimal(18, 2)), N'4')

INSERT [dbo].[BankInfo] ([BankInfoId], [BankId], [Taksit], [Rate], [Description]) VALUES (125, 45, 5, CAST(5.00 AS Decimal(18, 2)), N'5')

INSERT [dbo].[BankInfo] ([BankInfoId], [BankId], [Taksit], [Rate], [Description]) VALUES (127, 45, 6, CAST(6.00 AS Decimal(18, 2)), N'6')

INSERT [dbo].[BankInfo] ([BankInfoId], [BankId], [Taksit], [Rate], [Description]) VALUES (128, 46, 3, CAST(3.00 AS Decimal(18, 2)), N'3')

INSERT [dbo].[BankInfo] ([BankInfoId], [BankId], [Taksit], [Rate], [Description]) VALUES (129, 46, 4, CAST(4.00 AS Decimal(18, 2)), N'4')

INSERT [dbo].[BankInfo] ([BankInfoId], [BankId], [Taksit], [Rate], [Description]) VALUES (130, 46, 5, CAST(5.00 AS Decimal(18, 2)), N'5')

INSERT [dbo].[BankInfo] ([BankInfoId], [BankId], [Taksit], [Rate], [Description]) VALUES (131, 46, 6, CAST(6.00 AS Decimal(18, 2)), N'6')

INSERT [dbo].[BankInfo] ([BankInfoId], [BankId], [Taksit], [Rate], [Description]) VALUES (132, 45, 7, CAST(7.00 AS Decimal(18, 2)), N'7')

INSERT [dbo].[BankInfo] ([BankInfoId], [BankId], [Taksit], [Rate], [Description]) VALUES (133, 46, 7, CAST(7.00 AS Decimal(18, 2)), N'7')

INSERT [dbo].[BankInfo] ([BankInfoId], [BankId], [Taksit], [Rate], [Description]) VALUES (134, 46, 8, CAST(8.00 AS Decimal(18, 2)), N'8')

INSERT [dbo].[BankInfo] ([BankInfoId], [BankId], [Taksit], [Rate], [Description]) VALUES (135, 45, 8, CAST(8.00 AS Decimal(18, 2)), N'8')

INSERT [dbo].[BankInfo] ([BankInfoId], [BankId], [Taksit], [Rate], [Description]) VALUES (136, 46, 9, CAST(9.00 AS Decimal(18, 2)), N'9')

INSERT [dbo].[BankInfo] ([BankInfoId], [BankId], [Taksit], [Rate], [Description]) VALUES (137, 45, 9, CAST(9.00 AS Decimal(18, 2)), N'9')

INSERT [dbo].[BankInfo] ([BankInfoId], [BankId], [Taksit], [Rate], [Description]) VALUES (138, 45, 12, CAST(12.00 AS Decimal(18, 2)), N'12')

INSERT [dbo].[BankInfo] ([BankInfoId], [BankId], [Taksit], [Rate], [Description]) VALUES (139, 46, 12, CAST(12.00 AS Decimal(18, 2)), N'12')

INSERT [dbo].[BankInfo] ([BankInfoId], [BankId], [Taksit], [Rate], [Description]) VALUES (140, 42, 8, CAST(8.00 AS Decimal(18, 2)), N'8')

SET IDENTITY_INSERT [dbo].[BankInfo] OFF

SET IDENTITY_INSERT [dbo].[Cargo] ON


INSERT [dbo].[Cargo] ([CargoId], [PortalId], [CargoName], [CargoMail], [CashOnDelivery], [IsOnline], [ValueAdd], [IsActive], [ShowOrder], [ShowDetails]) VALUES (4, 0, N'PTT', N'ptt@ptt.com', 0, 0, CAST(5.00 AS Decimal(18, 2)), 1, 1, 1)

INSERT [dbo].[Cargo] ([CargoId], [PortalId], [CargoName], [CargoMail], [CashOnDelivery], [IsOnline], [ValueAdd], [IsActive], [ShowOrder], [ShowDetails]) VALUES (11, 0, N'UPS', N'ups@ups.com', 1, 0, CAST(5.00 AS Decimal(18, 2)), 1, 2, 1)

SET IDENTITY_INSERT [dbo].[Cargo] OFF

SET IDENTITY_INSERT [dbo].[CargoInfo] ON


INSERT [dbo].[CargoInfo] ([CargoInfoId], [CargoId], [Price], [Desi], [Desc]) VALUES (31, 4, CAST(10.00 AS Decimal(18, 2)), CAST(1.00 AS Decimal(18, 2)), NULL)

INSERT [dbo].[CargoInfo] ([CargoInfoId], [CargoId], [Price], [Desi], [Desc]) VALUES (50, 4, CAST(10.00 AS Decimal(18, 2)), CAST(11.00 AS Decimal(18, 2)), NULL)

INSERT [dbo].[CargoInfo] ([CargoInfoId], [CargoId], [Price], [Desi], [Desc]) VALUES (51, 4, CAST(20.00 AS Decimal(18, 2)), CAST(100.00 AS Decimal(18, 2)), NULL)

INSERT [dbo].[CargoInfo] ([CargoInfoId], [CargoId], [Price], [Desi], [Desc]) VALUES (52, 4, CAST(50.00 AS Decimal(18, 2)), CAST(1000.00 AS Decimal(18, 2)), NULL)

INSERT [dbo].[CargoInfo] ([CargoInfoId], [CargoId], [Price], [Desi], [Desc]) VALUES (53, 11, CAST(10.00 AS Decimal(18, 2)), CAST(1.00 AS Decimal(18, 2)), NULL)

INSERT [dbo].[CargoInfo] ([CargoInfoId], [CargoId], [Price], [Desi], [Desc]) VALUES (54, 11, CAST(10.00 AS Decimal(18, 2)), CAST(11.00 AS Decimal(18, 2)), NULL)

INSERT [dbo].[CargoInfo] ([CargoInfoId], [CargoId], [Price], [Desi], [Desc]) VALUES (55, 11, CAST(20.00 AS Decimal(18, 2)), CAST(100.00 AS Decimal(18, 2)), NULL)

INSERT [dbo].[CargoInfo] ([CargoInfoId], [CargoId], [Price], [Desi], [Desc]) VALUES (56, 11, CAST(50.00 AS Decimal(18, 2)), CAST(1000.00 AS Decimal(18, 2)), NULL)

INSERT [dbo].[CargoInfo] ([CargoInfoId], [CargoId], [Price], [Desi], [Desc]) VALUES (57, 11, CAST(50.00 AS Decimal(18, 2)), CAST(50.00 AS Decimal(18, 2)), NULL)

INSERT [dbo].[CargoInfo] ([CargoInfoId], [CargoId], [Price], [Desi], [Desc]) VALUES (64, 4, CAST(10.00 AS Decimal(18, 2)), CAST(0.00 AS Decimal(18, 2)), NULL)

INSERT [dbo].[CargoInfo] ([CargoInfoId], [CargoId], [Price], [Desi], [Desc]) VALUES (66, 11, CAST(10.00 AS Decimal(18, 2)), CAST(0.00 AS Decimal(18, 2)), NULL)

SET IDENTITY_INSERT [dbo].[CargoInfo] OFF 

 
SET IDENTITY_INSERT [dbo].[Products] ON 

     
SET IDENTITY_INSERT [dbo].[Products] ON 

  
INSERT [dbo].[Products] ([ProductId], [PortalId], [CategoryId], [Parent], [ProductCode], [ProductName], [Description], [SearchKeywords], [Details], [ProviderStockCode], [ProviderName], [MarkId], [IsDeleted], [IsActive], [SellNoneStock], [SellLimitToUser], [StockQty], [StockQty2], [ShowInMainPage], [ShowInCategoryPage], [ShowOrder], [Code1], [Code2], [Code3], [Code4], [Code5], [Code6], [Code7], [Code8], [Code9], [Code10], [Code11], [Code12], [Code13], [Code14], [Code15], [Provider], [KdvId], [Hit], [IsPenta], [ProviderId], [CreatedDate], [UpdatedDate], [Url], [WizardId], [CampainId], [AddA], [AddP], [Add0], [Add1], [Add2], [Add3], [Add4], [Add5], [ForceCargo], [StartDate], [EndDate], [AuthorId], [PublisherId], [HizliKargo], [AyniGunTeslim], [IndirimliUrun], [FirsatUrunu], [SokFiyatliUrun], [EnUcuzUrun], [OzelUrun], [SinirliSayidaUrun], [YeniUrun], [HediyeliUrun], [UserId], [ProductSizeOptionId], [NebimStokUpdateDate], [StokType], [StokSubType], [StokEndDate], [ProductKey], [CompanyId]) VALUES (246, 0, NULL, NULL, N'k-154MY7322', N'SI H COLOR 18 AYAR ALTIN', N'', N'', N'&nbsp;<b style="color: rgb(46, 71, 108); font-family: Arial, Tahoma; font-size: 12px;">Sayın Ziyaret&ccedil;i</b>
<p style="color: rgb(46, 71, 108); font-family: Arial, Tahoma; font-size: 12px; background-color: rgb(255, 255, 255);">Pırlanta bir mücevher satın alırken,alacağınız pırlantanın kalitesi ve rengi en üst düzeyde olmak zorunda degildir.&Ouml;nemli olan alınan hediyenin,verilen kişi i&ccedil;in özel olması ve hoşuna giden bir dizaynda olmasıdır. Tüm dünya da sadece VVS-VS kalitesinde ve D-E-G renginde gibi özel taşlar satılmamaktadır.Hatta bu taşlar &ccedil;ogunlukla 1.00 Karat üstü yatırım ama&ccedil;li alınırken,özellikle tercih edilir.</p>
<p style="color: rgb(46, 71, 108); font-family: Arial, Tahoma; font-size: 12px; background-color: rgb(255, 255, 255);">&Ouml;rnegin 0.50 Karat VVS-VS kalitesinde,G-H-I-J renginde bir tektaş pırlanta ile,SI1-SI2 kalitesinde G-H-I-J rengindeki tektaş pırlantayı yanyana getirdiginizde,&ccedil;ıplak gözle bu iki tası birbirinden profesyoneller dahi ayırt edemez.Renklerde de &ccedil;ok bariz farklılıklar yoktur.Tabii ki G renk ile J renk iki taş,ancak yan yana geldiginde bu fark ortaya &ccedil;ıkar.1.00 Karat altı alınan pırlantalarda bu tercihler tamamen,bulunduğunuz maddi durum ile alakalı bir se&ccedil;imdir.Kaldı ki yatırım ama&ccedil;lı almıyorsaniz,1.00 Karatlık bir taşı da büt&ccedil;enize göre alabilirsiniz.Tüm bu nedenlerle pırlantanızın kalitesini,rengini se&ccedil;erken öncelikle i&ccedil;inde bulunduğunuz maddi durumunuzu göz önüne alarak se&ccedil;iminizi yapınız.</p>
<p style="color: rgb(46, 71, 108); font-family: Arial, Tahoma; font-size: 12px; background-color: rgb(255, 255, 255);"></p>', N'', NULL, 111, 0, 1, 0, 0, CAST(1000.0000 AS Decimal(18, 4)), 0, 1, 0, 302, N'', N'', N'', N'', N'', N'', N'', N'', N'', N'', N'', N'', N'', N'', N'', N'', 1, 0, 11, 11, CAST(N'2013-10-27 13:44:00' AS SmallDateTime), CAST(N'2013-10-27 13:44:00' AS SmallDateTime), N'/urun/si-h-color-18-ayar-altin_246/', 0, 0, NULL, NULL, NULL, NULL, NULL, NULL, NULL, NULL, 0, NULL, NULL, 0, 0, 1, 0, 0, 0, 0, 0, 0, 0, 0, 0, 0, 0, CAST(N'2013-10-27 13:43:59.910' AS DateTime), 0, 0, NULL, N'gIe7IS6sZ8fTRS76AaFVls4ArY1D3zcnQvYoq/v5fB/PIdh/sb40PE4p6T7hxBcV', NULL)
  
INSERT [dbo].[Products] ([ProductId], [PortalId], [CategoryId], [Parent], [ProductCode], [ProductName], [Description], [SearchKeywords], [Details], [ProviderStockCode], [ProviderName], [MarkId], [IsDeleted], [IsActive], [SellNoneStock], [SellLimitToUser], [StockQty], [StockQty2], [ShowInMainPage], [ShowInCategoryPage], [ShowOrder], [Code1], [Code2], [Code3], [Code4], [Code5], [Code6], [Code7], [Code8], [Code9], [Code10], [Code11], [Code12], [Code13], [Code14], [Code15], [Provider], [KdvId], [Hit], [IsPenta], [ProviderId], [CreatedDate], [UpdatedDate], [Url], [WizardId], [CampainId], [AddA], [AddP], [Add0], [Add1], [Add2], [Add3], [Add4], [Add5], [ForceCargo], [StartDate], [EndDate], [AuthorId], [PublisherId], [HizliKargo], [AyniGunTeslim], [IndirimliUrun], [FirsatUrunu], [SokFiyatliUrun], [EnUcuzUrun], [OzelUrun], [SinirliSayidaUrun], [YeniUrun], [HediyeliUrun], [UserId], [ProductSizeOptionId], [NebimStokUpdateDate], [StokType], [StokSubType], [StokEndDate], [ProductKey], [CompanyId]) VALUES (247, 0, NULL, NULL, N'34 VK Design', N'Plan V No Trespassing Unisex Kolye', N'', N'', N'<table style="max-width: 100%; background-color: rgb(255, 255, 255); border-collapse: collapse; border-spacing: 0px; color: rgb(40, 40, 40); font-family: ''Open Sans'', ''Helvetica Neue'', Helvetica, Arial, sans-serif; font-size: 12px; line-height: 20px;">
    <tbody>
        <tr>
            <td colspan="2" style="border: 0px;">Deri Ve Metal</td>
        </tr>
        <tr>
            <td colspan="2" style="border: 0px;">Kolye Uzunluk: 29 cm</td>
        </tr>
        <tr>
        </tr>
        <tr>
            <td colspan="2" style="border: 0px;">El Yapımı</td>
        </tr>
        <tr>
            <td colspan="2" style="border: 0px;">Sembol: Köpekbalığı&nbsp;</td>
        </tr>
        <tr>
        </tr>
        <tr>
            <td colspan="2" style="border: 0px;">Sınırlı sayıda üretilmiştir.</td>
        </tr>
        <tr>
            <td colspan="2" style="border: 0px;"><strong>Deniz suyu ve parfümle temas etmemesi ürünün ömrünü uzatır. Rutubetsiz yerde muhafaza ediniz.<br />
            </strong></td>
        </tr>
    </tbody>
</table>
<p style="margin: 0px 0px 10px; color: rgb(40, 40, 40); font-size: 12px; font-family: ''Open Sans'', ''Helvetica Neue'', Helvetica, Arial, sans-serif; line-height: 20px; background-color: rgb(255, 255, 255);"></p>', N'', NULL, 111, 0, 1, 0, 0, CAST(1000.0000 AS Decimal(18, 4)), 0, 1, 0, 247, N'', N'', N'', N'', N'', N'', N'', N'', N'', N'', N'', N'', N'', N'', N'', N'', 1, 0, 11, 11, CAST(N'2013-10-27 13:44:00' AS SmallDateTime), CAST(N'2013-10-27 13:44:00' AS SmallDateTime), N'/urun/plan-v-no-trespassing-unisex-kolye_247/', 0, 0, NULL, NULL, NULL, NULL, NULL, NULL, NULL, NULL, 0, NULL, NULL, 0, 0, 1, 0, 1, 0, 0, 0, 0, 1, 1, 0, 0, 0, CAST(N'2013-10-27 13:43:59.947' AS DateTime), 0, 0, NULL, NULL, NULL)
  
INSERT [dbo].[Products] ([ProductId], [PortalId], [CategoryId], [Parent], [ProductCode], [ProductName], [Description], [SearchKeywords], [Details], [ProviderStockCode], [ProviderName], [MarkId], [IsDeleted], [IsActive], [SellNoneStock], [SellLimitToUser], [StockQty], [StockQty2], [ShowInMainPage], [ShowInCategoryPage], [ShowOrder], [Code1], [Code2], [Code3], [Code4], [Code5], [Code6], [Code7], [Code8], [Code9], [Code10], [Code11], [Code12], [Code13], [Code14], [Code15], [Provider], [KdvId], [Hit], [IsPenta], [ProviderId], [CreatedDate], [UpdatedDate], [Url], [WizardId], [CampainId], [AddA], [AddP], [Add0], [Add1], [Add2], [Add3], [Add4], [Add5], [ForceCargo], [StartDate], [EndDate], [AuthorId], [PublisherId], [HizliKargo], [AyniGunTeslim], [IndirimliUrun], [FirsatUrunu], [SokFiyatliUrun], [EnUcuzUrun], [OzelUrun], [SinirliSayidaUrun], [YeniUrun], [HediyeliUrun], [UserId], [ProductSizeOptionId], [NebimStokUpdateDate], [StokType], [StokSubType], [StokEndDate], [ProductKey], [CompanyId]) VALUES (362, 0, NULL, NULL, N'iphone-16', N'Apple Iphone 4 16 Gb Cep Telefonu KVK Onaylı', N'', N'iphone,Cep Telefonu', N'<table cellpadding="4" cellspacing="0" border="0" class="UrunOzellikleriTablosu">
    <tbody>
        <tr class="row">
            <td>Garanti</td>
            <td>: 4 yıl garantili<span class="Apple-tab-span" style="white-space:pre">	</span></td>
        </tr>
        <tr>
            <td>&Uuml;retim Yeri</td>
            <td>: İstanbul</td>
        </tr>
        <tr class="row">
            <td>Marka</td>
            <td>: Apple</td>
        </tr>
        <tr>
            <td>Model</td>
            <td>: Iphone</td>
        </tr>
        <tr class="row">
            <td>En</td>
            <td>:</td>
        </tr>
        <tr>
            <td>Boy</td>
            <td>:</td>
        </tr>
        <tr class="row">
            <td>Yükseklik</td>
            <td>:</td>
        </tr>
        <tr>
            <td>Ağırlık</td>
            <td>:</td>
        </tr>
    </tbody>
</table>', N'', NULL, 103, 0, 1, 0, 0, CAST(1000.0000 AS Decimal(18, 4)), 0, 1, 0, 362, N'', N'', N'', N'', N'', N'', N'', N'', N'', N'', N'', N'', N'', N'', N'', N'', 1, 0, 11, 11, CAST(N'2013-10-27 13:44:00' AS SmallDateTime), CAST(N'2013-10-27 13:44:00' AS SmallDateTime), N'/urun/apple-iphone-4-16-gb-cep-telefonu-kvk-onayli_362/', 0, 0, NULL, NULL, NULL, NULL, NULL, NULL, NULL, NULL, 0, NULL, NULL, 0, 0, 1, 1, 1, 1, 1, 1, 1, 1, 1, 1, 0, 0, CAST(N'2013-10-27 13:44:05.100' AS DateTime), 0, 0, NULL, NULL, NULL)
  
INSERT [dbo].[Products] ([ProductId], [PortalId], [CategoryId], [Parent], [ProductCode], [ProductName], [Description], [SearchKeywords], [Details], [ProviderStockCode], [ProviderName], [MarkId], [IsDeleted], [IsActive], [SellNoneStock], [SellLimitToUser], [StockQty], [StockQty2], [ShowInMainPage], [ShowInCategoryPage], [ShowOrder], [Code1], [Code2], [Code3], [Code4], [Code5], [Code6], [Code7], [Code8], [Code9], [Code10], [Code11], [Code12], [Code13], [Code14], [Code15], [Provider], [KdvId], [Hit], [IsPenta], [ProviderId], [CreatedDate], [UpdatedDate], [Url], [WizardId], [CampainId], [AddA], [AddP], [Add0], [Add1], [Add2], [Add3], [Add4], [Add5], [ForceCargo], [StartDate], [EndDate], [AuthorId], [PublisherId], [HizliKargo], [AyniGunTeslim], [IndirimliUrun], [FirsatUrunu], [SokFiyatliUrun], [EnUcuzUrun], [OzelUrun], [SinirliSayidaUrun], [YeniUrun], [HediyeliUrun], [UserId], [ProductSizeOptionId], [NebimStokUpdateDate], [StokType], [StokSubType], [StokEndDate], [ProductKey], [CompanyId]) VALUES (363, 0, NULL, NULL, N'iphone-8', N'Apple Iphone 4 8 Gb Cep Telefonu', N'', N'', N'<table cellpadding="4" cellspacing="0" border="0" class="UrunOzellikleriTablosu">
    <tbody>
        <tr class="row">
            <td>Garanti</td>
            <td>: 4 yıl garantili<span class="Apple-tab-span" style="white-space:pre">	</span></td>
        </tr>
        <tr>
            <td>Üretim Yeri</td>
            <td>: İstanbul</td>
        </tr>
        <tr class="row">
            <td>Marka</td>
            <td>: Apple</td>
        </tr>
        <tr>
            <td>Model</td>
            <td>: Iphone</td>
        </tr>
        <tr class="row">
            <td>En</td>
            <td>:</td>
        </tr>
        <tr>
            <td>Boy</td>
            <td>:</td>
        </tr>
        <tr class="row">
            <td>Yükseklik</td>
            <td>:</td>
        </tr>
        <tr>
            <td>Ağırlık</td>
            <td>:</td>
        </tr>
    </tbody>
</table>', N'', NULL, 103, 0, 1, 0, 0, CAST(1000.0000 AS Decimal(18, 4)), 0, 1, 0, 363, N'', N'', N'', N'', N'', N'', N'', N'', N'', N'', N'', N'', N'', N'', N'', NULL, 3, 0, 11, 11, CAST(N'2013-10-27 13:44:00' AS SmallDateTime), CAST(N'2013-10-27 13:44:00' AS SmallDateTime), N'/urun/apple-iphone-4-8-gb-cep-telefonu_363/', 0, 0, NULL, NULL, NULL, NULL, NULL, NULL, NULL, NULL, NULL, NULL, NULL, 0, 0, 1, 0, 1, 0, 0, 0, 0, 0, 0, 0, 0, 0, CAST(N'2013-10-27 13:44:05.200' AS DateTime), 0, 0, NULL, NULL, NULL)
  
INSERT [dbo].[Products] ([ProductId], [PortalId], [CategoryId], [Parent], [ProductCode], [ProductName], [Description], [SearchKeywords], [Details], [ProviderStockCode], [ProviderName], [MarkId], [IsDeleted], [IsActive], [SellNoneStock], [SellLimitToUser], [StockQty], [StockQty2], [ShowInMainPage], [ShowInCategoryPage], [ShowOrder], [Code1], [Code2], [Code3], [Code4], [Code5], [Code6], [Code7], [Code8], [Code9], [Code10], [Code11], [Code12], [Code13], [Code14], [Code15], [Provider], [KdvId], [Hit], [IsPenta], [ProviderId], [CreatedDate], [UpdatedDate], [Url], [WizardId], [CampainId], [AddA], [AddP], [Add0], [Add1], [Add2], [Add3], [Add4], [Add5], [ForceCargo], [StartDate], [EndDate], [AuthorId], [PublisherId], [HizliKargo], [AyniGunTeslim], [IndirimliUrun], [FirsatUrunu], [SokFiyatliUrun], [EnUcuzUrun], [OzelUrun], [SinirliSayidaUrun], [YeniUrun], [HediyeliUrun], [UserId], [ProductSizeOptionId], [NebimStokUpdateDate], [StokType], [StokSubType], [StokEndDate], [ProductKey], [CompanyId]) VALUES (364, 0, NULL, NULL, N'ip-case1', N'Iphone Kılıf', N'', N'', N'<table cellpadding="4" cellspacing="0" border="0" class="UrunOzellikleriTablosu">
    <tbody>
        <tr class="row">
            <td>Garanti</td>
            <td>:</td>
        </tr>
        <tr>
            <td>&Uuml;retim Yeri</td>
            <td>:</td>
        </tr>
        <tr class="row">
            <td>Marka</td>
            <td>:</td>
        </tr>
        <tr>
            <td>Model</td>
            <td>:</td>
        </tr>
        <tr class="row">
            <td>En</td>
            <td>:</td>
        </tr>
        <tr>
            <td>Boy</td>
            <td>:</td>
        </tr>
        <tr class="row">
            <td>Yükseklik</td>
            <td>:</td>
        </tr>
        <tr>
            <td>Ağırlık</td>
            <td>:</td>
        </tr>
    </tbody>
</table>', N'', NULL, 103, 0, 1, 0, 0, CAST(1000.0000 AS Decimal(18, 4)), 0, 1, 0, 364, N'', N'', N'', N'', N'', N'', N'', N'', N'', N'', N'', N'', N'', N'', N'', N'', 1, 0, 11, 11, CAST(N'2013-10-27 13:44:00' AS SmallDateTime), CAST(N'2013-10-27 13:44:00' AS SmallDateTime), N'/urun/iphone-kilif_364/', 0, 0, NULL, NULL, NULL, NULL, NULL, NULL, NULL, NULL, 0, NULL, NULL, 0, 0, 1, 0, 0, 0, 0, 0, 0, 0, 0, 0, 0, 0, CAST(N'2013-10-27 13:44:05.260' AS DateTime), 0, 0, NULL, NULL, NULL)
  
INSERT [dbo].[Products] ([ProductId], [PortalId], [CategoryId], [Parent], [ProductCode], [ProductName], [Description], [SearchKeywords], [Details], [ProviderStockCode], [ProviderName], [MarkId], [IsDeleted], [IsActive], [SellNoneStock], [SellLimitToUser], [StockQty], [StockQty2], [ShowInMainPage], [ShowInCategoryPage], [ShowOrder], [Code1], [Code2], [Code3], [Code4], [Code5], [Code6], [Code7], [Code8], [Code9], [Code10], [Code11], [Code12], [Code13], [Code14], [Code15], [Provider], [KdvId], [Hit], [IsPenta], [ProviderId], [CreatedDate], [UpdatedDate], [Url], [WizardId], [CampainId], [AddA], [AddP], [Add0], [Add1], [Add2], [Add3], [Add4], [Add5], [ForceCargo], [StartDate], [EndDate], [AuthorId], [PublisherId], [HizliKargo], [AyniGunTeslim], [IndirimliUrun], [FirsatUrunu], [SokFiyatliUrun], [EnUcuzUrun], [OzelUrun], [SinirliSayidaUrun], [YeniUrun], [HediyeliUrun], [UserId], [ProductSizeOptionId], [NebimStokUpdateDate], [StokType], [StokSubType], [StokEndDate], [ProductKey], [CompanyId]) VALUES (366, 0, NULL, NULL, N'S-A585', N'Siemens Gigaset A585', N'', N'', N'<div class="style5" style="margin: 10px 0px 0px; padding: 0px 0px 13px; font-size: 12px; font-family: ''Trebuchet MS'', Arial, Helvetica, sans-serif; color: rgb(97, 97, 97); width: 783px; display: inline-block; background-image: url(http://www.gold.com.tr/imagesgld/uzmangorusu/specs.jpg); background-color: rgb(255, 255, 255); background-position: 50% 100%; background-repeat: no-repeat no-repeat;">
<div class="topicTitle" style="margin: 0px; padding: 0px; width: 783px; float: left;">
<h2 style="margin: 0px; padding: 0px; font-size: 20px; color: rgb(3, 3, 3);">&Uuml;rün &Ouml;zellikleri</h2>
</div>
<div class="content2" style="margin: 10px 0px 0px; padding: 0px; line-height: 18px; color: rgb(115, 115, 115); width: 783px; float: left; display: inline-block; border: none;">- 17 saate kadar konuşma süresi<br />
- 200 saate kadar bekleme süresi<br />
- 50m i&ccedil; mekan 300m dış mekan kapsama alanı<br />
- Radyasyon yaymayan ECO Mode Plus<br />
- 40 kayıta kadar telefon rehberi&nbsp;<br />
- Işıklı s/b ekran<br />
- Arayanı gösterme<br />
- Tarih ve saat bilgisi ile 25 cevapsız &ccedil;ağrı listesi<br />
- Son 10 numarayı tekrar arama<br />
- 4 el cihazı kullanılabilir</div>
</div>
<div class="style5" style="margin: 10px 0px 0px; padding: 0px 0px 13px; font-size: 12px; font-family: ''Trebuchet MS'', Arial, Helvetica, sans-serif; color: rgb(97, 97, 97); width: 783px; display: inline-block; background-image: url(http://www.gold.com.tr/imagesgld/uzmangorusu/specs.jpg); background-color: rgb(255, 255, 255); background-position: 50% 100%; background-repeat: no-repeat no-repeat;">
<div class="topicTitle" style="margin: 0px; padding: 0px; width: 783px; float: left;">
<h2 style="margin: 0px; padding: 0px; font-size: 20px; color: rgb(3, 3, 3);">Kolay,Tak &Ccedil;alıştır</h2>
</div>
<div class="content2" style="margin: 10px 0px 0px; padding: 0px; line-height: 18px; color: rgb(115, 115, 115); width: 783px; float: left; display: inline-block; border: none;">Kablosuz iletişime şimdi ge&ccedil;in- Gigaset AL110 kolay kurulum i&ccedil;in tak &ccedil;alıştır bir telefondur. Bu güvenilir telefon uygun fiyat karşılığında temel görüşme özelliklerini sunuyor. 17 saate kadar görüşme süresi ve 200 saate kadar bekleme süresi ile ne kadar ne zaman isterseniz konuşun. 50 metreye kadar i&ccedil; mekan ve 300 metreye kadar dış mekan iletişim kapasitesiyle Gigaset AL110 ile konuşurken istediğiniz gibi hareket edebilirsiniz. Radyasyon yaymayan ECO Mode Plus sayesinde el cihazı bekleme konumundayken Gigaset AL110 iletim gücünü sıfıra indirir. Temel özellikler ile güvenilir telefon Gigaset AL110 uygun fiyat arayanlar i&ccedil;in en iyi se&ccedil;im.</div>
</div>
<div class="style5" style="margin: 10px 0px 0px; padding: 0px 0px 13px; font-size: 12px; font-family: ''Trebuchet MS'', Arial, Helvetica, sans-serif; color: rgb(97, 97, 97); width: 783px; display: inline-block; background-image: url(http://www.gold.com.tr/imagesgld/uzmangorusu/specs.jpg); background-color: rgb(255, 255, 255); background-position: 50% 100%; background-repeat: no-repeat no-repeat;">
<div class="topicTitle" style="margin: 0px; padding: 0px; width: 783px; float: left;">
<h2 style="margin: 0px; padding: 0px; font-size: 20px; color: rgb(3, 3, 3);">Konuşma &Ouml;zgürlüğü</h2>
</div>
<div class="content2" style="margin: 10px 0px 0px; padding: 0px; line-height: 18px; color: rgb(115, 115, 115); width: 783px; float: left; display: inline-block; border: none;">Gigaset AL110 ile, kablosuz telefonunuzun pil ömrünü hi&ccedil; düşünmeyin. 17 saate kadar konuşma süresi sayesinde görüşmeleriniz istediğiniz kadar sürebilir ve 200 saate kadar bekle süresi ile sürekli şarj etmeden de telefonunuz her an kullanıma hazır. Kablosuz iletişimin keyfini sürün ? Gigaset AL110 50 metreye kadar i&ccedil; mekan ve 300 metreye kadar dış mekan kapsama alanına sahip. &Uuml;stelik AL110 baz istasyonun 4 el cihazı ile beraber kullanabilirsiniz.</div>
</div>
<div class="style5" style="margin: 10px 0px 0px; padding: 0px 0px 13px; font-size: 12px; font-family: ''Trebuchet MS'', Arial, Helvetica, sans-serif; color: rgb(97, 97, 97); width: 783px; display: inline-block; background-image: url(http://www.gold.com.tr/imagesgld/uzmangorusu/specs.jpg); background-color: rgb(255, 255, 255); background-position: 50% 100%; background-repeat: no-repeat no-repeat;">
<div class="topicTitle" style="margin: 0px; padding: 0px; width: 783px; float: left;">
<h2 style="margin: 0px; padding: 0px; font-size: 20px; color: rgb(3, 3, 3);">Kolayca &Ccedil;ağrı</h2>
</div>
<div class="content2" style="margin: 10px 0px 0px; padding: 0px; line-height: 18px; color: rgb(115, 115, 115); width: 783px; float: left; display: inline-block; border: none;">Gigaset AL110 kullanım kolaylığı düşünülerek tasarlanmış ışıklı siyah beyaz bir ekrana sahiptir. Basit 12 nümerik ve 90 fonksiyon tuşları zahmetsiz kullanımı garanti eder. Arayanı gösterme ve 25 kişilik tarih ve zaman kayıtlı cevapsız &ccedil;ağrı listesi ile Gigaset AL110 &ccedil;ok güvenilir bir telefon.</div>
</div>
<div class="style5" style="margin: 10px 0px 0px; padding: 0px 0px 13px; font-size: 12px; font-family: ''Trebuchet MS'', Arial, Helvetica, sans-serif; color: rgb(97, 97, 97); width: 783px; display: inline-block; background-image: url(http://www.gold.com.tr/imagesgld/uzmangorusu/specs.jpg); background-color: rgb(255, 255, 255); background-position: 50% 100%; background-repeat: no-repeat no-repeat;">
<div class="topicTitle" style="margin: 0px; padding: 0px; width: 783px; float: left;">
<h2 style="margin: 0px; padding: 0px; font-size: 20px; color: rgb(3, 3, 3);">Parmaklarınızın Ucunda</h2>
</div>
<div class="content2" style="margin: 10px 0px 0px; padding: 0px; line-height: 18px; color: rgb(115, 115, 115); width: 783px; float: left; display: inline-block; border: none;">Favori kontaklarınız ile ışık hızında görüşün.Gigaset AL110?ın dahili rehberine 40 kişiyi kaydedebilirsiniz. Kullanıcı dostu menü kayıtları kolayca eklemenize, düzenlemenize ve silmenize olanak verir. Ge&ccedil;miş konuşmalarınıza hemen devam edin. Gigaset AL110 ile son 10 numarayı tekrar arayabilirsiniz.</div>
</div>
<div class="style5" style="margin: 10px 0px 0px; padding: 0px 0px 13px; font-size: 12px; font-family: ''Trebuchet MS'', Arial, Helvetica, sans-serif; color: rgb(97, 97, 97); width: 783px; display: inline-block; background-image: url(http://www.gold.com.tr/imagesgld/uzmangorusu/specs.jpg); background-color: rgb(255, 255, 255); background-position: 50% 100%; background-repeat: no-repeat no-repeat;">
<div class="topicTitle" style="margin: 0px; padding: 0px; width: 783px; float: left;">
<h2 style="margin: 0px; padding: 0px; font-size: 20px; color: rgb(3, 3, 3);">ECO Dect</h2>
</div>
<div class="content2" style="margin: 10px 0px 0px; padding: 0px; line-height: 18px; color: rgb(115, 115, 115); width: 783px; float: left; display: inline-block; border: none;">Gigaset AL110?ın enerji tasarruflu şarj cihazı daha az elektrik tüketir, dolayısıyla &ccedil;evreye ve kesenize daha zararsızdır. Diğer tüm Gigaset telefonları gibi Gigaset AL110, ECO Mode etkinleştirildiğinde %804 oranında baz istasyonunun iletim gücünü azaltır. Dahası radyasyonsuz ECO Mode Plus el cihazı baz istasyonundayken iletim gücünü sıfıra indirir.</div>
</div>', N'', NULL, 104, 0, 1, 0, 0, CAST(1000.0000 AS Decimal(18, 4)), 0, 0, 0, 366, N'', N'', N'', N'', N'', N'', N'', N'', N'', N'', N'', N'', N'', N'', N'', N'', 1, 0, 11, 11, CAST(N'2013-10-27 13:44:00' AS SmallDateTime), CAST(N'2013-10-27 13:44:00' AS SmallDateTime), N'/urun/siemens-gigaset-a585_366/', 0, 0, NULL, NULL, NULL, NULL, NULL, NULL, NULL, NULL, 0, NULL, NULL, 0, 0, 1, 1, 0, 0, 0, 0, 0, 0, 0, 0, 0, 0, CAST(N'2013-10-27 13:44:05.370' AS DateTime), 0, 0, NULL, NULL, NULL)
  
INSERT [dbo].[Products] ([ProductId], [PortalId], [CategoryId], [Parent], [ProductCode], [ProductName], [Description], [SearchKeywords], [Details], [ProviderStockCode], [ProviderName], [MarkId], [IsDeleted], [IsActive], [SellNoneStock], [SellLimitToUser], [StockQty], [StockQty2], [ShowInMainPage], [ShowInCategoryPage], [ShowOrder], [Code1], [Code2], [Code3], [Code4], [Code5], [Code6], [Code7], [Code8], [Code9], [Code10], [Code11], [Code12], [Code13], [Code14], [Code15], [Provider], [KdvId], [Hit], [IsPenta], [ProviderId], [CreatedDate], [UpdatedDate], [Url], [WizardId], [CampainId], [AddA], [AddP], [Add0], [Add1], [Add2], [Add3], [Add4], [Add5], [ForceCargo], [StartDate], [EndDate], [AuthorId], [PublisherId], [HizliKargo], [AyniGunTeslim], [IndirimliUrun], [FirsatUrunu], [SokFiyatliUrun], [EnUcuzUrun], [OzelUrun], [SinirliSayidaUrun], [YeniUrun], [HediyeliUrun], [UserId], [ProductSizeOptionId], [NebimStokUpdateDate], [StokType], [StokSubType], [StokEndDate], [ProductKey], [CompanyId]) VALUES (367, 0, NULL, NULL, N'PROTICARET50', N'Çiçek Modülü', N'', N'', N'<table cellpadding="4" cellspacing="0" border="0" class="UrunOzellikleriTablosu">
    <tbody>
        <tr class="row">
            <td></td>
            <td></td>
        </tr>
        <tr>
            <td></td>
            <td></td>
        </tr>
    </tbody>
</table>', N'', NULL, 0, 0, 1, 1, 0, CAST(1000.0000 AS Decimal(18, 4)), 0, 0, 0, 100, N'', N'', N'', N'', N'', N'', N'', N'', N'', N'', N'', N'', N'', N'', N'', N'', 1, 0, 0, 0, CAST(N'2013-10-28 09:03:00' AS SmallDateTime), NULL, N'/urun/cicek-modulu_367/', 0, 0, NULL, NULL, NULL, NULL, NULL, NULL, NULL, NULL, 0, NULL, NULL, 0, 0, 0, 0, 0, 0, 0, 0, 0, 0, 1, 0, 0, 0, CAST(N'2013-10-28 09:02:31.203' AS DateTime), 0, 0, NULL, NULL, NULL)
  
INSERT [dbo].[Products] ([ProductId], [PortalId], [CategoryId], [Parent], [ProductCode], [ProductName], [Description], [SearchKeywords], [Details], [ProviderStockCode], [ProviderName], [MarkId], [IsDeleted], [IsActive], [SellNoneStock], [SellLimitToUser], [StockQty], [StockQty2], [ShowInMainPage], [ShowInCategoryPage], [ShowOrder], [Code1], [Code2], [Code3], [Code4], [Code5], [Code6], [Code7], [Code8], [Code9], [Code10], [Code11], [Code12], [Code13], [Code14], [Code15], [Provider], [KdvId], [Hit], [IsPenta], [ProviderId], [CreatedDate], [UpdatedDate], [Url], [WizardId], [CampainId], [AddA], [AddP], [Add0], [Add1], [Add2], [Add3], [Add4], [Add5], [ForceCargo], [StartDate], [EndDate], [AuthorId], [PublisherId], [HizliKargo], [AyniGunTeslim], [IndirimliUrun], [FirsatUrunu], [SokFiyatliUrun], [EnUcuzUrun], [OzelUrun], [SinirliSayidaUrun], [YeniUrun], [HediyeliUrun], [UserId], [ProductSizeOptionId], [NebimStokUpdateDate], [StokType], [StokSubType], [StokEndDate], [ProductKey], [CompanyId]) VALUES (368, 0, NULL, NULL, N'PROTICARET40', N'Yemek Modülü', N'', N'', N'<table cellpadding="4" cellspacing="0" border="0" class="UrunOzellikleriTablosu">
    <tbody>
        <tr class="row">
            <td></td>
            <td></td>
        </tr>
        <tr>
            <td></td>
            <td></td>
        </tr>
    </tbody>
</table>', N'', NULL, 0, 0, 1, 0, 0, CAST(1000.0000 AS Decimal(18, 4)), 0, 0, 0, 100, N'', N'', N'', N'', N'', N'', N'', N'', N'', N'', N'', N'', N'', N'', N'', N'', 1, 0, 0, 0, CAST(N'2013-10-28 14:41:00' AS SmallDateTime), NULL, N'/urun/yemek-modulu_368/', 0, 0, NULL, NULL, NULL, NULL, NULL, NULL, NULL, NULL, 0, NULL, NULL, 0, 0, 0, 0, 0, 0, 0, 0, 0, 0, 1, 0, 0, 0, CAST(N'2013-10-28 14:41:21.397' AS DateTime), 0, 0, NULL, NULL, NULL)
  
INSERT [dbo].[Products] ([ProductId], [PortalId], [CategoryId], [Parent], [ProductCode], [ProductName], [Description], [SearchKeywords], [Details], [ProviderStockCode], [ProviderName], [MarkId], [IsDeleted], [IsActive], [SellNoneStock], [SellLimitToUser], [StockQty], [StockQty2], [ShowInMainPage], [ShowInCategoryPage], [ShowOrder], [Code1], [Code2], [Code3], [Code4], [Code5], [Code6], [Code7], [Code8], [Code9], [Code10], [Code11], [Code12], [Code13], [Code14], [Code15], [Provider], [KdvId], [Hit], [IsPenta], [ProviderId], [CreatedDate], [UpdatedDate], [Url], [WizardId], [CampainId], [AddA], [AddP], [Add0], [Add1], [Add2], [Add3], [Add4], [Add5], [ForceCargo], [StartDate], [EndDate], [AuthorId], [PublisherId], [HizliKargo], [AyniGunTeslim], [IndirimliUrun], [FirsatUrunu], [SokFiyatliUrun], [EnUcuzUrun], [OzelUrun], [SinirliSayidaUrun], [YeniUrun], [HediyeliUrun], [UserId], [ProductSizeOptionId], [NebimStokUpdateDate], [StokType], [StokSubType], [StokEndDate], [ProductKey], [CompanyId]) VALUES (378, 0, NULL, NULL, N'pro-25', N'Poster Modülü', N'', N'', N'<table cellpadding="4" cellspacing="0" border="0" class="UrunOzellikleriTablosu">
    <tbody>
        <tr class="row">
            <td></td>
            <td></td>
        </tr>
        <tr>
            <td></td>
            <td></td>
        </tr>
    </tbody>
</table>', N'', NULL, 0, 0, 1, 1, 0, CAST(1000.0000 AS Decimal(18, 4)), 0, 0, 0, 100, N'', N'', N'', N'', N'', N'', N'', N'', N'', N'', N'', N'', N'', N'', N'', N'', 1, 0, 0, 0, CAST(N'2013-10-30 16:53:00' AS SmallDateTime), NULL, N'/urun/poster-modulu_378/', 0, 0, NULL, NULL, NULL, NULL, NULL, NULL, NULL, NULL, 0, NULL, NULL, 0, 0, 0, 0, 0, 0, 0, 0, 0, 0, 1, 0, 0, 0, CAST(N'2013-10-30 16:53:05.810' AS DateTime), 0, 0, NULL, NULL, NULL)
  
INSERT [dbo].[Products] ([ProductId], [PortalId], [CategoryId], [Parent], [ProductCode], [ProductName], [Description], [SearchKeywords], [Details], [ProviderStockCode], [ProviderName], [MarkId], [IsDeleted], [IsActive], [SellNoneStock], [SellLimitToUser], [StockQty], [StockQty2], [ShowInMainPage], [ShowInCategoryPage], [ShowOrder], [Code1], [Code2], [Code3], [Code4], [Code5], [Code6], [Code7], [Code8], [Code9], [Code10], [Code11], [Code12], [Code13], [Code14], [Code15], [Provider], [KdvId], [Hit], [IsPenta], [ProviderId], [CreatedDate], [UpdatedDate], [Url], [WizardId], [CampainId], [AddA], [AddP], [Add0], [Add1], [Add2], [Add3], [Add4], [Add5], [ForceCargo], [StartDate], [EndDate], [AuthorId], [PublisherId], [HizliKargo], [AyniGunTeslim], [IndirimliUrun], [FirsatUrunu], [SokFiyatliUrun], [EnUcuzUrun], [OzelUrun], [SinirliSayidaUrun], [YeniUrun], [HediyeliUrun], [UserId], [ProductSizeOptionId], [NebimStokUpdateDate], [StokType], [StokSubType], [StokEndDate], [ProductKey], [CompanyId]) VALUES (379, 0, NULL, NULL, N'pro-26', N'Perde Modulu', N'', N'', N'<table cellpadding="4" cellspacing="0" border="0" class="UrunOzellikleriTablosu">
    <tbody>
        <tr class="row">
            <td></td>
            <td></td>
        </tr>
        <tr>
            <td></td>
            <td></td>
        </tr>
    </tbody>
</table>', N'', NULL, 0, 0, 1, 1, 0, CAST(1000.0000 AS Decimal(18, 4)), 0, 0, 0, 100, N'', N'', N'', N'', N'', N'', N'', N'', N'', N'', N'', N'', N'', N'', N'', N'', 1, 0, 0, 0, CAST(N'2013-10-30 16:56:00' AS SmallDateTime), NULL, N'/urun/perde-modulu_379/', 0, 0, NULL, NULL, NULL, NULL, NULL, NULL, NULL, NULL, 0, NULL, NULL, 0, 0, 0, 0, 0, 0, 0, 0, 0, 0, 1, 0, 0, 0, CAST(N'2013-10-30 16:55:38.337' AS DateTime), 3, 4, NULL, NULL, NULL)
  
INSERT [dbo].[Products] ([ProductId], [PortalId], [CategoryId], [Parent], [ProductCode], [ProductName], [Description], [SearchKeywords], [Details], [ProviderStockCode], [ProviderName], [MarkId], [IsDeleted], [IsActive], [SellNoneStock], [SellLimitToUser], [StockQty], [StockQty2], [ShowInMainPage], [ShowInCategoryPage], [ShowOrder], [Code1], [Code2], [Code3], [Code4], [Code5], [Code6], [Code7], [Code8], [Code9], [Code10], [Code11], [Code12], [Code13], [Code14], [Code15], [Provider], [KdvId], [Hit], [IsPenta], [ProviderId], [CreatedDate], [UpdatedDate], [Url], [WizardId], [CampainId], [AddA], [AddP], [Add0], [Add1], [Add2], [Add3], [Add4], [Add5], [ForceCargo], [StartDate], [EndDate], [AuthorId], [PublisherId], [HizliKargo], [AyniGunTeslim], [IndirimliUrun], [FirsatUrunu], [SokFiyatliUrun], [EnUcuzUrun], [OzelUrun], [SinirliSayidaUrun], [YeniUrun], [HediyeliUrun], [UserId], [ProductSizeOptionId], [NebimStokUpdateDate], [StokType], [StokSubType], [StokEndDate], [ProductKey], [CompanyId]) VALUES (380, 0, NULL, NULL, N'pro-27', N'Tesan Ödeme Sistemi', N'', N'', N'<table cellpadding="4" cellspacing="0" border="0" class="UrunOzellikleriTablosu">
    <tbody>
        <tr class="row">
            <td></td>
            <td></td>
        </tr>
        <tr>
            <td></td>
            <td></td>
        </tr>
    </tbody>
</table>', N'', NULL, 0, 0, 1, 1, 0, CAST(1000.0000 AS Decimal(18, 4)), 0, 0, 0, 100, N'', N'', N'', N'', N'', N'', N'', N'', N'', N'', N'', N'', N'', N'', N'', N'', 1, 0, 0, 0, CAST(N'2013-10-30 16:57:00' AS SmallDateTime), NULL, N'/urun/tesan-odeme-sistemi_380/', 0, 0, NULL, NULL, NULL, NULL, NULL, NULL, NULL, NULL, 0, NULL, NULL, 0, 0, 0, 0, 0, 0, 0, 0, 0, 0, 0, 0, 0, 0, CAST(N'2013-10-30 16:56:42.763' AS DateTime), 0, 0, NULL, NULL, NULL)
  
INSERT [dbo].[Products] ([ProductId], [PortalId], [CategoryId], [Parent], [ProductCode], [ProductName], [Description], [SearchKeywords], [Details], [ProviderStockCode], [ProviderName], [MarkId], [IsDeleted], [IsActive], [SellNoneStock], [SellLimitToUser], [StockQty], [StockQty2], [ShowInMainPage], [ShowInCategoryPage], [ShowOrder], [Code1], [Code2], [Code3], [Code4], [Code5], [Code6], [Code7], [Code8], [Code9], [Code10], [Code11], [Code12], [Code13], [Code14], [Code15], [Provider], [KdvId], [Hit], [IsPenta], [ProviderId], [CreatedDate], [UpdatedDate], [Url], [WizardId], [CampainId], [AddA], [AddP], [Add0], [Add1], [Add2], [Add3], [Add4], [Add5], [ForceCargo], [StartDate], [EndDate], [AuthorId], [PublisherId], [HizliKargo], [AyniGunTeslim], [IndirimliUrun], [FirsatUrunu], [SokFiyatliUrun], [EnUcuzUrun], [OzelUrun], [SinirliSayidaUrun], [YeniUrun], [HediyeliUrun], [UserId], [ProductSizeOptionId], [NebimStokUpdateDate], [StokType], [StokSubType], [StokEndDate], [ProductKey], [CompanyId]) VALUES (381, 0, NULL, NULL, N'pro-28', N'Multi Admin Modülü (2 Site)', N'', N'', N'<table cellpadding="4" cellspacing="0" border="0" class="UrunOzellikleriTablosu">
    <tbody>
        <tr class="row">
            <td></td>
            <td></td>
        </tr>
        <tr>
            <td></td>
            <td></td>
        </tr>
    </tbody>
</table>', N'', NULL, 0, 0, 1, 1, 0, CAST(1000.0000 AS Decimal(18, 4)), 0, 0, 0, 100, N'', N'', N'', N'', N'', N'', N'', N'', N'', N'', N'', N'', N'', N'', N'', N'', 1, 0, 0, 0, CAST(N'2013-10-30 16:59:00' AS SmallDateTime), NULL, N'/urun/multi-admin-modulu--2-site-_381/', 0, 0, NULL, NULL, NULL, NULL, NULL, NULL, NULL, NULL, 0, NULL, NULL, 0, 0, 0, 0, 0, 0, 0, 0, 0, 0, 1, 0, 0, 0, CAST(N'2013-10-30 16:58:53.833' AS DateTime), 0, 0, NULL, NULL, NULL)
  
INSERT [dbo].[Products] ([ProductId], [PortalId], [CategoryId], [Parent], [ProductCode], [ProductName], [Description], [SearchKeywords], [Details], [ProviderStockCode], [ProviderName], [MarkId], [IsDeleted], [IsActive], [SellNoneStock], [SellLimitToUser], [StockQty], [StockQty2], [ShowInMainPage], [ShowInCategoryPage], [ShowOrder], [Code1], [Code2], [Code3], [Code4], [Code5], [Code6], [Code7], [Code8], [Code9], [Code10], [Code11], [Code12], [Code13], [Code14], [Code15], [Provider], [KdvId], [Hit], [IsPenta], [ProviderId], [CreatedDate], [UpdatedDate], [Url], [WizardId], [CampainId], [AddA], [AddP], [Add0], [Add1], [Add2], [Add3], [Add4], [Add5], [ForceCargo], [StartDate], [EndDate], [AuthorId], [PublisherId], [HizliKargo], [AyniGunTeslim], [IndirimliUrun], [FirsatUrunu], [SokFiyatliUrun], [EnUcuzUrun], [OzelUrun], [SinirliSayidaUrun], [YeniUrun], [HediyeliUrun], [UserId], [ProductSizeOptionId], [NebimStokUpdateDate], [StokType], [StokSubType], [StokEndDate], [ProductKey], [CompanyId]) VALUES (382, 0, NULL, NULL, N'Pro-29', N'Multi Admin Modülü (5 Site )', N'', N'', N'<table cellpadding="4" cellspacing="0" border="0" class="UrunOzellikleriTablosu">
    <tbody>
        <tr class="row">
            <td></td>
            <td></td>
        </tr>
        <tr>
            <td></td>
            <td></td>
        </tr>
    </tbody>
</table>', N'', NULL, 0, 0, 1, 1, 0, CAST(1000.0000 AS Decimal(18, 4)), 0, 0, 0, 100, N'', N'', N'', N'', N'', N'', N'', N'', N'', N'', N'', N'', N'', N'', N'', N'', 1, 0, 0, 0, CAST(N'2013-10-30 17:01:00' AS SmallDateTime), NULL, N'/urun/multi-admin-modulu--5-site--_382/', 0, 0, NULL, NULL, NULL, NULL, NULL, NULL, NULL, NULL, 0, NULL, NULL, 0, 0, 0, 0, 0, 0, 0, 0, 0, 0, 1, 0, 0, 0, CAST(N'2013-10-30 17:00:32.450' AS DateTime), 0, 0, NULL, NULL, NULL)
  
INSERT [dbo].[Products] ([ProductId], [PortalId], [CategoryId], [Parent], [ProductCode], [ProductName], [Description], [SearchKeywords], [Details], [ProviderStockCode], [ProviderName], [MarkId], [IsDeleted], [IsActive], [SellNoneStock], [SellLimitToUser], [StockQty], [StockQty2], [ShowInMainPage], [ShowInCategoryPage], [ShowOrder], [Code1], [Code2], [Code3], [Code4], [Code5], [Code6], [Code7], [Code8], [Code9], [Code10], [Code11], [Code12], [Code13], [Code14], [Code15], [Provider], [KdvId], [Hit], [IsPenta], [ProviderId], [CreatedDate], [UpdatedDate], [Url], [WizardId], [CampainId], [AddA], [AddP], [Add0], [Add1], [Add2], [Add3], [Add4], [Add5], [ForceCargo], [StartDate], [EndDate], [AuthorId], [PublisherId], [HizliKargo], [AyniGunTeslim], [IndirimliUrun], [FirsatUrunu], [SokFiyatliUrun], [EnUcuzUrun], [OzelUrun], [SinirliSayidaUrun], [YeniUrun], [HediyeliUrun], [UserId], [ProductSizeOptionId], [NebimStokUpdateDate], [StokType], [StokSubType], [StokEndDate], [ProductKey], [CompanyId]) VALUES (383, 0, NULL, NULL, N'pro-30', N'Multi Admin Modülü (10 Site)', N'', N'', N'<table cellpadding="4" cellspacing="0" border="0" class="UrunOzellikleriTablosu">
    <tbody>
        <tr class="row">
            <td></td>
            <td></td>
        </tr>
        <tr>
            <td></td>
            <td></td>
        </tr>
    </tbody>
</table>', N'', NULL, 0, 0, 1, 1, 0, CAST(1000.0000 AS Decimal(18, 4)), 0, 0, 0, 100, N'', N'', N'', N'', N'', N'', N'', N'', N'', N'', N'', N'', N'', N'', N'', N'', 1, 0, 0, 0, CAST(N'2013-10-30 17:02:00' AS SmallDateTime), NULL, N'/urun/multi-admin-modulu--10-site-_383/', 0, 0, NULL, NULL, NULL, NULL, NULL, NULL, NULL, NULL, 0, NULL, NULL, 0, 0, 0, 0, 0, 0, 0, 0, 0, 0, 1, 0, 0, 0, CAST(N'2013-10-30 17:02:17.010' AS DateTime), 0, 0, NULL, NULL, NULL)
  
INSERT [dbo].[Products] ([ProductId], [PortalId], [CategoryId], [Parent], [ProductCode], [ProductName], [Description], [SearchKeywords], [Details], [ProviderStockCode], [ProviderName], [MarkId], [IsDeleted], [IsActive], [SellNoneStock], [SellLimitToUser], [StockQty], [StockQty2], [ShowInMainPage], [ShowInCategoryPage], [ShowOrder], [Code1], [Code2], [Code3], [Code4], [Code5], [Code6], [Code7], [Code8], [Code9], [Code10], [Code11], [Code12], [Code13], [Code14], [Code15], [Provider], [KdvId], [Hit], [IsPenta], [ProviderId], [CreatedDate], [UpdatedDate], [Url], [WizardId], [CampainId], [AddA], [AddP], [Add0], [Add1], [Add2], [Add3], [Add4], [Add5], [ForceCargo], [StartDate], [EndDate], [AuthorId], [PublisherId], [HizliKargo], [AyniGunTeslim], [IndirimliUrun], [FirsatUrunu], [SokFiyatliUrun], [EnUcuzUrun], [OzelUrun], [SinirliSayidaUrun], [YeniUrun], [HediyeliUrun], [UserId], [ProductSizeOptionId], [NebimStokUpdateDate], [StokType], [StokSubType], [StokEndDate], [ProductKey], [CompanyId]) VALUES (384, 0, NULL, NULL, N'pro-31', N'Multi Admin Modülü (15 Site)', N'', N'', N'<table cellpadding="4" cellspacing="0" border="0" class="UrunOzellikleriTablosu">
    <tbody>
        <tr class="row">
            <td></td>
            <td></td>
        </tr>
        <tr>
            <td></td>
            <td></td>
        </tr>
    </tbody>
</table>', N'', NULL, 0, 0, 1, 1, 0, CAST(1000.0000 AS Decimal(18, 4)), 0, 0, 0, 100, N'', N'', N'', N'', N'', N'', N'', N'', N'', N'', N'', N'', N'', N'', N'', N'', 1, 0, 0, 0, CAST(N'2013-10-30 17:04:00' AS SmallDateTime), NULL, N'/urun/multi-admin-modulu--15-site-_384/', 0, 0, NULL, NULL, NULL, NULL, NULL, NULL, NULL, NULL, 0, NULL, NULL, 0, 0, 0, 0, 0, 0, 0, 0, 0, 0, 1, 0, 0, 0, CAST(N'2013-10-30 17:04:08.580' AS DateTime), 0, 0, NULL, NULL, NULL)
  
INSERT [dbo].[Products] ([ProductId], [PortalId], [CategoryId], [Parent], [ProductCode], [ProductName], [Description], [SearchKeywords], [Details], [ProviderStockCode], [ProviderName], [MarkId], [IsDeleted], [IsActive], [SellNoneStock], [SellLimitToUser], [StockQty], [StockQty2], [ShowInMainPage], [ShowInCategoryPage], [ShowOrder], [Code1], [Code2], [Code3], [Code4], [Code5], [Code6], [Code7], [Code8], [Code9], [Code10], [Code11], [Code12], [Code13], [Code14], [Code15], [Provider], [KdvId], [Hit], [IsPenta], [ProviderId], [CreatedDate], [UpdatedDate], [Url], [WizardId], [CampainId], [AddA], [AddP], [Add0], [Add1], [Add2], [Add3], [Add4], [Add5], [ForceCargo], [StartDate], [EndDate], [AuthorId], [PublisherId], [HizliKargo], [AyniGunTeslim], [IndirimliUrun], [FirsatUrunu], [SokFiyatliUrun], [EnUcuzUrun], [OzelUrun], [SinirliSayidaUrun], [YeniUrun], [HediyeliUrun], [UserId], [ProductSizeOptionId], [NebimStokUpdateDate], [StokType], [StokSubType], [StokEndDate], [ProductKey], [CompanyId]) VALUES (385, 0, NULL, NULL, N'pro-32', N'Network Marketing Modülü (500 Üye)', N'', N'', N'<table cellpadding="4" cellspacing="0" border="0" class="UrunOzellikleriTablosu">
    <tbody>
        <tr class="row">
            <td></td>
            <td></td>
        </tr>
        <tr>
            <td></td>
            <td></td>
        </tr>
    </tbody>
</table>', N'', NULL, 0, 0, 1, 1, 0, CAST(1000.0000 AS Decimal(18, 4)), 0, 0, 0, 100, N'', N'', N'', N'', N'', N'', N'', N'', N'', N'', N'', N'', N'', N'', N'', N'', 1, 0, 0, 0, CAST(N'2013-10-30 17:06:00' AS SmallDateTime), NULL, N'/urun/network-marketing-modulu--500-uye-_385/', 0, 0, NULL, NULL, NULL, NULL, NULL, NULL, NULL, NULL, 0, NULL, NULL, 0, 0, 0, 0, 0, 0, 0, 0, 0, 0, 1, 0, 0, 0, CAST(N'2013-10-30 17:05:52.680' AS DateTime), 0, 0, NULL, NULL, NULL)
  
INSERT [dbo].[Products] ([ProductId], [PortalId], [CategoryId], [Parent], [ProductCode], [ProductName], [Description], [SearchKeywords], [Details], [ProviderStockCode], [ProviderName], [MarkId], [IsDeleted], [IsActive], [SellNoneStock], [SellLimitToUser], [StockQty], [StockQty2], [ShowInMainPage], [ShowInCategoryPage], [ShowOrder], [Code1], [Code2], [Code3], [Code4], [Code5], [Code6], [Code7], [Code8], [Code9], [Code10], [Code11], [Code12], [Code13], [Code14], [Code15], [Provider], [KdvId], [Hit], [IsPenta], [ProviderId], [CreatedDate], [UpdatedDate], [Url], [WizardId], [CampainId], [AddA], [AddP], [Add0], [Add1], [Add2], [Add3], [Add4], [Add5], [ForceCargo], [StartDate], [EndDate], [AuthorId], [PublisherId], [HizliKargo], [AyniGunTeslim], [IndirimliUrun], [FirsatUrunu], [SokFiyatliUrun], [EnUcuzUrun], [OzelUrun], [SinirliSayidaUrun], [YeniUrun], [HediyeliUrun], [UserId], [ProductSizeOptionId], [NebimStokUpdateDate], [StokType], [StokSubType], [StokEndDate], [ProductKey], [CompanyId]) VALUES (386, 0, NULL, NULL, N'pro-35', N'Network Marketing Modülü (1.000 Üye)', N'', N'', N'<table cellpadding="4" cellspacing="0" border="0" class="UrunOzellikleriTablosu">
    <tbody>
        <tr class="row">
            <td></td>
            <td></td>
        </tr>
        <tr>
            <td></td>
            <td></td>
        </tr>
    </tbody>
</table>', N'', NULL, 0, 0, 1, 1, 0, CAST(1000.0000 AS Decimal(18, 4)), 0, 0, 0, 100, N'', N'', N'', N'', N'', N'', N'', N'', N'', N'', N'', N'', N'', N'', N'', N'', 1, 0, 0, 0, CAST(N'2013-10-30 17:07:00' AS SmallDateTime), NULL, N'/urun/network-marketing-modulu--1000-uye-_386/', 0, 0, NULL, NULL, NULL, NULL, NULL, NULL, NULL, NULL, 0, NULL, NULL, 0, 0, 0, 0, 0, 0, 0, 0, 0, 0, 1, 0, 0, 0, CAST(N'2013-10-30 17:06:41.113' AS DateTime), 0, 0, NULL, NULL, NULL)
  
INSERT [dbo].[Products] ([ProductId], [PortalId], [CategoryId], [Parent], [ProductCode], [ProductName], [Description], [SearchKeywords], [Details], [ProviderStockCode], [ProviderName], [MarkId], [IsDeleted], [IsActive], [SellNoneStock], [SellLimitToUser], [StockQty], [StockQty2], [ShowInMainPage], [ShowInCategoryPage], [ShowOrder], [Code1], [Code2], [Code3], [Code4], [Code5], [Code6], [Code7], [Code8], [Code9], [Code10], [Code11], [Code12], [Code13], [Code14], [Code15], [Provider], [KdvId], [Hit], [IsPenta], [ProviderId], [CreatedDate], [UpdatedDate], [Url], [WizardId], [CampainId], [AddA], [AddP], [Add0], [Add1], [Add2], [Add3], [Add4], [Add5], [ForceCargo], [StartDate], [EndDate], [AuthorId], [PublisherId], [HizliKargo], [AyniGunTeslim], [IndirimliUrun], [FirsatUrunu], [SokFiyatliUrun], [EnUcuzUrun], [OzelUrun], [SinirliSayidaUrun], [YeniUrun], [HediyeliUrun], [UserId], [ProductSizeOptionId], [NebimStokUpdateDate], [StokType], [StokSubType], [StokEndDate], [ProductKey], [CompanyId]) VALUES (387, 0, NULL, NULL, N'pro-36', N'Network Marketing Modülü (5.000 Üye)', N'', N'', N'<table cellpadding="4" cellspacing="0" border="0" class="UrunOzellikleriTablosu">
    <tbody>
        <tr class="row">
            <td></td>
            <td></td>
        </tr>
        <tr>
            <td></td>
            <td></td>
        </tr>
    </tbody>
</table>', N'', NULL, 0, 0, 1, 1, 0, CAST(1000.0000 AS Decimal(18, 4)), 0, 0, 0, 100, N'', N'', N'', N'', N'', N'', N'', N'', N'', N'', N'', N'', N'', N'', N'', N'', 1, 0, 0, 0, CAST(N'2013-10-30 17:07:00' AS SmallDateTime), NULL, N'/urun/network-marketing-modulu--5000-uye-_387/', 0, 0, NULL, NULL, NULL, NULL, NULL, NULL, NULL, NULL, 0, NULL, NULL, 0, 0, 0, 0, 0, 0, 0, 0, 0, 0, 1, 0, 0, 0, CAST(N'2013-10-30 17:07:26.190' AS DateTime), 0, 0, NULL, NULL, NULL)
  
 

 
SET IDENTITY_INSERT [dbo].[Products] OFF



 INSERT [dbo].[ProductDescription] ([ProductId],[LanguageId],[LanguageCode], [ProductName], [Description], [Details], [SearchKeywords], [Url]) 

 SELECT [ProductId], 1, 'tr' , [ProductName], [Description], [Details], [SearchKeywords], [Url] FROM Products


 
SET IDENTITY_INSERT [dbo].[Categories] ON 

   
INSERT [dbo].[Categories] ([CatId], [CategoryCode], [PortalId], [CatName], [Parent], [CatImg], [IsActive], [Lineage], [Depth], [Description], [ShowOrder], [CodeA], [CodeP], [Code0], [Code1], [Code2], [Code3], [Code4], [Code5], [ShowMenu1], [ShowMenu2], [IsVisible], [Title], [Desc], [Keywords], [Url], [xml], [xsl], [Lineage2], [Template], [SearchKeywords], [StartDate], [EndDate], [Description2], [ComissionRate], [ChildCount]) VALUES (129, N'6593c6f4-055c-40e9-9f65-afea1286a9da', 0, N'Altın & Takı & Mücevher', 0, N'', 1, N'/129/', 0, N'&amp;nbsp;', 2, NULL, NULL, NULL, NULL, NULL, NULL, NULL, NULL, 0, 0, 1, N'', N'', N'', N'/kategori/altin---taki---mucevher/', N'', N'', N'|Altın & Takı & Mücevher|', NULL, N'', NULL, NULL, N'&amp;nbsp;', NULL, 6)
  
INSERT [dbo].[Categories] ([CatId], [CategoryCode], [PortalId], [CatName], [Parent], [CatImg], [IsActive], [Lineage], [Depth], [Description], [ShowOrder], [CodeA], [CodeP], [Code0], [Code1], [Code2], [Code3], [Code4], [Code5], [ShowMenu1], [ShowMenu2], [IsVisible], [Title], [Desc], [Keywords], [Url], [xml], [xsl], [Lineage2], [Template], [SearchKeywords], [StartDate], [EndDate], [Description2], [ComissionRate], [ChildCount]) VALUES (130, N'cb73b12c-a098-450f-a63a-3022ed11e1de', 0, N'22 Ayar Bilezik', 129, N'/uploads/categoriesimages/22ayarbilezik.png', 1, N'/129/130/', 1, N'&amp;nbsp;', 1, 0, NULL, NULL, NULL, NULL, NULL, NULL, NULL, 1, 0, 1, N'', N'', N'', N'/kategori/altin---taki---mucevher/22-ayar-bilezik/', N'', N'', N'|Altın & Takı & Mücevher|22 Ayar Bilezik|', NULL, N'', NULL, NULL, N'&amp;nbsp;', CAST(0.00 AS Decimal(18, 2)), 0)
  
INSERT [dbo].[Categories] ([CatId], [CategoryCode], [PortalId], [CatName], [Parent], [CatImg], [IsActive], [Lineage], [Depth], [Description], [ShowOrder], [CodeA], [CodeP], [Code0], [Code1], [Code2], [Code3], [Code4], [Code5], [ShowMenu1], [ShowMenu2], [IsVisible], [Title], [Desc], [Keywords], [Url], [xml], [xsl], [Lineage2], [Template], [SearchKeywords], [StartDate], [EndDate], [Description2], [ComissionRate], [ChildCount]) VALUES (131, N'7e7d5c08-371b-4f85-8a11-083ce5ca6985', 0, N'Erkek Takıları', 129, N'/uploads/categoriesimages/erkektaki.jpg', 1, N'/129/131/', 1, N'&amp;nbsp;', 1, 0, NULL, NULL, NULL, NULL, NULL, NULL, NULL, 1, 0, 1, N'', N'', N'', N'/kategori/altin---taki---mucevher/erkek-takilari/', N'', N'', N'|Altın & Takı & Mücevher|Erkek Takıları|', NULL, N'', NULL, NULL, N'&amp;nbsp;', CAST(0.00 AS Decimal(18, 2)), 0)
  
INSERT [dbo].[Categories] ([CatId], [CategoryCode], [PortalId], [CatName], [Parent], [CatImg], [IsActive], [Lineage], [Depth], [Description], [ShowOrder], [CodeA], [CodeP], [Code0], [Code1], [Code2], [Code3], [Code4], [Code5], [ShowMenu1], [ShowMenu2], [IsVisible], [Title], [Desc], [Keywords], [Url], [xml], [xsl], [Lineage2], [Template], [SearchKeywords], [StartDate], [EndDate], [Description2], [ComissionRate], [ChildCount]) VALUES (132, N'f54594cc-66e2-4c54-ae9c-1aefaa4501d5', 0, N'Gümüş & Çelik Takılar', 129, N'/uploads/categoriesimages/gumus-celik-takilar.png', 1, N'/129/132/', 1, N'&amp;nbsp;', 1, 0, NULL, NULL, NULL, NULL, NULL, NULL, NULL, 1, 0, 1, N'', N'', N'', N'/kategori/altin---taki---mucevher/gumus---celik-takilar/', N'', N'', N'|Altın & Takı & Mücevher|Gümüş & Çelik Takılar|', NULL, N'', NULL, NULL, N'&amp;nbsp;', CAST(0.00 AS Decimal(18, 2)), 0)
  
INSERT [dbo].[Categories] ([CatId], [CategoryCode], [PortalId], [CatName], [Parent], [CatImg], [IsActive], [Lineage], [Depth], [Description], [ShowOrder], [CodeA], [CodeP], [Code0], [Code1], [Code2], [Code3], [Code4], [Code5], [ShowMenu1], [ShowMenu2], [IsVisible], [Title], [Desc], [Keywords], [Url], [xml], [xsl], [Lineage2], [Template], [SearchKeywords], [StartDate], [EndDate], [Description2], [ComissionRate], [ChildCount]) VALUES (133, N'ecfa970d-eca7-4dcd-9074-f276d0955b12', 0, N'İnci Takımlar', 129, N'/uploads/categoriesimages/inci-takilar.png', 1, N'/129/133/', 1, N'&amp;nbsp;', 1, 0, NULL, NULL, NULL, NULL, NULL, NULL, NULL, 1, 0, 1, N'', N'', N'', N'/kategori/altin---taki---mucevher/inci-takimlar/', N'', N'', N'|Altın & Takı & Mücevher|İnci Takımlar|', NULL, N'', NULL, NULL, N'&amp;nbsp;', CAST(0.00 AS Decimal(18, 2)), 0)
  
INSERT [dbo].[Categories] ([CatId], [CategoryCode], [PortalId], [CatName], [Parent], [CatImg], [IsActive], [Lineage], [Depth], [Description], [ShowOrder], [CodeA], [CodeP], [Code0], [Code1], [Code2], [Code3], [Code4], [Code5], [ShowMenu1], [ShowMenu2], [IsVisible], [Title], [Desc], [Keywords], [Url], [xml], [xsl], [Lineage2], [Template], [SearchKeywords], [StartDate], [EndDate], [Description2], [ComissionRate], [ChildCount]) VALUES (134, N'c1cb2202-7899-46ed-9152-a0f7d2c740b4', 0, N'Pırlanta Tektaş Yüzük', 129, N'/uploads/categoriesimages/pirlanta-tektas.jpg', 1, N'/129/134/', 1, N'&amp;nbsp;', 1, 0, NULL, NULL, NULL, NULL, NULL, NULL, NULL, 1, 0, 1, N'', N'', N'', N'/kategori/altin---taki---mucevher/pirlanta-tektas-yuzuk/', N'', N'', N'|Altın & Takı & Mücevher|Pırlanta Tektaş Yüzük|', NULL, N'', NULL, NULL, N'&amp;nbsp;', CAST(0.00 AS Decimal(18, 2)), 0)
  
INSERT [dbo].[Categories] ([CatId], [CategoryCode], [PortalId], [CatName], [Parent], [CatImg], [IsActive], [Lineage], [Depth], [Description], [ShowOrder], [CodeA], [CodeP], [Code0], [Code1], [Code2], [Code3], [Code4], [Code5], [ShowMenu1], [ShowMenu2], [IsVisible], [Title], [Desc], [Keywords], [Url], [xml], [xsl], [Lineage2], [Template], [SearchKeywords], [StartDate], [EndDate], [Description2], [ComissionRate], [ChildCount]) VALUES (135, N'10dc3364-e7d5-476e-b396-7182325157b6', 0, N'Ziynet Altın', 129, N'/uploads/categoriesimages/ziynet-altin.png', 1, N'/129/135/', 1, N'&amp;nbsp;', 1, 0, NULL, NULL, NULL, NULL, NULL, NULL, NULL, 1, 0, 1, N'', N'', N'', N'/kategori/altin---taki---mucevher/ziynet-altin/', N'', N'', N'|Altın & Takı & Mücevher|Ziynet Altın|', NULL, N'', NULL, NULL, N'&amp;nbsp;', CAST(0.00 AS Decimal(18, 2)), 0)
  
INSERT [dbo].[Categories] ([CatId], [CategoryCode], [PortalId], [CatName], [Parent], [CatImg], [IsActive], [Lineage], [Depth], [Description], [ShowOrder], [CodeA], [CodeP], [Code0], [Code1], [Code2], [Code3], [Code4], [Code5], [ShowMenu1], [ShowMenu2], [IsVisible], [Title], [Desc], [Keywords], [Url], [xml], [xsl], [Lineage2], [Template], [SearchKeywords], [StartDate], [EndDate], [Description2], [ComissionRate], [ChildCount]) VALUES (213, N'90427880-9ce9-4bf8-a91a-ff22e4f29b2b', 0, N'Proticaret Modülleri', 0, N'', 1, N'/213/', 0, N'&amp;nbsp;', 1, 0, NULL, NULL, NULL, NULL, NULL, NULL, NULL, 0, 0, 1, N'', N'', N'', N'/kategori/proticaret-modulleri/', N'', N'', N'|Proticaret Modülleri|', NULL, N'', NULL, NULL, N'&amp;nbsp;', CAST(0.00 AS Decimal(18, 2)), 0)
  
INSERT [dbo].[Categories] ([CatId], [CategoryCode], [PortalId], [CatName], [Parent], [CatImg], [IsActive], [Lineage], [Depth], [Description], [ShowOrder], [CodeA], [CodeP], [Code0], [Code1], [Code2], [Code3], [Code4], [Code5], [ShowMenu1], [ShowMenu2], [IsVisible], [Title], [Desc], [Keywords], [Url], [xml], [xsl], [Lineage2], [Template], [SearchKeywords], [StartDate], [EndDate], [Description2], [ComissionRate], [ChildCount]) VALUES (227, N'b170dd59-9f6f-4dcf-a337-961964325009', 0, N'Telefon', 0, NULL, 1, N'/227/', 0, NULL, 1, NULL, NULL, NULL, NULL, NULL, NULL, NULL, NULL, 0, 0, 1, NULL, NULL, NULL, N'/kategori/telefon/', NULL, NULL, N'|Telefon|', NULL, NULL, NULL, NULL, NULL, NULL, 3)
  
INSERT [dbo].[Categories] ([CatId], [CategoryCode], [PortalId], [CatName], [Parent], [CatImg], [IsActive], [Lineage], [Depth], [Description], [ShowOrder], [CodeA], [CodeP], [Code0], [Code1], [Code2], [Code3], [Code4], [Code5], [ShowMenu1], [ShowMenu2], [IsVisible], [Title], [Desc], [Keywords], [Url], [xml], [xsl], [Lineage2], [Template], [SearchKeywords], [StartDate], [EndDate], [Description2], [ComissionRate], [ChildCount]) VALUES (228, N'3e22d28a-65c8-4f26-b897-b5002a848366', 0, N'Cep Telefonları', 227, N'/uploads/categoriesimages/telefon.jpg', 1, N'/227/228/', 1, N'&amp;nbsp;', 1, 0, NULL, NULL, NULL, NULL, NULL, NULL, NULL, 1, 0, 1, N'', N'', N'', N'/kategori/telefon/cep-telefonlari/', N'', N'', N'|Telefon|Cep Telefonları|', NULL, N'', NULL, NULL, N'&amp;nbsp;', CAST(0.00 AS Decimal(18, 2)), 0)
  
INSERT [dbo].[Categories] ([CatId], [CategoryCode], [PortalId], [CatName], [Parent], [CatImg], [IsActive], [Lineage], [Depth], [Description], [ShowOrder], [CodeA], [CodeP], [Code0], [Code1], [Code2], [Code3], [Code4], [Code5], [ShowMenu1], [ShowMenu2], [IsVisible], [Title], [Desc], [Keywords], [Url], [xml], [xsl], [Lineage2], [Template], [SearchKeywords], [StartDate], [EndDate], [Description2], [ComissionRate], [ChildCount]) VALUES (229, N'cf58ec1a-2026-4f4f-a908-f92ccbe46682', 0, N'Masaüstü Telefonlar', 227, N'/uploads/categoriesimages/masa-telefon.jpg', 1, N'/227/229/', 1, N'&amp;nbsp;', 1, 0, NULL, NULL, NULL, NULL, NULL, NULL, NULL, 1, 0, 1, N'', N'', N'', N'/kategori/telefon/masaustu-telefonlar/', N'', N'', N'|Telefon|Masaüstü Telefonlar|', NULL, N'', NULL, NULL, N'&amp;nbsp;', CAST(0.00 AS Decimal(18, 2)), 0)
  
INSERT [dbo].[Categories] ([CatId], [CategoryCode], [PortalId], [CatName], [Parent], [CatImg], [IsActive], [Lineage], [Depth], [Description], [ShowOrder], [CodeA], [CodeP], [Code0], [Code1], [Code2], [Code3], [Code4], [Code5], [ShowMenu1], [ShowMenu2], [IsVisible], [Title], [Desc], [Keywords], [Url], [xml], [xsl], [Lineage2], [Template], [SearchKeywords], [StartDate], [EndDate], [Description2], [ComissionRate], [ChildCount]) VALUES (230, N'0cf422fc-980a-4fcd-8ce0-bd298f385c42', 0, N'Telsiz Telefonlar', 227, N'/uploads/categoriesimages/telsiz.jpg', 1, N'/227/230/', 1, N'&amp;nbsp;', 1, 0, NULL, NULL, NULL, NULL, NULL, NULL, NULL, 1, 0, 1, N'', N'', N'', N'/kategori/telefon/telsiz-telefonlar/', N'', N'', N'|Telefon|Telsiz Telefonlar|', NULL, N'', NULL, NULL, N'&amp;nbsp;', CAST(0.00 AS Decimal(18, 2)), 0)
  
SET IDENTITY_INSERT [dbo].[Categories] OFF
 


 

SET IDENTITY_INSERT [dbo].[ProductCategories] ON
  
INSERT [dbo].[ProductCategories] ([ProdCatId], [CategoryId], [ProductId]) VALUES (831, 213, 378)
  
INSERT [dbo].[ProductCategories] ([ProdCatId], [CategoryId], [ProductId]) VALUES (1800, 129, 246)
  
INSERT [dbo].[ProductCategories] ([ProdCatId], [CategoryId], [ProductId]) VALUES (1801, 130, 246)
  
INSERT [dbo].[ProductCategories] ([ProdCatId], [CategoryId], [ProductId]) VALUES (1802, 132, 246)
  
INSERT [dbo].[ProductCategories] ([ProdCatId], [CategoryId], [ProductId]) VALUES (835, 213, 367)
  
INSERT [dbo].[ProductCategories] ([ProdCatId], [CategoryId], [ProductId]) VALUES (841, 213, 380)
  
INSERT [dbo].[ProductCategories] ([ProdCatId], [CategoryId], [ProductId]) VALUES (847, 213, 381)
  
INSERT [dbo].[ProductCategories] ([ProdCatId], [CategoryId], [ProductId]) VALUES (897, 228, 364)
  
INSERT [dbo].[ProductCategories] ([ProdCatId], [CategoryId], [ProductId]) VALUES (853, 213, 383)
  
INSERT [dbo].[ProductCategories] ([ProdCatId], [CategoryId], [ProductId]) VALUES (544, 227, 366)
  
INSERT [dbo].[ProductCategories] ([ProdCatId], [CategoryId], [ProductId]) VALUES (545, 230, 366)
  
INSERT [dbo].[ProductCategories] ([ProdCatId], [CategoryId], [ProductId]) VALUES (857, 213, 385)
  
INSERT [dbo].[ProductCategories] ([ProdCatId], [CategoryId], [ProductId]) VALUES (861, 213, 387)
  
INSERT [dbo].[ProductCategories] ([ProdCatId], [CategoryId], [ProductId]) VALUES (918, 213, 379)
  
INSERT [dbo].[ProductCategories] ([ProdCatId], [CategoryId], [ProductId]) VALUES (493, 228, 363)
  
INSERT [dbo].[ProductCategories] ([ProdCatId], [CategoryId], [ProductId]) VALUES (540, 227, 362)
  
INSERT [dbo].[ProductCategories] ([ProdCatId], [CategoryId], [ProductId]) VALUES (541, 228, 362)
  
INSERT [dbo].[ProductCategories] ([ProdCatId], [CategoryId], [ProductId]) VALUES (684, 129, 247)
  
INSERT [dbo].[ProductCategories] ([ProdCatId], [CategoryId], [ProductId]) VALUES (685, 131, 247)
  
INSERT [dbo].[ProductCategories] ([ProdCatId], [CategoryId], [ProductId]) VALUES (851, 213, 382)
  
INSERT [dbo].[ProductCategories] ([ProdCatId], [CategoryId], [ProductId]) VALUES (859, 213, 386)
  
INSERT [dbo].[ProductCategories] ([ProdCatId], [CategoryId], [ProductId]) VALUES (833, 213, 368)
  
INSERT [dbo].[ProductCategories] ([ProdCatId], [CategoryId], [ProductId]) VALUES (855, 213, 384)
  
INSERT [dbo].[ProductCategories] ([ProdCatId], [CategoryId], [ProductId]) VALUES (1803, 133, 246)
  
INSERT [dbo].[ProductCategories] ([ProdCatId], [CategoryId], [ProductId]) VALUES (1804, 134, 246)
  
INSERT [dbo].[ProductCategories] ([ProdCatId], [CategoryId], [ProductId]) VALUES (1805, 135, 246)
  
SET IDENTITY_INSERT [dbo].[ProductCategories] OFF

SET IDENTITY_INSERT [dbo].[ProductOptions] ON


INSERT [dbo].[ProductOptions] ([ProductOptionsId], [PortalId], [ProductOptionsName], [ProductOptionsShowOrder], [ProductOptionsTypesId], [ProductOptionsDescription], [Required]) VALUES (24, 5, N'Sigorta', 1, 4, N'Sigorta İstermisiniz.', 1)

INSERT [dbo].[ProductOptions] ([ProductOptionsId], [PortalId], [ProductOptionsName], [ProductOptionsShowOrder], [ProductOptionsTypesId], [ProductOptionsDescription], [Required]) VALUES (25, 5, N'Renk', 2, 4, N'Renk Seçiniz', 1)

INSERT [dbo].[ProductOptions] ([ProductOptionsId], [PortalId], [ProductOptionsName], [ProductOptionsShowOrder], [ProductOptionsTypesId], [ProductOptionsDescription], [Required]) VALUES (26, 5, N'Beden', 0, 4, N'Beden Seçiniz.', 1)

INSERT [dbo].[ProductOptions] ([ProductOptionsId], [PortalId], [ProductOptionsName], [ProductOptionsShowOrder], [ProductOptionsTypesId], [ProductOptionsDescription], [Required]) VALUES (27, 0, N'Parmak Ölçüsü', 0, 4, N'', 1)

INSERT [dbo].[ProductOptions] ([ProductOptionsId], [PortalId], [ProductOptionsName], [ProductOptionsShowOrder], [ProductOptionsTypesId], [ProductOptionsDescription], [Required]) VALUES (28, 0, N'Altın Rengi', 0, 4, N'', 1)

INSERT [dbo].[ProductOptions] ([ProductOptionsId], [PortalId], [ProductOptionsName], [ProductOptionsShowOrder], [ProductOptionsTypesId], [ProductOptionsDescription], [Required]) VALUES (30, 0, N'Resim Ekle', 1, 7, N'Lütfen Resim Ekleyiniz.', 1)

INSERT [dbo].[ProductOptions] ([ProductOptionsId], [PortalId], [ProductOptionsName], [ProductOptionsShowOrder], [ProductOptionsTypesId], [ProductOptionsDescription], [Required]) VALUES (31, 0, N'Yazı Ekle', 1, 1, N'Yazı giriniz.', 0)

INSERT [dbo].[ProductOptions] ([ProductOptionsId], [PortalId], [ProductOptionsName], [ProductOptionsShowOrder], [ProductOptionsTypesId], [ProductOptionsDescription], [Required]) VALUES (32, 0, N'Menü', 1, 4, N'', 0)

INSERT [dbo].[ProductOptions] ([ProductOptionsId], [PortalId], [ProductOptionsName], [ProductOptionsShowOrder], [ProductOptionsTypesId], [ProductOptionsDescription], [Required]) VALUES (33, 0, N'Malzemeler', 0, 6, N'', 0)

INSERT [dbo].[ProductOptions] ([ProductOptionsId], [PortalId], [ProductOptionsName], [ProductOptionsShowOrder], [ProductOptionsTypesId], [ProductOptionsDescription], [Required]) VALUES (35, 0, N'Taban Genişliği', 1, 4, N'', 0)

INSERT [dbo].[ProductOptions] ([ProductOptionsId], [PortalId], [ProductOptionsName], [ProductOptionsShowOrder], [ProductOptionsTypesId], [ProductOptionsDescription], [Required]) VALUES (36, 0, N'Kesit Oranı', 2, 4, N'', 0)

INSERT [dbo].[ProductOptions] ([ProductOptionsId], [PortalId], [ProductOptionsName], [ProductOptionsShowOrder], [ProductOptionsTypesId], [ProductOptionsDescription], [Required]) VALUES (37, 0, N'Jant Çapı', 3, 4, N'', 0)

INSERT [dbo].[ProductOptions] ([ProductOptionsId], [PortalId], [ProductOptionsName], [ProductOptionsShowOrder], [ProductOptionsTypesId], [ProductOptionsDescription], [Required]) VALUES (38, 0, N'Mevsim', 4, 6, N'', 0)

INSERT [dbo].[ProductOptions] ([ProductOptionsId], [PortalId], [ProductOptionsName], [ProductOptionsShowOrder], [ProductOptionsTypesId], [ProductOptionsDescription], [Required]) VALUES (39, 0, N'Pizza Seçenekleri', 1, 5, N'Lütfen Pizza Boyu Seçiniz', 1)

INSERT [dbo].[ProductOptions] ([ProductOptionsId], [PortalId], [ProductOptionsName], [ProductOptionsShowOrder], [ProductOptionsTypesId], [ProductOptionsDescription], [Required]) VALUES (40, 0, N'Promosyon Yazısı', 0, 1, N'Lütfen promosyon yazısı giriniz.', 0)

SET IDENTITY_INSERT [dbo].[ProductOptions] OFF

SET IDENTITY_INSERT [dbo].[ProductOptionsValues] ON


INSERT [dbo].[ProductOptionsValues] ([ProductOptionsValuesId], [ProductOptionsId], [ProductOptionsValuesName], [ProductOptionsValuesShowOrder]) VALUES (70, 24, N'İstiyorum', 0)

INSERT [dbo].[ProductOptionsValues] ([ProductOptionsValuesId], [ProductOptionsId], [ProductOptionsValuesName], [ProductOptionsValuesShowOrder]) VALUES (71, 24, N'İstemiyorum', 0)

INSERT [dbo].[ProductOptionsValues] ([ProductOptionsValuesId], [ProductOptionsId], [ProductOptionsValuesName], [ProductOptionsValuesShowOrder]) VALUES (72, 25, N'Kırmızı', 0)

INSERT [dbo].[ProductOptionsValues] ([ProductOptionsValuesId], [ProductOptionsId], [ProductOptionsValuesName], [ProductOptionsValuesShowOrder]) VALUES (73, 25, N'Siyah', 0)

INSERT [dbo].[ProductOptionsValues] ([ProductOptionsValuesId], [ProductOptionsId], [ProductOptionsValuesName], [ProductOptionsValuesShowOrder]) VALUES (74, 25, N'Ak', 0)

INSERT [dbo].[ProductOptionsValues] ([ProductOptionsValuesId], [ProductOptionsId], [ProductOptionsValuesName], [ProductOptionsValuesShowOrder]) VALUES (75, 26, N'36', 0)

INSERT [dbo].[ProductOptionsValues] ([ProductOptionsValuesId], [ProductOptionsId], [ProductOptionsValuesName], [ProductOptionsValuesShowOrder]) VALUES (76, 26, N'38', 0)

INSERT [dbo].[ProductOptionsValues] ([ProductOptionsValuesId], [ProductOptionsId], [ProductOptionsValuesName], [ProductOptionsValuesShowOrder]) VALUES (77, 26, N'40', 0)

INSERT [dbo].[ProductOptionsValues] ([ProductOptionsValuesId], [ProductOptionsId], [ProductOptionsValuesName], [ProductOptionsValuesShowOrder]) VALUES (78, 26, N'44', 0)

INSERT [dbo].[ProductOptionsValues] ([ProductOptionsValuesId], [ProductOptionsId], [ProductOptionsValuesName], [ProductOptionsValuesShowOrder]) VALUES (79, 26, N'42', 0)

INSERT [dbo].[ProductOptionsValues] ([ProductOptionsValuesId], [ProductOptionsId], [ProductOptionsValuesName], [ProductOptionsValuesShowOrder]) VALUES (80, 28, N'18 Ayar Yeşil Altın', 0)

INSERT [dbo].[ProductOptionsValues] ([ProductOptionsValuesId], [ProductOptionsId], [ProductOptionsValuesName], [ProductOptionsValuesShowOrder]) VALUES (82, 27, N'6', 0)

INSERT [dbo].[ProductOptionsValues] ([ProductOptionsValuesId], [ProductOptionsId], [ProductOptionsValuesName], [ProductOptionsValuesShowOrder]) VALUES (83, 27, N'6,5', 0)

INSERT [dbo].[ProductOptionsValues] ([ProductOptionsValuesId], [ProductOptionsId], [ProductOptionsValuesName], [ProductOptionsValuesShowOrder]) VALUES (84, 27, N'7', 0)

INSERT [dbo].[ProductOptionsValues] ([ProductOptionsValuesId], [ProductOptionsId], [ProductOptionsValuesName], [ProductOptionsValuesShowOrder]) VALUES (85, 27, N'7,5', 0)

INSERT [dbo].[ProductOptionsValues] ([ProductOptionsValuesId], [ProductOptionsId], [ProductOptionsValuesName], [ProductOptionsValuesShowOrder]) VALUES (86, 27, N'8', 0)

INSERT [dbo].[ProductOptionsValues] ([ProductOptionsValuesId], [ProductOptionsId], [ProductOptionsValuesName], [ProductOptionsValuesShowOrder]) VALUES (87, 27, N'8,5', 0)

INSERT [dbo].[ProductOptionsValues] ([ProductOptionsValuesId], [ProductOptionsId], [ProductOptionsValuesName], [ProductOptionsValuesShowOrder]) VALUES (88, 27, N'9', 0)

INSERT [dbo].[ProductOptionsValues] ([ProductOptionsValuesId], [ProductOptionsId], [ProductOptionsValuesName], [ProductOptionsValuesShowOrder]) VALUES (89, 27, N'9,5', 0)

INSERT [dbo].[ProductOptionsValues] ([ProductOptionsValuesId], [ProductOptionsId], [ProductOptionsValuesName], [ProductOptionsValuesShowOrder]) VALUES (90, 27, N'10', 0)

INSERT [dbo].[ProductOptionsValues] ([ProductOptionsValuesId], [ProductOptionsId], [ProductOptionsValuesName], [ProductOptionsValuesShowOrder]) VALUES (91, 30, N'Resim Ekle', 1)

INSERT [dbo].[ProductOptionsValues] ([ProductOptionsValuesId], [ProductOptionsId], [ProductOptionsValuesName], [ProductOptionsValuesShowOrder]) VALUES (92, 31, N'Yazı Ekle', 1)

INSERT [dbo].[ProductOptionsValues] ([ProductOptionsValuesId], [ProductOptionsId], [ProductOptionsValuesName], [ProductOptionsValuesShowOrder]) VALUES (94, 32, N'Big Mac®, Orta Boy Patates, 400 ml Coca-Cola', 1)

INSERT [dbo].[ProductOptionsValues] ([ProductOptionsValuesId], [ProductOptionsId], [ProductOptionsValuesName], [ProductOptionsValuesShowOrder]) VALUES (95, 32, N'Big Mac®, Orta Boy Patates, 400 ml Coca-Cola Light', 2)

INSERT [dbo].[ProductOptionsValues] ([ProductOptionsValuesId], [ProductOptionsId], [ProductOptionsValuesName], [ProductOptionsValuesShowOrder]) VALUES (96, 32, N'Big Mac®, Orta Boy Patates, 400 ml Coca-Cola Zero', 0)

INSERT [dbo].[ProductOptionsValues] ([ProductOptionsValuesId], [ProductOptionsId], [ProductOptionsValuesName], [ProductOptionsValuesShowOrder]) VALUES (97, 33, N'Soğan', 1)

INSERT [dbo].[ProductOptionsValues] ([ProductOptionsValuesId], [ProductOptionsId], [ProductOptionsValuesName], [ProductOptionsValuesShowOrder]) VALUES (98, 33, N'Ketçap', 1)

INSERT [dbo].[ProductOptionsValues] ([ProductOptionsValuesId], [ProductOptionsId], [ProductOptionsValuesName], [ProductOptionsValuesShowOrder]) VALUES (99, 33, N'Mayonez', 1)

INSERT [dbo].[ProductOptionsValues] ([ProductOptionsValuesId], [ProductOptionsId], [ProductOptionsValuesName], [ProductOptionsValuesShowOrder]) VALUES (100, 33, N'Ekstra Peynir', 1)

INSERT [dbo].[ProductOptionsValues] ([ProductOptionsValuesId], [ProductOptionsId], [ProductOptionsValuesName], [ProductOptionsValuesShowOrder]) VALUES (101, 35, N'115', 0)

INSERT [dbo].[ProductOptionsValues] ([ProductOptionsValuesId], [ProductOptionsId], [ProductOptionsValuesName], [ProductOptionsValuesShowOrder]) VALUES (102, 35, N'125', 0)

INSERT [dbo].[ProductOptionsValues] ([ProductOptionsValuesId], [ProductOptionsId], [ProductOptionsValuesName], [ProductOptionsValuesShowOrder]) VALUES (103, 35, N'135', 0)

INSERT [dbo].[ProductOptionsValues] ([ProductOptionsValuesId], [ProductOptionsId], [ProductOptionsValuesName], [ProductOptionsValuesShowOrder]) VALUES (104, 35, N'145', 0)

INSERT [dbo].[ProductOptionsValues] ([ProductOptionsValuesId], [ProductOptionsId], [ProductOptionsValuesName], [ProductOptionsValuesShowOrder]) VALUES (105, 35, N'155', 0)

INSERT [dbo].[ProductOptionsValues] ([ProductOptionsValuesId], [ProductOptionsId], [ProductOptionsValuesName], [ProductOptionsValuesShowOrder]) VALUES (106, 35, N'165', 0)

INSERT [dbo].[ProductOptionsValues] ([ProductOptionsValuesId], [ProductOptionsId], [ProductOptionsValuesName], [ProductOptionsValuesShowOrder]) VALUES (107, 35, N'175', 0)

INSERT [dbo].[ProductOptionsValues] ([ProductOptionsValuesId], [ProductOptionsId], [ProductOptionsValuesName], [ProductOptionsValuesShowOrder]) VALUES (108, 35, N'185', 0)

INSERT [dbo].[ProductOptionsValues] ([ProductOptionsValuesId], [ProductOptionsId], [ProductOptionsValuesName], [ProductOptionsValuesShowOrder]) VALUES (109, 35, N'195', 0)

INSERT [dbo].[ProductOptionsValues] ([ProductOptionsValuesId], [ProductOptionsId], [ProductOptionsValuesName], [ProductOptionsValuesShowOrder]) VALUES (110, 35, N'205', 0)

INSERT [dbo].[ProductOptionsValues] ([ProductOptionsValuesId], [ProductOptionsId], [ProductOptionsValuesName], [ProductOptionsValuesShowOrder]) VALUES (111, 35, N'7,50', 0)

INSERT [dbo].[ProductOptionsValues] ([ProductOptionsValuesId], [ProductOptionsId], [ProductOptionsValuesName], [ProductOptionsValuesShowOrder]) VALUES (112, 36, N'14', 0)

INSERT [dbo].[ProductOptionsValues] ([ProductOptionsValuesId], [ProductOptionsId], [ProductOptionsValuesName], [ProductOptionsValuesShowOrder]) VALUES (113, 36, N'25', 0)

INSERT [dbo].[ProductOptionsValues] ([ProductOptionsValuesId], [ProductOptionsId], [ProductOptionsValuesName], [ProductOptionsValuesShowOrder]) VALUES (114, 36, N'30', 0)

INSERT [dbo].[ProductOptionsValues] ([ProductOptionsValuesId], [ProductOptionsId], [ProductOptionsValuesName], [ProductOptionsValuesShowOrder]) VALUES (115, 36, N'35', 0)

INSERT [dbo].[ProductOptionsValues] ([ProductOptionsValuesId], [ProductOptionsId], [ProductOptionsValuesName], [ProductOptionsValuesShowOrder]) VALUES (116, 36, N'50', 0)

INSERT [dbo].[ProductOptionsValues] ([ProductOptionsValuesId], [ProductOptionsId], [ProductOptionsValuesName], [ProductOptionsValuesShowOrder]) VALUES (117, 36, N'60', 0)

INSERT [dbo].[ProductOptionsValues] ([ProductOptionsValuesId], [ProductOptionsId], [ProductOptionsValuesName], [ProductOptionsValuesShowOrder]) VALUES (118, 37, N'1', 0)

INSERT [dbo].[ProductOptionsValues] ([ProductOptionsValuesId], [ProductOptionsId], [ProductOptionsValuesName], [ProductOptionsValuesShowOrder]) VALUES (119, 37, N'12', 0)

INSERT [dbo].[ProductOptionsValues] ([ProductOptionsValuesId], [ProductOptionsId], [ProductOptionsValuesName], [ProductOptionsValuesShowOrder]) VALUES (120, 37, N'13', 0)

INSERT [dbo].[ProductOptionsValues] ([ProductOptionsValuesId], [ProductOptionsId], [ProductOptionsValuesName], [ProductOptionsValuesShowOrder]) VALUES (121, 37, N'20', 0)

INSERT [dbo].[ProductOptionsValues] ([ProductOptionsValuesId], [ProductOptionsId], [ProductOptionsValuesName], [ProductOptionsValuesShowOrder]) VALUES (122, 37, N'25', 0)

INSERT [dbo].[ProductOptionsValues] ([ProductOptionsValuesId], [ProductOptionsId], [ProductOptionsValuesName], [ProductOptionsValuesShowOrder]) VALUES (123, 37, N'26', 0)

INSERT [dbo].[ProductOptionsValues] ([ProductOptionsValuesId], [ProductOptionsId], [ProductOptionsValuesName], [ProductOptionsValuesShowOrder]) VALUES (124, 37, N'30', 0)

INSERT [dbo].[ProductOptionsValues] ([ProductOptionsValuesId], [ProductOptionsId], [ProductOptionsValuesName], [ProductOptionsValuesShowOrder]) VALUES (125, 37, N'50', 0)

INSERT [dbo].[ProductOptionsValues] ([ProductOptionsValuesId], [ProductOptionsId], [ProductOptionsValuesName], [ProductOptionsValuesShowOrder]) VALUES (126, 37, N'60', 0)

INSERT [dbo].[ProductOptionsValues] ([ProductOptionsValuesId], [ProductOptionsId], [ProductOptionsValuesName], [ProductOptionsValuesShowOrder]) VALUES (127, 38, N'Yaz', 1)

INSERT [dbo].[ProductOptionsValues] ([ProductOptionsValuesId], [ProductOptionsId], [ProductOptionsValuesName], [ProductOptionsValuesShowOrder]) VALUES (128, 38, N'Kış', 1)

INSERT [dbo].[ProductOptionsValues] ([ProductOptionsValuesId], [ProductOptionsId], [ProductOptionsValuesName], [ProductOptionsValuesShowOrder]) VALUES (129, 39, N'Buyuk Boy', 1)

INSERT [dbo].[ProductOptionsValues] ([ProductOptionsValuesId], [ProductOptionsId], [ProductOptionsValuesName], [ProductOptionsValuesShowOrder]) VALUES (131, 39, N'Orta Boy', 2)

INSERT [dbo].[ProductOptionsValues] ([ProductOptionsValuesId], [ProductOptionsId], [ProductOptionsValuesName], [ProductOptionsValuesShowOrder]) VALUES (132, 39, N'Kucuk Boy', 3)

INSERT [dbo].[ProductOptionsValues] ([ProductOptionsValuesId], [ProductOptionsId], [ProductOptionsValuesName], [ProductOptionsValuesShowOrder]) VALUES (133, 40, N'Promosyon Yazısı', 1)

SET IDENTITY_INSERT [dbo].[ProductOptionsValues] OFF



SET IDENTITY_INSERT [dbo].[ProductAttributes] ON
 
INSERT [dbo].[ProductAttributes] ([ProductAttributesId], [ProductId], [ProductOptionsId], [ProductOptionsValuesId], [ProductOptionsValuesPrice], [ProductOptionsValuespricePrefix], [ProductImagePath]) VALUES (1, 246, 27, 82, CAST(0.0000 AS Decimal(15, 4)), N'+', N'9ae8c31f-6387-431d-9cc9-544df1e2143a.jpg')
 
INSERT [dbo].[ProductAttributes] ([ProductAttributesId], [ProductId], [ProductOptionsId], [ProductOptionsValuesId], [ProductOptionsValuesPrice], [ProductOptionsValuespricePrefix], [ProductImagePath]) VALUES (3, 246, 27, 83, CAST(0.0000 AS Decimal(15, 4)), N'+', N'9ae8c31f-6387-431d-9cc9-544df1e2143a.jpg')
 
INSERT [dbo].[ProductAttributes] ([ProductAttributesId], [ProductId], [ProductOptionsId], [ProductOptionsValuesId], [ProductOptionsValuesPrice], [ProductOptionsValuespricePrefix], [ProductImagePath]) VALUES (4, 246, 27, 84, CAST(0.0000 AS Decimal(15, 4)), N'+', N'9ae8c31f-6387-431d-9cc9-544df1e2143a.jpg')
 
INSERT [dbo].[ProductAttributes] ([ProductAttributesId], [ProductId], [ProductOptionsId], [ProductOptionsValuesId], [ProductOptionsValuesPrice], [ProductOptionsValuespricePrefix], [ProductImagePath]) VALUES (5, 246, 27, 85, CAST(0.0000 AS Decimal(15, 4)), N'+', N'9ae8c31f-6387-431d-9cc9-544df1e2143a.jpg')
 
INSERT [dbo].[ProductAttributes] ([ProductAttributesId], [ProductId], [ProductOptionsId], [ProductOptionsValuesId], [ProductOptionsValuesPrice], [ProductOptionsValuespricePrefix], [ProductImagePath]) VALUES (6, 246, 27, 86, CAST(0.0000 AS Decimal(15, 4)), N'+', N'9ae8c31f-6387-431d-9cc9-544df1e2143a.jpg')
  
INSERT [dbo].[ProductAttributes] ([ProductAttributesId], [ProductId], [ProductOptionsId], [ProductOptionsValuesId], [ProductOptionsValuesPrice], [ProductOptionsValuespricePrefix], [ProductImagePath]) VALUES (7, 246, 27, 87, CAST(0.0000 AS Decimal(15, 4)), N'+', N'9ae8c31f-6387-431d-9cc9-544df1e2143a.jpg')
  
INSERT [dbo].[ProductAttributes] ([ProductAttributesId], [ProductId], [ProductOptionsId], [ProductOptionsValuesId], [ProductOptionsValuesPrice], [ProductOptionsValuespricePrefix], [ProductImagePath]) VALUES (8, 246, 27, 88, CAST(0.0000 AS Decimal(15, 4)), N'+', N'9ae8c31f-6387-431d-9cc9-544df1e2143a.jpg')
  
INSERT [dbo].[ProductAttributes] ([ProductAttributesId], [ProductId], [ProductOptionsId], [ProductOptionsValuesId], [ProductOptionsValuesPrice], [ProductOptionsValuespricePrefix], [ProductImagePath]) VALUES (9, 246, 27, 89, CAST(0.0000 AS Decimal(15, 4)), N'+', N'9ae8c31f-6387-431d-9cc9-544df1e2143a.jpg')
  
INSERT [dbo].[ProductAttributes] ([ProductAttributesId], [ProductId], [ProductOptionsId], [ProductOptionsValuesId], [ProductOptionsValuesPrice], [ProductOptionsValuespricePrefix], [ProductImagePath]) VALUES (10, 246, 27, 90, CAST(0.0000 AS Decimal(15, 4)), N'+', N'9ae8c31f-6387-431d-9cc9-544df1e2143a.jpg')
  
INSERT [dbo].[ProductAttributes] ([ProductAttributesId], [ProductId], [ProductOptionsId], [ProductOptionsValuesId], [ProductOptionsValuesPrice], [ProductOptionsValuespricePrefix], [ProductImagePath]) VALUES (11, 246, 28, 80, CAST(0.0000 AS Decimal(15, 4)), N'+', N'9ae8c31f-6387-431d-9cc9-544df1e2143a.jpg')
 

SET IDENTITY_INSERT [dbo].[ProductAttributes] OFF

SET IDENTITY_INSERT [dbo].[ProductAlternatives] ON


INSERT [dbo].[ProductAlternatives] ([AlternativeId], [ProductId], [AProductId]) VALUES (3, 246, 250)

INSERT [dbo].[ProductAlternatives] ([AlternativeId], [ProductId], [AProductId]) VALUES (4, 246, 251)

SET IDENTITY_INSERT [dbo].[ProductAlternatives] OFF

SET IDENTITY_INSERT [dbo].[ProductImages] ON
 
INSERT [dbo].[ProductImages] ([ImageId], [ProductId], [Description], [Path], [Url], [IsDefault]) VALUES (41, 246, N'k-154', N'9ae8c31f-6387-431d-9cc9-544df1e2143a.jpg', N'http://www.uniticaret.org/uploads/productsimages/835ecf33-5330-404a-8f3e-60c01c19ab25.jpg', 1)
  
INSERT [dbo].[ProductImages] ([ImageId], [ProductId], [Description], [Path], [Url], [IsDefault]) VALUES (42, 247, N'34 VK Design', N'11/42.jpg', N'http://www.uniticaret.org/uploads/productsimages/f4ee3848-2d19-4469-9027-2df59205eaff.jpg', 1)
  
INSERT [dbo].[ProductImages] ([ImageId], [ProductId], [Description], [Path], [Url], [IsDefault]) VALUES (170, 362, N'iphone-16', N'11/iphone-16130.jpg', N'http://www.uniticaret.org/uploads/productsimages//sample/iphone.jpg', 1)
  
INSERT [dbo].[ProductImages] ([ImageId], [ProductId], [Description], [Path], [Url], [IsDefault]) VALUES (171, 362, N'iphone-16', N'11/iphone-16131.jpg', N'http://www.uniticaret.org/uploads/productsimages//sample/iphone2.jpg', 0)
  
INSERT [dbo].[ProductImages] ([ImageId], [ProductId], [Description], [Path], [Url], [IsDefault]) VALUES (172, 363, N'iphone-8', N'11/iphone-8132.jpg', N'http://www.uniticaret.org/uploads/productsimages//sample/iphone.jpg', 1)
  
INSERT [dbo].[ProductImages] ([ImageId], [ProductId], [Description], [Path], [Url], [IsDefault]) VALUES (173, 363, N'iphone-8', N'11/iphone-8133.jpg', N'http://www.uniticaret.org/uploads/productsimages//sample/iphone2.jpg', 0)
  
INSERT [dbo].[ProductImages] ([ImageId], [ProductId], [Description], [Path], [Url], [IsDefault]) VALUES (174, 364, N'ip-case1', N'11/ip-case1134.jpg', N'http://www.uniticaret.org/uploads/productsimages//sample/iphonecase.jpg', 1)
  
INSERT [dbo].[ProductImages] ([ImageId], [ProductId], [Description], [Path], [Url], [IsDefault]) VALUES (176, 366, N'S-A585', N'11/S-A585136.jpg', N'http://www.uniticaret.org/uploads/productsimages//sample/phone.jpg', 1)
  
INSERT [dbo].[ProductImages] ([ImageId], [ProductId], [Description], [Path], [Url], [IsDefault]) VALUES (177, 366, N'S-A585', N'11/S-A585137.jpg', N'http://www.uniticaret.org/uploads/productsimages//sample/phone2.jpg', 0)
  
INSERT [dbo].[ProductImages] ([ImageId], [ProductId], [Description], [Path], [Url], [IsDefault]) VALUES (217, 368, N'resim', N'9a2922b4-dbe5-4dd2-9e41-8e59cf68e7d9.png', NULL, 1)
  
INSERT [dbo].[ProductImages] ([ImageId], [ProductId], [Description], [Path], [Url], [IsDefault]) VALUES (219, 367, N'resim', N'e3894c4f-32b4-414e-b38b-55e19ab4e5df.png', NULL, 1)
  
INSERT [dbo].[ProductImages] ([ImageId], [ProductId], [Description], [Path], [Url], [IsDefault]) VALUES (220, 378, N'Poster Modülü', N'a689c49b-0d2a-4742-b614-edd39128f211poster-icon.png', NULL, 1)
  
INSERT [dbo].[ProductImages] ([ImageId], [ProductId], [Description], [Path], [Url], [IsDefault]) VALUES (221, 379, N'Perde Modulu', N'8d953491-1871-4fb0-9d89-3621540126bcperde-icon.png', NULL, 1)
  
INSERT [dbo].[ProductImages] ([ImageId], [ProductId], [Description], [Path], [Url], [IsDefault]) VALUES (222, 380, N'Tesan Ödeme Sistemi', N'00fcd833-819a-4a76-8d14-7817cabf2909tesan-icon.png', NULL, 1)
  
INSERT [dbo].[ProductImages] ([ImageId], [ProductId], [Description], [Path], [Url], [IsDefault]) VALUES (223, 381, N'Multi Admin Modülü', N'5cdb95dd-73d4-41d8-82b3-9c95ee9d1f62multiE.png', NULL, 1)
  
INSERT [dbo].[ProductImages] ([ImageId], [ProductId], [Description], [Path], [Url], [IsDefault]) VALUES (224, 382, N'Multi Admin Modülü (5 Site )', N'f0589096-6e41-4d84-8b0f-d6b8927a9334multiE.png', NULL, 1)
  
INSERT [dbo].[ProductImages] ([ImageId], [ProductId], [Description], [Path], [Url], [IsDefault]) VALUES (225, 383, N'Multi Admin Modülü (10 Site)', N'6905c74c-7f21-4389-9fae-c72b0a72e94dmultiE.png', NULL, 1)
  
INSERT [dbo].[ProductImages] ([ImageId], [ProductId], [Description], [Path], [Url], [IsDefault]) VALUES (226, 384, N'Multi Admin Modülü (15 Site)', N'14118af5-6ff5-4bcb-b0e7-2e5b5b77d674multiE.png', NULL, 1)
  
INSERT [dbo].[ProductImages] ([ImageId], [ProductId], [Description], [Path], [Url], [IsDefault]) VALUES (227, 385, N'Network Marketing Modülü (500 Üye)', N'ccf18a7b-2cbc-40bf-9a02-9446183c0dfdnetworkE.png', NULL, 1)
  
INSERT [dbo].[ProductImages] ([ImageId], [ProductId], [Description], [Path], [Url], [IsDefault]) VALUES (228, 386, N'Network Marketing Modülü (1.000 Üye)', N'bdc29775-f605-46c6-ad5d-ec9c7f4506d4networkE.png', NULL, 1)
  
INSERT [dbo].[ProductImages] ([ImageId], [ProductId], [Description], [Path], [Url], [IsDefault]) VALUES (229, 387, N'Network Marketing Modülü (5.000 Üye)', N'61b02aba-9872-4a82-a751-32ae7d93218bnetworkE.png', NULL, 1)
 
SET IDENTITY_INSERT [dbo].[ProductImages] OFF
 
SET IDENTITY_INSERT [dbo].[ProductUnits] ON
  
INSERT [dbo].[ProductUnits] ([UnitId], [ProductId], [Aciklama], [BirimAdi], [Carpan], [EskiAlisFiyati], [AlisFiyati], [APb], [PiyasaFiyati], [PPb], [SatisFiyati0], [Pb0], [SatisFiyati1], [Pb1], [SatisFiyati2], [Pb2], [SatisFiyati3], [Pb3], [SatisFiyati4], [Pb4], [SatisFiyati5], [Pb5], [Barcode], [En], [Boy], [Yukseklik], [Agirlik], [Hacim], [Desi], [Indirim1], [IsDefault], [IsActive], [LastModified], [Isk1], [Isk2], [Isk3], [Isk4], [Isk5], [CompareUrl], [ComparePrice], [LastCompare], [AutoCompare], [CompareHKar], [CompareSKar], [CompareSite], [CompareOrder], [LinkOrder], [KdvDahil], [PartSale]) VALUES (247, 246, N'Adet', N'Adet', CAST(1.00 AS Decimal(18, 2)), CAST(0.0000 AS Decimal(18, 4)), CAST(550.0000 AS Decimal(18, 4)), 1, CAST(0.0000 AS Decimal(18, 4)), 1, CAST(0.0000 AS Decimal(18, 4)), 1, CAST(3360.0000 AS Decimal(18, 4)), 1, CAST(0.0000 AS Decimal(18, 4)), 1, CAST(0.0000 AS Decimal(18, 4)), 1, CAST(0.0000 AS Decimal(18, 4)), 1, CAST(0.0000 AS Decimal(18, 4)), 1, N'', CAST(0.00 AS Decimal(18, 2)), CAST(0.00 AS Decimal(18, 2)), CAST(0.00 AS Decimal(18, 2)), CAST(0.00 AS Decimal(18, 2)), CAST(0.00 AS Decimal(18, 2)), CAST(5.00 AS Decimal(18, 2)), NULL, 1, 1, CAST(N'2013-10-27 20:40:00' AS SmallDateTime), CAST(0.00 AS Decimal(18, 2)), CAST(0.00 AS Decimal(18, 2)), CAST(0.00 AS Decimal(18, 2)), CAST(0.00 AS Decimal(18, 2)), CAST(0.00 AS Decimal(18, 2)), NULL, CAST(0.0000 AS Decimal(18, 4)), NULL, 0, CAST(0.00 AS Decimal(18, 2)), CAST(0.00 AS Decimal(18, 2)), NULL, NULL, NULL, 0, 0)
  
INSERT [dbo].[ProductUnits] ([UnitId], [ProductId], [Aciklama], [BirimAdi], [Carpan], [EskiAlisFiyati], [AlisFiyati], [APb], [PiyasaFiyati], [PPb], [SatisFiyati0], [Pb0], [SatisFiyati1], [Pb1], [SatisFiyati2], [Pb2], [SatisFiyati3], [Pb3], [SatisFiyati4], [Pb4], [SatisFiyati5], [Pb5], [Barcode], [En], [Boy], [Yukseklik], [Agirlik], [Hacim], [Desi], [Indirim1], [IsDefault], [IsActive], [LastModified], [Isk1], [Isk2], [Isk3], [Isk4], [Isk5], [CompareUrl], [ComparePrice], [LastCompare], [AutoCompare], [CompareHKar], [CompareSKar], [CompareSite], [CompareOrder], [LinkOrder], [KdvDahil], [PartSale]) VALUES (248, 247, N'Adet', N'Adet', CAST(1.00 AS Decimal(18, 2)), CAST(0.0000 AS Decimal(18, 4)), CAST(57.5000 AS Decimal(18, 4)), 1, CAST(78.5000 AS Decimal(18, 4)), 1, CAST(0.0000 AS Decimal(18, 4)), 1, CAST(57.5000 AS Decimal(18, 4)), 1, CAST(0.0000 AS Decimal(18, 4)), 1, CAST(0.0000 AS Decimal(18, 4)), 1, CAST(0.0000 AS Decimal(18, 4)), 1, CAST(0.0000 AS Decimal(18, 4)), 1, N'', CAST(0.00 AS Decimal(18, 2)), CAST(0.00 AS Decimal(18, 2)), CAST(0.00 AS Decimal(18, 2)), CAST(0.00 AS Decimal(18, 2)), CAST(0.00 AS Decimal(18, 2)), CAST(5.00 AS Decimal(18, 2)), NULL, 1, 1, CAST(N'2013-10-27 13:44:00' AS SmallDateTime), CAST(0.00 AS Decimal(18, 2)), CAST(0.00 AS Decimal(18, 2)), CAST(0.00 AS Decimal(18, 2)), CAST(0.00 AS Decimal(18, 2)), CAST(0.00 AS Decimal(18, 2)), NULL, CAST(0.0000 AS Decimal(18, 4)), NULL, 0, CAST(0.00 AS Decimal(18, 2)), CAST(0.00 AS Decimal(18, 2)), NULL, NULL, NULL, 0, 0)
  
INSERT [dbo].[ProductUnits] ([UnitId], [ProductId], [Aciklama], [BirimAdi], [Carpan], [EskiAlisFiyati], [AlisFiyati], [APb], [PiyasaFiyati], [PPb], [SatisFiyati0], [Pb0], [SatisFiyati1], [Pb1], [SatisFiyati2], [Pb2], [SatisFiyati3], [Pb3], [SatisFiyati4], [Pb4], [SatisFiyati5], [Pb5], [Barcode], [En], [Boy], [Yukseklik], [Agirlik], [Hacim], [Desi], [Indirim1], [IsDefault], [IsActive], [LastModified], [Isk1], [Isk2], [Isk3], [Isk4], [Isk5], [CompareUrl], [ComparePrice], [LastCompare], [AutoCompare], [CompareHKar], [CompareSKar], [CompareSite], [CompareOrder], [LinkOrder], [KdvDahil], [PartSale]) VALUES (363, 362, N'Adet', N'Adet', CAST(1.00 AS Decimal(18, 2)), CAST(0.0000 AS Decimal(18, 4)), CAST(1850.0000 AS Decimal(18, 4)), 1, CAST(2000.0000 AS Decimal(18, 4)), 1, CAST(1800.0000 AS Decimal(18, 4)), 1, CAST(1850.0000 AS Decimal(18, 4)), 1, CAST(0.0000 AS Decimal(18, 4)), 1, CAST(0.0000 AS Decimal(18, 4)), 1, CAST(0.0000 AS Decimal(18, 4)), 1, CAST(0.0000 AS Decimal(18, 4)), 1, N'', CAST(0.00 AS Decimal(18, 2)), CAST(0.00 AS Decimal(18, 2)), CAST(0.00 AS Decimal(18, 2)), CAST(0.00 AS Decimal(18, 2)), CAST(0.00 AS Decimal(18, 2)), CAST(5.00 AS Decimal(18, 2)), NULL, 1, 1, CAST(N'2013-10-27 13:44:00' AS SmallDateTime), CAST(0.00 AS Decimal(18, 2)), CAST(0.00 AS Decimal(18, 2)), CAST(0.00 AS Decimal(18, 2)), CAST(0.00 AS Decimal(18, 2)), CAST(0.00 AS Decimal(18, 2)), NULL, CAST(0.0000 AS Decimal(18, 4)), NULL, 0, CAST(0.00 AS Decimal(18, 2)), CAST(0.00 AS Decimal(18, 2)), NULL, NULL, NULL, 0, 0)
  
INSERT [dbo].[ProductUnits] ([UnitId], [ProductId], [Aciklama], [BirimAdi], [Carpan], [EskiAlisFiyati], [AlisFiyati], [APb], [PiyasaFiyati], [PPb], [SatisFiyati0], [Pb0], [SatisFiyati1], [Pb1], [SatisFiyati2], [Pb2], [SatisFiyati3], [Pb3], [SatisFiyati4], [Pb4], [SatisFiyati5], [Pb5], [Barcode], [En], [Boy], [Yukseklik], [Agirlik], [Hacim], [Desi], [Indirim1], [IsDefault], [IsActive], [LastModified], [Isk1], [Isk2], [Isk3], [Isk4], [Isk5], [CompareUrl], [ComparePrice], [LastCompare], [AutoCompare], [CompareHKar], [CompareSKar], [CompareSite], [CompareOrder], [LinkOrder], [KdvDahil], [PartSale]) VALUES (364, 363, N'Adet', N'Adet', CAST(1.00 AS Decimal(18, 2)), CAST(0.0000 AS Decimal(18, 4)), CAST(1800.0000 AS Decimal(18, 4)), 1, CAST(0.0000 AS Decimal(18, 4)), 1, CAST(1700.0000 AS Decimal(18, 4)), 1, CAST(1800.0000 AS Decimal(18, 4)), 1, CAST(0.0000 AS Decimal(18, 4)), 1, CAST(0.0000 AS Decimal(18, 4)), 1, CAST(0.0000 AS Decimal(18, 4)), 1, CAST(0.0000 AS Decimal(18, 4)), 1, N'', CAST(0.00 AS Decimal(18, 2)), CAST(0.00 AS Decimal(18, 2)), CAST(0.00 AS Decimal(18, 2)), CAST(0.00 AS Decimal(18, 2)), CAST(0.00 AS Decimal(18, 2)), CAST(5.00 AS Decimal(18, 2)), NULL, 1, 1, CAST(N'2013-10-27 13:44:00' AS SmallDateTime), CAST(0.00 AS Decimal(18, 2)), CAST(0.00 AS Decimal(18, 2)), CAST(0.00 AS Decimal(18, 2)), CAST(0.00 AS Decimal(18, 2)), CAST(0.00 AS Decimal(18, 2)), NULL, CAST(0.0000 AS Decimal(18, 4)), NULL, 0, CAST(0.00 AS Decimal(18, 2)), CAST(0.00 AS Decimal(18, 2)), NULL, NULL, NULL, 0, 0)
  
INSERT [dbo].[ProductUnits] ([UnitId], [ProductId], [Aciklama], [BirimAdi], [Carpan], [EskiAlisFiyati], [AlisFiyati], [APb], [PiyasaFiyati], [PPb], [SatisFiyati0], [Pb0], [SatisFiyati1], [Pb1], [SatisFiyati2], [Pb2], [SatisFiyati3], [Pb3], [SatisFiyati4], [Pb4], [SatisFiyati5], [Pb5], [Barcode], [En], [Boy], [Yukseklik], [Agirlik], [Hacim], [Desi], [Indirim1], [IsDefault], [IsActive], [LastModified], [Isk1], [Isk2], [Isk3], [Isk4], [Isk5], [CompareUrl], [ComparePrice], [LastCompare], [AutoCompare], [CompareHKar], [CompareSKar], [CompareSite], [CompareOrder], [LinkOrder], [KdvDahil], [PartSale]) VALUES (365, 364, N'Adet', N'Adet', CAST(1.00 AS Decimal(18, 2)), CAST(0.0000 AS Decimal(18, 4)), CAST(70.0000 AS Decimal(18, 4)), 1, CAST(0.0000 AS Decimal(18, 4)), 1, CAST(0.0000 AS Decimal(18, 4)), 1, CAST(70.0000 AS Decimal(18, 4)), 1, CAST(0.0000 AS Decimal(18, 4)), 1, CAST(0.0000 AS Decimal(18, 4)), 1, CAST(0.0000 AS Decimal(18, 4)), 1, CAST(0.0000 AS Decimal(18, 4)), 1, N'', CAST(0.00 AS Decimal(18, 2)), CAST(0.00 AS Decimal(18, 2)), CAST(0.00 AS Decimal(18, 2)), CAST(0.00 AS Decimal(18, 2)), CAST(0.00 AS Decimal(18, 2)), CAST(5.00 AS Decimal(18, 2)), NULL, 1, 1, CAST(N'2013-10-27 13:44:00' AS SmallDateTime), CAST(0.00 AS Decimal(18, 2)), CAST(0.00 AS Decimal(18, 2)), CAST(0.00 AS Decimal(18, 2)), CAST(0.00 AS Decimal(18, 2)), CAST(0.00 AS Decimal(18, 2)), NULL, CAST(0.0000 AS Decimal(18, 4)), NULL, 0, CAST(0.00 AS Decimal(18, 2)), CAST(0.00 AS Decimal(18, 2)), NULL, NULL, NULL, 0, 0)
  
INSERT [dbo].[ProductUnits] ([UnitId], [ProductId], [Aciklama], [BirimAdi], [Carpan], [EskiAlisFiyati], [AlisFiyati], [APb], [PiyasaFiyati], [PPb], [SatisFiyati0], [Pb0], [SatisFiyati1], [Pb1], [SatisFiyati2], [Pb2], [SatisFiyati3], [Pb3], [SatisFiyati4], [Pb4], [SatisFiyati5], [Pb5], [Barcode], [En], [Boy], [Yukseklik], [Agirlik], [Hacim], [Desi], [Indirim1], [IsDefault], [IsActive], [LastModified], [Isk1], [Isk2], [Isk3], [Isk4], [Isk5], [CompareUrl], [ComparePrice], [LastCompare], [AutoCompare], [CompareHKar], [CompareSKar], [CompareSite], [CompareOrder], [LinkOrder], [KdvDahil], [PartSale]) VALUES (367, 366, N'Adet', N'Adet', CAST(1.00 AS Decimal(18, 2)), CAST(0.0000 AS Decimal(18, 4)), CAST(95.0000 AS Decimal(18, 4)), 3, CAST(0.0000 AS Decimal(18, 4)), 1, CAST(90.0000 AS Decimal(18, 4)), 3, CAST(95.0000 AS Decimal(18, 4)), 3, CAST(0.0000 AS Decimal(18, 4)), 3, CAST(0.0000 AS Decimal(18, 4)), 3, CAST(0.0000 AS Decimal(18, 4)), 3, CAST(0.0000 AS Decimal(18, 4)), 3, N'', CAST(0.00 AS Decimal(18, 2)), CAST(0.00 AS Decimal(18, 2)), CAST(0.00 AS Decimal(18, 2)), CAST(0.00 AS Decimal(18, 2)), CAST(0.00 AS Decimal(18, 2)), CAST(5.00 AS Decimal(18, 2)), NULL, 1, 1, CAST(N'2013-10-27 13:44:00' AS SmallDateTime), CAST(0.00 AS Decimal(18, 2)), CAST(0.00 AS Decimal(18, 2)), CAST(0.00 AS Decimal(18, 2)), CAST(0.00 AS Decimal(18, 2)), CAST(0.00 AS Decimal(18, 2)), NULL, CAST(0.0000 AS Decimal(18, 4)), NULL, 0, CAST(0.00 AS Decimal(18, 2)), CAST(0.00 AS Decimal(18, 2)), NULL, NULL, NULL, 0, 0)
  
INSERT [dbo].[ProductUnits] ([UnitId], [ProductId], [Aciklama], [BirimAdi], [Carpan], [EskiAlisFiyati], [AlisFiyati], [APb], [PiyasaFiyati], [PPb], [SatisFiyati0], [Pb0], [SatisFiyati1], [Pb1], [SatisFiyati2], [Pb2], [SatisFiyati3], [Pb3], [SatisFiyati4], [Pb4], [SatisFiyati5], [Pb5], [Barcode], [En], [Boy], [Yukseklik], [Agirlik], [Hacim], [Desi], [Indirim1], [IsDefault], [IsActive], [LastModified], [Isk1], [Isk2], [Isk3], [Isk4], [Isk5], [CompareUrl], [ComparePrice], [LastCompare], [AutoCompare], [CompareHKar], [CompareSKar], [CompareSite], [CompareOrder], [LinkOrder], [KdvDahil], [PartSale]) VALUES (368, 367, N'Adet', N'Adet', CAST(1.00 AS Decimal(18, 2)), CAST(0.0000 AS Decimal(18, 4)), CAST(0.0000 AS Decimal(18, 4)), 1, CAST(0.0000 AS Decimal(18, 4)), 1, CAST(0.0000 AS Decimal(18, 4)), 1, CAST(299.0000 AS Decimal(18, 4)), 2, CAST(0.0000 AS Decimal(18, 4)), 1, CAST(0.0000 AS Decimal(18, 4)), 1, CAST(0.0000 AS Decimal(18, 4)), 1, CAST(0.0000 AS Decimal(18, 4)), 1, N'', CAST(0.00 AS Decimal(18, 2)), CAST(0.00 AS Decimal(18, 2)), CAST(0.00 AS Decimal(18, 2)), CAST(0.00 AS Decimal(18, 2)), CAST(0.00 AS Decimal(18, 2)), CAST(0.00 AS Decimal(18, 2)), NULL, 1, 1, CAST(N'2013-10-30 16:48:00' AS SmallDateTime), CAST(0.00 AS Decimal(18, 2)), CAST(0.00 AS Decimal(18, 2)), CAST(0.00 AS Decimal(18, 2)), CAST(0.00 AS Decimal(18, 2)), CAST(0.00 AS Decimal(18, 2)), NULL, CAST(0.0000 AS Decimal(18, 4)), NULL, 0, CAST(0.00 AS Decimal(18, 2)), CAST(0.00 AS Decimal(18, 2)), NULL, NULL, NULL, 0, 0)
  
INSERT [dbo].[ProductUnits] ([UnitId], [ProductId], [Aciklama], [BirimAdi], [Carpan], [EskiAlisFiyati], [AlisFiyati], [APb], [PiyasaFiyati], [PPb], [SatisFiyati0], [Pb0], [SatisFiyati1], [Pb1], [SatisFiyati2], [Pb2], [SatisFiyati3], [Pb3], [SatisFiyati4], [Pb4], [SatisFiyati5], [Pb5], [Barcode], [En], [Boy], [Yukseklik], [Agirlik], [Hacim], [Desi], [Indirim1], [IsDefault], [IsActive], [LastModified], [Isk1], [Isk2], [Isk3], [Isk4], [Isk5], [CompareUrl], [ComparePrice], [LastCompare], [AutoCompare], [CompareHKar], [CompareSKar], [CompareSite], [CompareOrder], [LinkOrder], [KdvDahil], [PartSale]) VALUES (369, 368, N'Adet', N'Adet', CAST(1.00 AS Decimal(18, 2)), CAST(0.0000 AS Decimal(18, 4)), CAST(0.0000 AS Decimal(18, 4)), 1, CAST(0.0000 AS Decimal(18, 4)), 1, CAST(0.0000 AS Decimal(18, 4)), 1, CAST(299.0000 AS Decimal(18, 4)), 2, CAST(0.0000 AS Decimal(18, 4)), 1, CAST(0.0000 AS Decimal(18, 4)), 1, CAST(0.0000 AS Decimal(18, 4)), 1, CAST(0.0000 AS Decimal(18, 4)), 1, N'', CAST(0.00 AS Decimal(18, 2)), CAST(0.00 AS Decimal(18, 2)), CAST(0.00 AS Decimal(18, 2)), CAST(0.00 AS Decimal(18, 2)), CAST(0.00 AS Decimal(18, 2)), CAST(0.00 AS Decimal(18, 2)), NULL, 1, 1, CAST(N'2013-10-30 16:45:00' AS SmallDateTime), CAST(0.00 AS Decimal(18, 2)), CAST(0.00 AS Decimal(18, 2)), CAST(0.00 AS Decimal(18, 2)), CAST(0.00 AS Decimal(18, 2)), CAST(0.00 AS Decimal(18, 2)), NULL, CAST(0.0000 AS Decimal(18, 4)), NULL, 0, CAST(0.00 AS Decimal(18, 2)), CAST(0.00 AS Decimal(18, 2)), NULL, NULL, NULL, 0, 0)
  
INSERT [dbo].[ProductUnits] ([UnitId], [ProductId], [Aciklama], [BirimAdi], [Carpan], [EskiAlisFiyati], [AlisFiyati], [APb], [PiyasaFiyati], [PPb], [SatisFiyati0], [Pb0], [SatisFiyati1], [Pb1], [SatisFiyati2], [Pb2], [SatisFiyati3], [Pb3], [SatisFiyati4], [Pb4], [SatisFiyati5], [Pb5], [Barcode], [En], [Boy], [Yukseklik], [Agirlik], [Hacim], [Desi], [Indirim1], [IsDefault], [IsActive], [LastModified], [Isk1], [Isk2], [Isk3], [Isk4], [Isk5], [CompareUrl], [ComparePrice], [LastCompare], [AutoCompare], [CompareHKar], [CompareSKar], [CompareSite], [CompareOrder], [LinkOrder], [KdvDahil], [PartSale]) VALUES (379, 378, N'Adet', N'Adet', CAST(1.00 AS Decimal(18, 2)), CAST(0.0000 AS Decimal(18, 4)), CAST(0.0000 AS Decimal(18, 4)), 1, CAST(0.0000 AS Decimal(18, 4)), 1, CAST(0.0000 AS Decimal(18, 4)), 1, CAST(499.0000 AS Decimal(18, 4)), 2, CAST(0.0000 AS Decimal(18, 4)), 1, CAST(0.0000 AS Decimal(18, 4)), 1, CAST(0.0000 AS Decimal(18, 4)), 1, CAST(0.0000 AS Decimal(18, 4)), 1, N'', CAST(0.00 AS Decimal(18, 2)), CAST(0.00 AS Decimal(18, 2)), CAST(0.00 AS Decimal(18, 2)), CAST(0.00 AS Decimal(18, 2)), CAST(0.00 AS Decimal(18, 2)), CAST(0.00 AS Decimal(18, 2)), NULL, 1, 1, CAST(N'2013-10-30 16:53:00' AS SmallDateTime), CAST(0.00 AS Decimal(18, 2)), CAST(0.00 AS Decimal(18, 2)), CAST(0.00 AS Decimal(18, 2)), CAST(0.00 AS Decimal(18, 2)), CAST(0.00 AS Decimal(18, 2)), NULL, CAST(0.0000 AS Decimal(18, 4)), NULL, 0, CAST(0.00 AS Decimal(18, 2)), CAST(0.00 AS Decimal(18, 2)), NULL, NULL, NULL, 0, 0)
  
INSERT [dbo].[ProductUnits] ([UnitId], [ProductId], [Aciklama], [BirimAdi], [Carpan], [EskiAlisFiyati], [AlisFiyati], [APb], [PiyasaFiyati], [PPb], [SatisFiyati0], [Pb0], [SatisFiyati1], [Pb1], [SatisFiyati2], [Pb2], [SatisFiyati3], [Pb3], [SatisFiyati4], [Pb4], [SatisFiyati5], [Pb5], [Barcode], [En], [Boy], [Yukseklik], [Agirlik], [Hacim], [Desi], [Indirim1], [IsDefault], [IsActive], [LastModified], [Isk1], [Isk2], [Isk3], [Isk4], [Isk5], [CompareUrl], [ComparePrice], [LastCompare], [AutoCompare], [CompareHKar], [CompareSKar], [CompareSite], [CompareOrder], [LinkOrder], [KdvDahil], [PartSale]) VALUES (380, 379, N'Adet', N'Adet', CAST(1.00 AS Decimal(18, 2)), CAST(0.0000 AS Decimal(18, 4)), CAST(0.0000 AS Decimal(18, 4)), 1, CAST(0.0000 AS Decimal(18, 4)), 1, CAST(0.0000 AS Decimal(18, 4)), 1, CAST(499.0000 AS Decimal(18, 4)), 2, CAST(0.0000 AS Decimal(18, 4)), 1, CAST(0.0000 AS Decimal(18, 4)), 1, CAST(0.0000 AS Decimal(18, 4)), 1, CAST(0.0000 AS Decimal(18, 4)), 1, N'', CAST(0.00 AS Decimal(18, 2)), CAST(0.00 AS Decimal(18, 2)), CAST(0.00 AS Decimal(18, 2)), CAST(0.00 AS Decimal(18, 2)), CAST(0.00 AS Decimal(18, 2)), CAST(0.00 AS Decimal(18, 2)), NULL, 1, 1, CAST(N'2013-10-30 16:56:00' AS SmallDateTime), CAST(0.00 AS Decimal(18, 2)), CAST(0.00 AS Decimal(18, 2)), CAST(0.00 AS Decimal(18, 2)), CAST(0.00 AS Decimal(18, 2)), CAST(0.00 AS Decimal(18, 2)), NULL, CAST(0.0000 AS Decimal(18, 4)), NULL, 0, CAST(0.00 AS Decimal(18, 2)), CAST(0.00 AS Decimal(18, 2)), NULL, NULL, NULL, 0, 0)
  
INSERT [dbo].[ProductUnits] ([UnitId], [ProductId], [Aciklama], [BirimAdi], [Carpan], [EskiAlisFiyati], [AlisFiyati], [APb], [PiyasaFiyati], [PPb], [SatisFiyati0], [Pb0], [SatisFiyati1], [Pb1], [SatisFiyati2], [Pb2], [SatisFiyati3], [Pb3], [SatisFiyati4], [Pb4], [SatisFiyati5], [Pb5], [Barcode], [En], [Boy], [Yukseklik], [Agirlik], [Hacim], [Desi], [Indirim1], [IsDefault], [IsActive], [LastModified], [Isk1], [Isk2], [Isk3], [Isk4], [Isk5], [CompareUrl], [ComparePrice], [LastCompare], [AutoCompare], [CompareHKar], [CompareSKar], [CompareSite], [CompareOrder], [LinkOrder], [KdvDahil], [PartSale]) VALUES (381, 380, N'Adet', N'Adet', CAST(1.00 AS Decimal(18, 2)), CAST(0.0000 AS Decimal(18, 4)), CAST(0.0000 AS Decimal(18, 4)), 1, CAST(0.0000 AS Decimal(18, 4)), 1, CAST(0.0000 AS Decimal(18, 4)), 1, CAST(150.0000 AS Decimal(18, 4)), 2, CAST(0.0000 AS Decimal(18, 4)), 1, CAST(0.0000 AS Decimal(18, 4)), 1, CAST(0.0000 AS Decimal(18, 4)), 1, CAST(0.0000 AS Decimal(18, 4)), 1, N'', CAST(0.00 AS Decimal(18, 2)), CAST(0.00 AS Decimal(18, 2)), CAST(0.00 AS Decimal(18, 2)), CAST(0.00 AS Decimal(18, 2)), CAST(0.00 AS Decimal(18, 2)), CAST(0.00 AS Decimal(18, 2)), NULL, 1, 1, CAST(N'2013-10-30 16:57:00' AS SmallDateTime), CAST(0.00 AS Decimal(18, 2)), CAST(0.00 AS Decimal(18, 2)), CAST(0.00 AS Decimal(18, 2)), CAST(0.00 AS Decimal(18, 2)), CAST(0.00 AS Decimal(18, 2)), NULL, CAST(0.0000 AS Decimal(18, 4)), NULL, 0, CAST(0.00 AS Decimal(18, 2)), CAST(0.00 AS Decimal(18, 2)), NULL, NULL, NULL, 0, 0)
  
INSERT [dbo].[ProductUnits] ([UnitId], [ProductId], [Aciklama], [BirimAdi], [Carpan], [EskiAlisFiyati], [AlisFiyati], [APb], [PiyasaFiyati], [PPb], [SatisFiyati0], [Pb0], [SatisFiyati1], [Pb1], [SatisFiyati2], [Pb2], [SatisFiyati3], [Pb3], [SatisFiyati4], [Pb4], [SatisFiyati5], [Pb5], [Barcode], [En], [Boy], [Yukseklik], [Agirlik], [Hacim], [Desi], [Indirim1], [IsDefault], [IsActive], [LastModified], [Isk1], [Isk2], [Isk3], [Isk4], [Isk5], [CompareUrl], [ComparePrice], [LastCompare], [AutoCompare], [CompareHKar], [CompareSKar], [CompareSite], [CompareOrder], [LinkOrder], [KdvDahil], [PartSale]) VALUES (382, 381, N'Adet', N'Adet', CAST(1.00 AS Decimal(18, 2)), CAST(0.0000 AS Decimal(18, 4)), CAST(0.0000 AS Decimal(18, 4)), 1, CAST(0.0000 AS Decimal(18, 4)), 1, CAST(0.0000 AS Decimal(18, 4)), 1, CAST(500.0000 AS Decimal(18, 4)), 2, CAST(0.0000 AS Decimal(18, 4)), 1, CAST(0.0000 AS Decimal(18, 4)), 1, CAST(0.0000 AS Decimal(18, 4)), 1, CAST(0.0000 AS Decimal(18, 4)), 1, N'', CAST(0.00 AS Decimal(18, 2)), CAST(0.00 AS Decimal(18, 2)), CAST(0.00 AS Decimal(18, 2)), CAST(0.00 AS Decimal(18, 2)), CAST(0.00 AS Decimal(18, 2)), CAST(0.00 AS Decimal(18, 2)), NULL, 1, 1, CAST(N'2013-10-30 16:59:00' AS SmallDateTime), CAST(0.00 AS Decimal(18, 2)), CAST(0.00 AS Decimal(18, 2)), CAST(0.00 AS Decimal(18, 2)), CAST(0.00 AS Decimal(18, 2)), CAST(0.00 AS Decimal(18, 2)), NULL, CAST(0.0000 AS Decimal(18, 4)), NULL, 0, CAST(0.00 AS Decimal(18, 2)), CAST(0.00 AS Decimal(18, 2)), NULL, NULL, NULL, 0, 0)
  
INSERT [dbo].[ProductUnits] ([UnitId], [ProductId], [Aciklama], [BirimAdi], [Carpan], [EskiAlisFiyati], [AlisFiyati], [APb], [PiyasaFiyati], [PPb], [SatisFiyati0], [Pb0], [SatisFiyati1], [Pb1], [SatisFiyati2], [Pb2], [SatisFiyati3], [Pb3], [SatisFiyati4], [Pb4], [SatisFiyati5], [Pb5], [Barcode], [En], [Boy], [Yukseklik], [Agirlik], [Hacim], [Desi], [Indirim1], [IsDefault], [IsActive], [LastModified], [Isk1], [Isk2], [Isk3], [Isk4], [Isk5], [CompareUrl], [ComparePrice], [LastCompare], [AutoCompare], [CompareHKar], [CompareSKar], [CompareSite], [CompareOrder], [LinkOrder], [KdvDahil], [PartSale]) VALUES (383, 382, N'Adet', N'Adet', CAST(1.00 AS Decimal(18, 2)), CAST(0.0000 AS Decimal(18, 4)), CAST(0.0000 AS Decimal(18, 4)), 1, CAST(0.0000 AS Decimal(18, 4)), 1, CAST(0.0000 AS Decimal(18, 4)), 1, CAST(2000.0000 AS Decimal(18, 4)), 2, CAST(0.0000 AS Decimal(18, 4)), 1, CAST(0.0000 AS Decimal(18, 4)), 1, CAST(0.0000 AS Decimal(18, 4)), 1, CAST(0.0000 AS Decimal(18, 4)), 1, N'', CAST(0.00 AS Decimal(18, 2)), CAST(0.00 AS Decimal(18, 2)), CAST(0.00 AS Decimal(18, 2)), CAST(0.00 AS Decimal(18, 2)), CAST(0.00 AS Decimal(18, 2)), CAST(0.00 AS Decimal(18, 2)), NULL, 1, 1, CAST(N'2013-10-30 17:01:00' AS SmallDateTime), CAST(0.00 AS Decimal(18, 2)), CAST(0.00 AS Decimal(18, 2)), CAST(0.00 AS Decimal(18, 2)), CAST(0.00 AS Decimal(18, 2)), CAST(0.00 AS Decimal(18, 2)), NULL, CAST(0.0000 AS Decimal(18, 4)), NULL, 0, CAST(0.00 AS Decimal(18, 2)), CAST(0.00 AS Decimal(18, 2)), NULL, NULL, NULL, 0, 0)
  
INSERT [dbo].[ProductUnits] ([UnitId], [ProductId], [Aciklama], [BirimAdi], [Carpan], [EskiAlisFiyati], [AlisFiyati], [APb], [PiyasaFiyati], [PPb], [SatisFiyati0], [Pb0], [SatisFiyati1], [Pb1], [SatisFiyati2], [Pb2], [SatisFiyati3], [Pb3], [SatisFiyati4], [Pb4], [SatisFiyati5], [Pb5], [Barcode], [En], [Boy], [Yukseklik], [Agirlik], [Hacim], [Desi], [Indirim1], [IsDefault], [IsActive], [LastModified], [Isk1], [Isk2], [Isk3], [Isk4], [Isk5], [CompareUrl], [ComparePrice], [LastCompare], [AutoCompare], [CompareHKar], [CompareSKar], [CompareSite], [CompareOrder], [LinkOrder], [KdvDahil], [PartSale]) VALUES (384, 383, N'Adet', N'Adet', CAST(1.00 AS Decimal(18, 2)), CAST(0.0000 AS Decimal(18, 4)), CAST(0.0000 AS Decimal(18, 4)), 1, CAST(0.0000 AS Decimal(18, 4)), 1, CAST(0.0000 AS Decimal(18, 4)), 1, CAST(4500.0000 AS Decimal(18, 4)), 2, CAST(0.0000 AS Decimal(18, 4)), 1, CAST(0.0000 AS Decimal(18, 4)), 1, CAST(0.0000 AS Decimal(18, 4)), 1, CAST(0.0000 AS Decimal(18, 4)), 1, N'', CAST(0.00 AS Decimal(18, 2)), CAST(0.00 AS Decimal(18, 2)), CAST(0.00 AS Decimal(18, 2)), CAST(0.00 AS Decimal(18, 2)), CAST(0.00 AS Decimal(18, 2)), CAST(0.00 AS Decimal(18, 2)), NULL, 1, 1, CAST(N'2013-10-30 17:02:00' AS SmallDateTime), CAST(0.00 AS Decimal(18, 2)), CAST(0.00 AS Decimal(18, 2)), CAST(0.00 AS Decimal(18, 2)), CAST(0.00 AS Decimal(18, 2)), CAST(0.00 AS Decimal(18, 2)), NULL, CAST(0.0000 AS Decimal(18, 4)), NULL, 0, CAST(0.00 AS Decimal(18, 2)), CAST(0.00 AS Decimal(18, 2)), NULL, NULL, NULL, 0, 0)
  
INSERT [dbo].[ProductUnits] ([UnitId], [ProductId], [Aciklama], [BirimAdi], [Carpan], [EskiAlisFiyati], [AlisFiyati], [APb], [PiyasaFiyati], [PPb], [SatisFiyati0], [Pb0], [SatisFiyati1], [Pb1], [SatisFiyati2], [Pb2], [SatisFiyati3], [Pb3], [SatisFiyati4], [Pb4], [SatisFiyati5], [Pb5], [Barcode], [En], [Boy], [Yukseklik], [Agirlik], [Hacim], [Desi], [Indirim1], [IsDefault], [IsActive], [LastModified], [Isk1], [Isk2], [Isk3], [Isk4], [Isk5], [CompareUrl], [ComparePrice], [LastCompare], [AutoCompare], [CompareHKar], [CompareSKar], [CompareSite], [CompareOrder], [LinkOrder], [KdvDahil], [PartSale]) VALUES (385, 384, N'Adet', N'Adet', CAST(1.00 AS Decimal(18, 2)), CAST(0.0000 AS Decimal(18, 4)), CAST(0.0000 AS Decimal(18, 4)), 1, CAST(0.0000 AS Decimal(18, 4)), 1, CAST(0.0000 AS Decimal(18, 4)), 1, CAST(7000.0000 AS Decimal(18, 4)), 1, CAST(0.0000 AS Decimal(18, 4)), 1, CAST(0.0000 AS Decimal(18, 4)), 1, CAST(0.0000 AS Decimal(18, 4)), 1, CAST(0.0000 AS Decimal(18, 4)), 1, N'', CAST(0.00 AS Decimal(18, 2)), CAST(0.00 AS Decimal(18, 2)), CAST(0.00 AS Decimal(18, 2)), CAST(0.00 AS Decimal(18, 2)), CAST(0.00 AS Decimal(18, 2)), CAST(0.00 AS Decimal(18, 2)), NULL, 1, 1, CAST(N'2013-10-30 17:04:00' AS SmallDateTime), CAST(0.00 AS Decimal(18, 2)), CAST(0.00 AS Decimal(18, 2)), CAST(0.00 AS Decimal(18, 2)), CAST(0.00 AS Decimal(18, 2)), CAST(0.00 AS Decimal(18, 2)), NULL, CAST(0.0000 AS Decimal(18, 4)), NULL, 0, CAST(0.00 AS Decimal(18, 2)), CAST(0.00 AS Decimal(18, 2)), NULL, NULL, NULL, 0, 0)
  
INSERT [dbo].[ProductUnits] ([UnitId], [ProductId], [Aciklama], [BirimAdi], [Carpan], [EskiAlisFiyati], [AlisFiyati], [APb], [PiyasaFiyati], [PPb], [SatisFiyati0], [Pb0], [SatisFiyati1], [Pb1], [SatisFiyati2], [Pb2], [SatisFiyati3], [Pb3], [SatisFiyati4], [Pb4], [SatisFiyati5], [Pb5], [Barcode], [En], [Boy], [Yukseklik], [Agirlik], [Hacim], [Desi], [Indirim1], [IsDefault], [IsActive], [LastModified], [Isk1], [Isk2], [Isk3], [Isk4], [Isk5], [CompareUrl], [ComparePrice], [LastCompare], [AutoCompare], [CompareHKar], [CompareSKar], [CompareSite], [CompareOrder], [LinkOrder], [KdvDahil], [PartSale]) VALUES (386, 385, N'Adet', N'Adet', CAST(1.00 AS Decimal(18, 2)), CAST(0.0000 AS Decimal(18, 4)), CAST(0.0000 AS Decimal(18, 4)), 1, CAST(0.0000 AS Decimal(18, 4)), 1, CAST(0.0000 AS Decimal(18, 4)), 1, CAST(500.0000 AS Decimal(18, 4)), 2, CAST(0.0000 AS Decimal(18, 4)), 1, CAST(0.0000 AS Decimal(18, 4)), 1, CAST(0.0000 AS Decimal(18, 4)), 1, CAST(0.0000 AS Decimal(18, 4)), 1, N'', CAST(0.00 AS Decimal(18, 2)), CAST(0.00 AS Decimal(18, 2)), CAST(0.00 AS Decimal(18, 2)), CAST(0.00 AS Decimal(18, 2)), CAST(0.00 AS Decimal(18, 2)), CAST(0.00 AS Decimal(18, 2)), NULL, 1, 1, CAST(N'2013-10-30 17:06:00' AS SmallDateTime), CAST(0.00 AS Decimal(18, 2)), CAST(0.00 AS Decimal(18, 2)), CAST(0.00 AS Decimal(18, 2)), CAST(0.00 AS Decimal(18, 2)), CAST(0.00 AS Decimal(18, 2)), NULL, CAST(0.0000 AS Decimal(18, 4)), NULL, 0, CAST(0.00 AS Decimal(18, 2)), CAST(0.00 AS Decimal(18, 2)), NULL, NULL, NULL, 0, 0)
  
INSERT [dbo].[ProductUnits] ([UnitId], [ProductId], [Aciklama], [BirimAdi], [Carpan], [EskiAlisFiyati], [AlisFiyati], [APb], [PiyasaFiyati], [PPb], [SatisFiyati0], [Pb0], [SatisFiyati1], [Pb1], [SatisFiyati2], [Pb2], [SatisFiyati3], [Pb3], [SatisFiyati4], [Pb4], [SatisFiyati5], [Pb5], [Barcode], [En], [Boy], [Yukseklik], [Agirlik], [Hacim], [Desi], [Indirim1], [IsDefault], [IsActive], [LastModified], [Isk1], [Isk2], [Isk3], [Isk4], [Isk5], [CompareUrl], [ComparePrice], [LastCompare], [AutoCompare], [CompareHKar], [CompareSKar], [CompareSite], [CompareOrder], [LinkOrder], [KdvDahil], [PartSale]) VALUES (387, 386, N'Adet', N'Adet', CAST(1.00 AS Decimal(18, 2)), CAST(0.0000 AS Decimal(18, 4)), CAST(0.0000 AS Decimal(18, 4)), 1, CAST(0.0000 AS Decimal(18, 4)), 1, CAST(0.0000 AS Decimal(18, 4)), 1, CAST(1000.0000 AS Decimal(18, 4)), 2, CAST(0.0000 AS Decimal(18, 4)), 1, CAST(0.0000 AS Decimal(18, 4)), 1, CAST(0.0000 AS Decimal(18, 4)), 1, CAST(0.0000 AS Decimal(18, 4)), 1, N'', CAST(0.00 AS Decimal(18, 2)), CAST(0.00 AS Decimal(18, 2)), CAST(0.00 AS Decimal(18, 2)), CAST(0.00 AS Decimal(18, 2)), CAST(0.00 AS Decimal(18, 2)), CAST(0.00 AS Decimal(18, 2)), NULL, 1, 1, CAST(N'2013-10-30 17:07:00' AS SmallDateTime), CAST(0.00 AS Decimal(18, 2)), CAST(0.00 AS Decimal(18, 2)), CAST(0.00 AS Decimal(18, 2)), CAST(0.00 AS Decimal(18, 2)), CAST(0.00 AS Decimal(18, 2)), NULL, CAST(0.0000 AS Decimal(18, 4)), NULL, 0, CAST(0.00 AS Decimal(18, 2)), CAST(0.00 AS Decimal(18, 2)), NULL, NULL, NULL, 0, 0)
  
INSERT [dbo].[ProductUnits] ([UnitId], [ProductId], [Aciklama], [BirimAdi], [Carpan], [EskiAlisFiyati], [AlisFiyati], [APb], [PiyasaFiyati], [PPb], [SatisFiyati0], [Pb0], [SatisFiyati1], [Pb1], [SatisFiyati2], [Pb2], [SatisFiyati3], [Pb3], [SatisFiyati4], [Pb4], [SatisFiyati5], [Pb5], [Barcode], [En], [Boy], [Yukseklik], [Agirlik], [Hacim], [Desi], [Indirim1], [IsDefault], [IsActive], [LastModified], [Isk1], [Isk2], [Isk3], [Isk4], [Isk5], [CompareUrl], [ComparePrice], [LastCompare], [AutoCompare], [CompareHKar], [CompareSKar], [CompareSite], [CompareOrder], [LinkOrder], [KdvDahil], [PartSale]) VALUES (388, 387, N'Adet', N'Adet', CAST(1.00 AS Decimal(18, 2)), CAST(0.0000 AS Decimal(18, 4)), CAST(0.0000 AS Decimal(18, 4)), 1, CAST(0.0000 AS Decimal(18, 4)), 1, CAST(0.0000 AS Decimal(18, 4)), 1, CAST(5000.0000 AS Decimal(18, 4)), 2, CAST(0.0000 AS Decimal(18, 4)), 1, CAST(0.0000 AS Decimal(18, 4)), 1, CAST(0.0000 AS Decimal(18, 4)), 1, CAST(0.0000 AS Decimal(18, 4)), 1, N'', CAST(0.00 AS Decimal(18, 2)), CAST(0.00 AS Decimal(18, 2)), CAST(0.00 AS Decimal(18, 2)), CAST(0.00 AS Decimal(18, 2)), CAST(0.00 AS Decimal(18, 2)), CAST(0.00 AS Decimal(18, 2)), NULL, 1, 1, CAST(N'2013-10-30 17:07:00' AS SmallDateTime), CAST(0.00 AS Decimal(18, 2)), CAST(0.00 AS Decimal(18, 2)), CAST(0.00 AS Decimal(18, 2)), CAST(0.00 AS Decimal(18, 2)), CAST(0.00 AS Decimal(18, 2)), NULL, CAST(0.0000 AS Decimal(18, 4)), NULL, 0, CAST(0.00 AS Decimal(18, 2)), CAST(0.00 AS Decimal(18, 2)), NULL, NULL, NULL, 0, 0)
 

SET IDENTITY_INSERT [dbo].[ProductUnits] OFF

SET IDENTITY_INSERT [dbo].[ProductWizards] ON


INSERT [dbo].[ProductWizards] ([WizardId], [WizardName], [PortalId], [IsActive], [IsVisible], [Description], [Details], [ShowOrder], [Type]) VALUES (2, N'Cep Telefonu', 0, 1, 1, N'uploads/kargobizden.gif', N'&lt;table cellspacing=&quot;1&quot; cellpadding=&quot;1&quot; width=&quot;200&quot; summary=&quot;&quot; border=&quot;1&quot;&gt;
    &lt;tbody&gt;
        &lt;tr&gt;
            &lt;td&gt;&amp;nbsp;&lt;/td&gt;
            &lt;td&gt;&amp;nbsp;&lt;/td&gt;
        &lt;/tr&gt;
        &lt;tr&gt;
            &lt;td&gt;dfsdf&lt;/td&gt;
            &lt;td&gt;asdf ad&lt;/td&gt;
        &lt;/tr&gt;
        &lt;tr&gt;
            &lt;td&gt;&amp;nbsp;&lt;/td&gt;
            &lt;td&gt;&amp;nbsp;&lt;/td&gt;
        &lt;/tr&gt;
    &lt;/tbody&gt;
&lt;/table&gt;', 1,0)

INSERT [dbo].[ProductWizards] ([WizardId], [WizardName], [PortalId], [IsActive], [IsVisible], [Description], [Details], [ShowOrder]) VALUES (7, N'Araba', 0, 0, 0, N'', N'&lt;p&gt;df&lt;/p&gt;', 1)

INSERT [dbo].[ProductWizards] ([WizardId], [WizardName], [PortalId], [IsActive], [IsVisible], [Description], [Details], [ShowOrder]) VALUES (8, N'Yüzük Sihirbazı', 0, 0, 0, N'', N'&lt;p&gt;adg dg&lt;/p&gt;', 1)

SET IDENTITY_INSERT [dbo].[ProductWizards] OFF

SET IDENTITY_INSERT [dbo].[ProductWizardGroups] ON 


INSERT [dbo].[ProductWizardGroups] ([WizardGroupId], [WizardId], [WizardGroupName], [ShowOrder], [IsActive], [IsVisible]) VALUES (4, 2, N'Genel Özellikler', 1, 1, 1)

INSERT [dbo].[ProductWizardGroups] ([WizardGroupId], [WizardId], [WizardGroupName], [ShowOrder], [IsActive], [IsVisible]) VALUES (5, 2, N'Güç Özellikleri', 2, 1, 1)

INSERT [dbo].[ProductWizardGroups] ([WizardGroupId], [WizardId], [WizardGroupName], [ShowOrder], [IsActive], [IsVisible]) VALUES (6, 2, N'Bağlantı Özellikleri', 3, 1, 1)

INSERT [dbo].[ProductWizardGroups] ([WizardGroupId], [WizardId], [WizardGroupName], [ShowOrder], [IsActive], [IsVisible]) VALUES (7, 2, N'Kamera Özellikleri', 4, 1, 1)

INSERT [dbo].[ProductWizardGroups] ([WizardGroupId], [WizardId], [WizardGroupName], [ShowOrder], [IsActive], [IsVisible]) VALUES (8, 2, N'Ekran Özellikleri', 5, 1, 1)

INSERT [dbo].[ProductWizardGroups] ([WizardGroupId], [WizardId], [WizardGroupName], [ShowOrder], [IsActive], [IsVisible]) VALUES (9, 2, N'Diğer Özellikler', 7, 1, 0)

INSERT [dbo].[ProductWizardGroups] ([WizardGroupId], [WizardId], [WizardGroupName], [ShowOrder], [IsActive], [IsVisible]) VALUES (21, 7, N'Motor', 1, 1, 1)

INSERT [dbo].[ProductWizardGroups] ([WizardGroupId], [WizardId], [WizardGroupName], [ShowOrder], [IsActive], [IsVisible]) VALUES (22, 7, N'İç Aksam', 2, 1, 1)

INSERT [dbo].[ProductWizardGroups] ([WizardGroupId], [WizardId], [WizardGroupName], [ShowOrder], [IsActive], [IsVisible]) VALUES (23, 8, N'Taş Özellikleri', 1, 1, 1)

INSERT [dbo].[ProductWizardGroups] ([WizardGroupId], [WizardId], [WizardGroupName], [ShowOrder], [IsActive], [IsVisible]) VALUES (24, 8, N'Metal Özellikleri', 2, 1, 1)

INSERT [dbo].[ProductWizardGroups] ([WizardGroupId], [WizardId], [WizardGroupName], [ShowOrder], [IsActive], [IsVisible]) VALUES (25, 8, N'Diğer Özellikler', 3, 1, 0)

SET IDENTITY_INSERT [dbo].[ProductWizardGroups] OFF

SET IDENTITY_INSERT [dbo].[ProductWizardItems] ON 


INSERT [dbo].[ProductWizardItems] ([WizardItemId], [WizardGroupId], [WizardItemName], [WizardItemDetails], [ShowOrder], [IsActive], [IsVisible]) VALUES (2, 4, N'test', N'', 1, 1, 1)

INSERT [dbo].[ProductWizardItems] ([WizardItemId], [WizardGroupId], [WizardItemName], [WizardItemDetails], [ShowOrder], [IsActive], [IsVisible]) VALUES (9, 4, N'Anten', N'anten olayı', 2, 1, 1)

INSERT [dbo].[ProductWizardItems] ([WizardItemId], [WizardGroupId], [WizardItemName], [WizardItemDetails], [ShowOrder], [IsActive], [IsVisible]) VALUES (10, 5, N'woltaj', N'', 1, 1, 1)

INSERT [dbo].[ProductWizardItems] ([WizardItemId], [WizardGroupId], [WizardItemName], [WizardItemDetails], [ShowOrder], [IsActive], [IsVisible]) VALUES (11, 6, N'ekran', N'', 1, 1, 1)

INSERT [dbo].[ProductWizardItems] ([WizardItemId], [WizardGroupId], [WizardItemName], [WizardItemDetails], [ShowOrder], [IsActive], [IsVisible]) VALUES (18, 6, N'Wireless', N'', 1, 1, 1)

INSERT [dbo].[ProductWizardItems] ([WizardItemId], [WizardGroupId], [WizardItemName], [WizardItemDetails], [ShowOrder], [IsActive], [IsVisible]) VALUES (21, 21, N'Motor Hacmi', N'&lt;p&gt;a gewrg&lt;/p&gt;', 1, 1, 1)

INSERT [dbo].[ProductWizardItems] ([WizardItemId], [WizardGroupId], [WizardItemName], [WizardItemDetails], [ShowOrder], [IsActive], [IsVisible]) VALUES (22, 21, N'Yakıt Tipi', N'', 2, 1, 1)

INSERT [dbo].[ProductWizardItems] ([WizardItemId], [WizardGroupId], [WizardItemName], [WizardItemDetails], [ShowOrder], [IsActive], [IsVisible]) VALUES (23, 21, N'Enjeksyonlu', N'', 1, 1, 0)

INSERT [dbo].[ProductWizardItems] ([WizardItemId], [WizardGroupId], [WizardItemName], [WizardItemDetails], [ShowOrder], [IsActive], [IsVisible]) VALUES (24, 22, N'Klima', N'', 1, 1, 1)

INSERT [dbo].[ProductWizardItems] ([WizardItemId], [WizardGroupId], [WizardItemName], [WizardItemDetails], [ShowOrder], [IsActive], [IsVisible]) VALUES (25, 22, N'Döşeme', N'', 2, 1, 0)

INSERT [dbo].[ProductWizardItems] ([WizardItemId], [WizardGroupId], [WizardItemName], [WizardItemDetails], [ShowOrder], [IsActive], [IsVisible]) VALUES (26, 23, N'Taş Rengi', N'', 1, 1, 1)

INSERT [dbo].[ProductWizardItems] ([WizardItemId], [WizardGroupId], [WizardItemName], [WizardItemDetails], [ShowOrder], [IsActive], [IsVisible]) VALUES (27, 23, N'Taş sayısı', N'', 1, 1, 1)

INSERT [dbo].[ProductWizardItems] ([WizardItemId], [WizardGroupId], [WizardItemName], [WizardItemDetails], [ShowOrder], [IsActive], [IsVisible]) VALUES (28, 23, N'Taş Türü', N'', 1, 1, 1)

INSERT [dbo].[ProductWizardItems] ([WizardItemId], [WizardGroupId], [WizardItemName], [WizardItemDetails], [ShowOrder], [IsActive], [IsVisible]) VALUES (29, 23, N'Taş Kalitesi', N'', 1, 1, 0)

INSERT [dbo].[ProductWizardItems] ([WizardItemId], [WizardGroupId], [WizardItemName], [WizardItemDetails], [ShowOrder], [IsActive], [IsVisible]) VALUES (30, 24, N'Metal Türü', N'', 1, 1, 1)

INSERT [dbo].[ProductWizardItems] ([WizardItemId], [WizardGroupId], [WizardItemName], [WizardItemDetails], [ShowOrder], [IsActive], [IsVisible]) VALUES (31, 24, N'Metal ayarı', N'', 1, 1, 1)

INSERT [dbo].[ProductWizardItems] ([WizardItemId], [WizardGroupId], [WizardItemName], [WizardItemDetails], [ShowOrder], [IsActive], [IsVisible]) VALUES (32, 25, N'kesimi', N'', 1, 1, 1)

SET IDENTITY_INSERT [dbo].[ProductWizardItems] OFF

SET IDENTITY_INSERT [dbo].[ProductWizardLookups] ON 


INSERT [dbo].[ProductWizardLookups] ([LookupId], [WizardItemId], [LookupName], [ShowOrder]) VALUES (4, 2, N'51', 1)

INSERT [dbo].[ProductWizardLookups] ([LookupId], [WizardItemId], [LookupName], [ShowOrder]) VALUES (20, 9, N'12', 1)

INSERT [dbo].[ProductWizardLookups] ([LookupId], [WizardItemId], [LookupName], [ShowOrder]) VALUES (21, 10, N'110', 1)

INSERT [dbo].[ProductWizardLookups] ([LookupId], [WizardItemId], [LookupName], [ShowOrder]) VALUES (22, 10, N'220v', 1)

INSERT [dbo].[ProductWizardLookups] ([LookupId], [WizardItemId], [LookupName], [ShowOrder]) VALUES (23, 11, N'TFT', 1)

INSERT [dbo].[ProductWizardLookups] ([LookupId], [WizardItemId], [LookupName], [ShowOrder]) VALUES (24, 11, N'LCD', 1)

INSERT [dbo].[ProductWizardLookups] ([LookupId], [WizardItemId], [LookupName], [ShowOrder]) VALUES (39, 21, N'1.2', 1)

INSERT [dbo].[ProductWizardLookups] ([LookupId], [WizardItemId], [LookupName], [ShowOrder]) VALUES (40, 21, N'1.5', 1)

INSERT [dbo].[ProductWizardLookups] ([LookupId], [WizardItemId], [LookupName], [ShowOrder]) VALUES (41, 21, N'2.2', 1)

INSERT [dbo].[ProductWizardLookups] ([LookupId], [WizardItemId], [LookupName], [ShowOrder]) VALUES (42, 23, N'Evet', 1)

INSERT [dbo].[ProductWizardLookups] ([LookupId], [WizardItemId], [LookupName], [ShowOrder]) VALUES (43, 23, N'hayır', 1)

INSERT [dbo].[ProductWizardLookups] ([LookupId], [WizardItemId], [LookupName], [ShowOrder]) VALUES (44, 22, N'Dizel', 1)

INSERT [dbo].[ProductWizardLookups] ([LookupId], [WizardItemId], [LookupName], [ShowOrder]) VALUES (45, 22, N'Benzin', 1)

INSERT [dbo].[ProductWizardLookups] ([LookupId], [WizardItemId], [LookupName], [ShowOrder]) VALUES (46, 24, N'Var', 1)

INSERT [dbo].[ProductWizardLookups] ([LookupId], [WizardItemId], [LookupName], [ShowOrder]) VALUES (47, 24, N'Yok', 1)

INSERT [dbo].[ProductWizardLookups] ([LookupId], [WizardItemId], [LookupName], [ShowOrder]) VALUES (48, 25, N'Deri', 1)

INSERT [dbo].[ProductWizardLookups] ([LookupId], [WizardItemId], [LookupName], [ShowOrder]) VALUES (49, 25, N'Kumaş', 1)

INSERT [dbo].[ProductWizardLookups] ([LookupId], [WizardItemId], [LookupName], [ShowOrder]) VALUES (50, 26, N'Kırmızı', 1)

INSERT [dbo].[ProductWizardLookups] ([LookupId], [WizardItemId], [LookupName], [ShowOrder]) VALUES (51, 26, N'Yeşil', 1)

INSERT [dbo].[ProductWizardLookups] ([LookupId], [WizardItemId], [LookupName], [ShowOrder]) VALUES (52, 27, N'1', 1)

INSERT [dbo].[ProductWizardLookups] ([LookupId], [WizardItemId], [LookupName], [ShowOrder]) VALUES (53, 27, N'2', 1)

INSERT [dbo].[ProductWizardLookups] ([LookupId], [WizardItemId], [LookupName], [ShowOrder]) VALUES (54, 27, N'3', 1)

INSERT [dbo].[ProductWizardLookups] ([LookupId], [WizardItemId], [LookupName], [ShowOrder]) VALUES (55, 28, N'Pırlanta', 1)

INSERT [dbo].[ProductWizardLookups] ([LookupId], [WizardItemId], [LookupName], [ShowOrder]) VALUES (56, 28, N'Safir', 1)

INSERT [dbo].[ProductWizardLookups] ([LookupId], [WizardItemId], [LookupName], [ShowOrder]) VALUES (57, 28, N'Yakut', 1)

INSERT [dbo].[ProductWizardLookups] ([LookupId], [WizardItemId], [LookupName], [ShowOrder]) VALUES (58, 29, N'A', 1)

INSERT [dbo].[ProductWizardLookups] ([LookupId], [WizardItemId], [LookupName], [ShowOrder]) VALUES (59, 29, N'A+', 1)

INSERT [dbo].[ProductWizardLookups] ([LookupId], [WizardItemId], [LookupName], [ShowOrder]) VALUES (60, 30, N'Altın', 1)

INSERT [dbo].[ProductWizardLookups] ([LookupId], [WizardItemId], [LookupName], [ShowOrder]) VALUES (61, 30, N'Gümüş', 1)

INSERT [dbo].[ProductWizardLookups] ([LookupId], [WizardItemId], [LookupName], [ShowOrder]) VALUES (62, 31, N'14', 1)

INSERT [dbo].[ProductWizardLookups] ([LookupId], [WizardItemId], [LookupName], [ShowOrder]) VALUES (63, 31, N'24', 1)

INSERT [dbo].[ProductWizardLookups] ([LookupId], [WizardItemId], [LookupName], [ShowOrder]) VALUES (64, 31, N'900', 1)

INSERT [dbo].[ProductWizardLookups] ([LookupId], [WizardItemId], [LookupName], [ShowOrder]) VALUES (65, 32, N'Piramit', 1)

INSERT [dbo].[ProductWizardLookups] ([LookupId], [WizardItemId], [LookupName], [ShowOrder]) VALUES (66, 32, N'Altıgen', 1)

INSERT [dbo].[ProductWizardLookups] ([LookupId], [WizardItemId], [LookupName], [ShowOrder]) VALUES (67, 18, N'Var', 1)

INSERT [dbo].[ProductWizardLookups] ([LookupId], [WizardItemId], [LookupName], [ShowOrder]) VALUES (68, 18, N'Yok', 1)

INSERT [dbo].[ProductWizardLookups] ([LookupId], [WizardItemId], [LookupName], [ShowOrder]) VALUES (69, 18, N'11g', 1)

SET IDENTITY_INSERT [dbo].[ProductWizardLookups] OFF

SET IDENTITY_INSERT [dbo].[ProductWizardValues] ON 
  
INSERT [dbo].[ProductWizardValues] ([ProductWizardValueId], [ProductId], [WizardId], [WizardGroupId], [WizardItemId], [LookUpId]) VALUES (15, 184964, 2, 4, 9, 20)
  
INSERT [dbo].[ProductWizardValues] ([ProductWizardValueId], [ProductId], [WizardId], [WizardGroupId], [WizardItemId], [LookUpId]) VALUES (16, 184964, 2, 5, 10, 22)
  
INSERT [dbo].[ProductWizardValues] ([ProductWizardValueId], [ProductId], [WizardId], [WizardGroupId], [WizardItemId], [LookUpId]) VALUES (17, 184964, 2, 6, 11, 23)
  
INSERT [dbo].[ProductWizardValues] ([ProductWizardValueId], [ProductId], [WizardId], [WizardGroupId], [WizardItemId], [LookUpId]) VALUES (25, 184947, 2, 4, 9, 20)
  
INSERT [dbo].[ProductWizardValues] ([ProductWizardValueId], [ProductId], [WizardId], [WizardGroupId], [WizardItemId], [LookUpId]) VALUES (26, 184947, 2, 5, 10, 22)
  
INSERT [dbo].[ProductWizardValues] ([ProductWizardValueId], [ProductId], [WizardId], [WizardGroupId], [WizardItemId], [LookUpId]) VALUES (27, 184947, 2, 6, 11, 23)
  
INSERT [dbo].[ProductWizardValues] ([ProductWizardValueId], [ProductId], [WizardId], [WizardGroupId], [WizardItemId], [LookUpId]) VALUES (28, 184948, 2, 4, 2, 4)
  
INSERT [dbo].[ProductWizardValues] ([ProductWizardValueId], [ProductId], [WizardId], [WizardGroupId], [WizardItemId], [LookUpId]) VALUES (29, 184948, 2, 4, 9, 20)
  
INSERT [dbo].[ProductWizardValues] ([ProductWizardValueId], [ProductId], [WizardId], [WizardGroupId], [WizardItemId], [LookUpId]) VALUES (30, 184948, 2, 5, 10, 22)
  
INSERT [dbo].[ProductWizardValues] ([ProductWizardValueId], [ProductId], [WizardId], [WizardGroupId], [WizardItemId], [LookUpId]) VALUES (31, 184948, 2, 6, 11, 23)
  
INSERT [dbo].[ProductWizardValues] ([ProductWizardValueId], [ProductId], [WizardId], [WizardGroupId], [WizardItemId], [LookUpId]) VALUES (33, 184945, 2, 4, 9, 20)
  
INSERT [dbo].[ProductWizardValues] ([ProductWizardValueId], [ProductId], [WizardId], [WizardGroupId], [WizardItemId], [LookUpId]) VALUES (34, 184945, 2, 5, 10, 22)
  
INSERT [dbo].[ProductWizardValues] ([ProductWizardValueId], [ProductId], [WizardId], [WizardGroupId], [WizardItemId], [LookUpId]) VALUES (35, 184945, 2, 6, 11, 24)
  
INSERT [dbo].[ProductWizardValues] ([ProductWizardValueId], [ProductId], [WizardId], [WizardGroupId], [WizardItemId], [LookUpId]) VALUES (48, 216349, 2, 4, 2, 4)
  
INSERT [dbo].[ProductWizardValues] ([ProductWizardValueId], [ProductId], [WizardId], [WizardGroupId], [WizardItemId], [LookUpId]) VALUES (49, 216349, 2, 4, 9, 20)
  
INSERT [dbo].[ProductWizardValues] ([ProductWizardValueId], [ProductId], [WizardId], [WizardGroupId], [WizardItemId], [LookUpId]) VALUES (50, 216349, 2, 5, 10, 22)
  
INSERT [dbo].[ProductWizardValues] ([ProductWizardValueId], [ProductId], [WizardId], [WizardGroupId], [WizardItemId], [LookUpId]) VALUES (51, 216349, 2, 6, 11, 24)
  
INSERT [dbo].[ProductWizardValues] ([ProductWizardValueId], [ProductId], [WizardId], [WizardGroupId], [WizardItemId], [LookUpId]) VALUES (76, 365339, 2, 4, 2, 4)
  
INSERT [dbo].[ProductWizardValues] ([ProductWizardValueId], [ProductId], [WizardId], [WizardGroupId], [WizardItemId], [LookUpId]) VALUES (77, 365339, 2, 4, 9, 20)
  
INSERT [dbo].[ProductWizardValues] ([ProductWizardValueId], [ProductId], [WizardId], [WizardGroupId], [WizardItemId], [LookUpId]) VALUES (78, 365339, 2, 5, 10, 21)
  
INSERT [dbo].[ProductWizardValues] ([ProductWizardValueId], [ProductId], [WizardId], [WizardGroupId], [WizardItemId], [LookUpId]) VALUES (79, 412377, 8, 23, 26, 50)
  
INSERT [dbo].[ProductWizardValues] ([ProductWizardValueId], [ProductId], [WizardId], [WizardGroupId], [WizardItemId], [LookUpId]) VALUES (80, 412377, 8, 23, 27, 53)
  
INSERT [dbo].[ProductWizardValues] ([ProductWizardValueId], [ProductId], [WizardId], [WizardGroupId], [WizardItemId], [LookUpId]) VALUES (81, 412377, 8, 23, 29, 58)
  
INSERT [dbo].[ProductWizardValues] ([ProductWizardValueId], [ProductId], [WizardId], [WizardGroupId], [WizardItemId], [LookUpId]) VALUES (82, 412377, 8, 24, 30, 60)
  
INSERT [dbo].[ProductWizardValues] ([ProductWizardValueId], [ProductId], [WizardId], [WizardGroupId], [WizardItemId], [LookUpId]) VALUES (83, 412377, 8, 24, 31, 63)
  
INSERT [dbo].[ProductWizardValues] ([ProductWizardValueId], [ProductId], [WizardId], [WizardGroupId], [WizardItemId], [LookUpId]) VALUES (84, 412377, 8, 25, 32, 65)
  
INSERT [dbo].[ProductWizardValues] ([ProductWizardValueId], [ProductId], [WizardId], [WizardGroupId], [WizardItemId], [LookUpId]) VALUES (100, 784816, 2, 4, 9, 20)
  
INSERT [dbo].[ProductWizardValues] ([ProductWizardValueId], [ProductId], [WizardId], [WizardGroupId], [WizardItemId], [LookUpId]) VALUES (101, 784816, 2, 5, 10, 21)
  
INSERT [dbo].[ProductWizardValues] ([ProductWizardValueId], [ProductId], [WizardId], [WizardGroupId], [WizardItemId], [LookUpId]) VALUES (102, 784816, 2, 6, 11, 23)
  
INSERT [dbo].[ProductWizardValues] ([ProductWizardValueId], [ProductId], [WizardId], [WizardGroupId], [WizardItemId], [LookUpId]) VALUES (103, 784816, 2, 6, 18, 67)
  
INSERT [dbo].[ProductWizardValues] ([ProductWizardValueId], [ProductId], [WizardId], [WizardGroupId], [WizardItemId], [LookUpId]) VALUES (104, 788890, 2, 4, 2, 4)
  
INSERT [dbo].[ProductWizardValues] ([ProductWizardValueId], [ProductId], [WizardId], [WizardGroupId], [WizardItemId], [LookUpId]) VALUES (105, 788890, 2, 4, 9, 20)
  
INSERT [dbo].[ProductWizardValues] ([ProductWizardValueId], [ProductId], [WizardId], [WizardGroupId], [WizardItemId], [LookUpId]) VALUES (106, 788890, 2, 5, 10, 21)
  
INSERT [dbo].[ProductWizardValues] ([ProductWizardValueId], [ProductId], [WizardId], [WizardGroupId], [WizardItemId], [LookUpId]) VALUES (107, 788890, 2, 6, 11, 23)
  
INSERT [dbo].[ProductWizardValues] ([ProductWizardValueId], [ProductId], [WizardId], [WizardGroupId], [WizardItemId], [LookUpId]) VALUES (108, 788890, 2, 6, 18, 67)
 
SET IDENTITY_INSERT [dbo].[ProductWizardValues] OFF

SET IDENTITY_INSERT [dbo].[ProductSizeOptions] ON 


INSERT [dbo].[ProductSizeOptions] ([ProductSizeOptionId], [PortalId], [ProductSizeOptionName], [ProductSizeOptionActive], [ProductSizeOptionDescription], [ProductSize0Active], [ProductSize0Name], [ProductSize1Active], [ProductSize1Name], [ProductSize2Active], [ProductSize2Name]) VALUES (2, 0, N'Tekstil', 1, N'', 1, N'Renk', 1, N'Beden', 1, N'Drop')

INSERT [dbo].[ProductSizeOptions] ([ProductSizeOptionId], [PortalId], [ProductSizeOptionName], [ProductSizeOptionActive], [ProductSizeOptionDescription], [ProductSize0Active], [ProductSize0Name], [ProductSize1Active], [ProductSize1Name], [ProductSize2Active], [ProductSize2Name]) VALUES (3, 0, N'Corap', 1, N'<br />', 1, N'Renk', 1, N'Beden', 0, N'')

INSERT [dbo].[ProductSizeOptions] ([ProductSizeOptionId], [PortalId], [ProductSizeOptionName], [ProductSizeOptionActive], [ProductSizeOptionDescription], [ProductSize0Active], [ProductSize0Name], [ProductSize1Active], [ProductSize1Name], [ProductSize2Active], [ProductSize2Name]) VALUES (4, 0, N'Ayakkabı', 1, N'<br />', 1, N'Renk', 1, N'Numara', 0, N'')

SET IDENTITY_INSERT [dbo].[ProductSizeOptions] OFF

SET IDENTITY_INSERT [dbo].[ProductSizeOptionsValues] ON 


INSERT [dbo].[ProductSizeOptionsValues] ([ProductSizeOptionsValueId], [ProductSizeOptionId], [ProductSizeOptionsValueName], [ProductSizeOptionsSize], [ProductSizeOptionsPath], [NebimRenkKodu]) VALUES (4, 2, N'L', 1, N'0', N'')

INSERT [dbo].[ProductSizeOptionsValues] ([ProductSizeOptionsValueId], [ProductSizeOptionId], [ProductSizeOptionsValueName], [ProductSizeOptionsSize], [ProductSizeOptionsPath], [NebimRenkKodu]) VALUES (5, 2, N'4', 2, N'0', N'')

INSERT [dbo].[ProductSizeOptionsValues] ([ProductSizeOptionsValueId], [ProductSizeOptionId], [ProductSizeOptionsValueName], [ProductSizeOptionsSize], [ProductSizeOptionsPath], [NebimRenkKodu]) VALUES (6, 2, N'6', 2, N'0', N'')

INSERT [dbo].[ProductSizeOptionsValues] ([ProductSizeOptionsValueId], [ProductSizeOptionId], [ProductSizeOptionsValueName], [ProductSizeOptionsSize], [ProductSizeOptionsPath], [NebimRenkKodu]) VALUES (7, 2, N'M', 1, N'0', N'')

INSERT [dbo].[ProductSizeOptionsValues] ([ProductSizeOptionsValueId], [ProductSizeOptionId], [ProductSizeOptionsValueName], [ProductSizeOptionsSize], [ProductSizeOptionsPath], [NebimRenkKodu]) VALUES (8, 2, N'S', 1, N'0', N'')

INSERT [dbo].[ProductSizeOptionsValues] ([ProductSizeOptionsValueId], [ProductSizeOptionId], [ProductSizeOptionsValueName], [ProductSizeOptionsSize], [ProductSizeOptionsPath], [NebimRenkKodu]) VALUES (9, 2, N'XL', 1, N'0', N'')

INSERT [dbo].[ProductSizeOptionsValues] ([ProductSizeOptionsValueId], [ProductSizeOptionId], [ProductSizeOptionsValueName], [ProductSizeOptionsSize], [ProductSizeOptionsPath], [NebimRenkKodu]) VALUES (10, 2, N'XS', 1, N'0', N'')

INSERT [dbo].[ProductSizeOptionsValues] ([ProductSizeOptionsValueId], [ProductSizeOptionId], [ProductSizeOptionsValueName], [ProductSizeOptionsSize], [ProductSizeOptionsPath], [NebimRenkKodu]) VALUES (11, 2, N'Lacivert', 0, N'/uploads/tekstilimages/2\Lacivert.jpg', N'')

INSERT [dbo].[ProductSizeOptionsValues] ([ProductSizeOptionsValueId], [ProductSizeOptionId], [ProductSizeOptionsValueName], [ProductSizeOptionsSize], [ProductSizeOptionsPath], [NebimRenkKodu]) VALUES (12, 2, N'Mavi', 0, N'/uploads/tekstilimages/1/Mavi.png', N'')

INSERT [dbo].[ProductSizeOptionsValues] ([ProductSizeOptionsValueId], [ProductSizeOptionId], [ProductSizeOptionsValueName], [ProductSizeOptionsSize], [ProductSizeOptionsPath], [NebimRenkKodu]) VALUES (13, 2, N'Siyah', 0, N'/uploads/tekstilimages/2\Siyah.jpg', N'')

INSERT [dbo].[ProductSizeOptionsValues] ([ProductSizeOptionsValueId], [ProductSizeOptionId], [ProductSizeOptionsValueName], [ProductSizeOptionsSize], [ProductSizeOptionsPath], [NebimRenkKodu]) VALUES (14, 2, N'Gri', 0, N'/uploads/tekstilimages/1/Gri.png', N'')

INSERT [dbo].[ProductSizeOptionsValues] ([ProductSizeOptionsValueId], [ProductSizeOptionId], [ProductSizeOptionsValueName], [ProductSizeOptionsSize], [ProductSizeOptionsPath], [NebimRenkKodu]) VALUES (15, 2, N'8', 2, N'0', N'')

INSERT [dbo].[ProductSizeOptionsValues] ([ProductSizeOptionsValueId], [ProductSizeOptionId], [ProductSizeOptionsValueName], [ProductSizeOptionsSize], [ProductSizeOptionsPath], [NebimRenkKodu]) VALUES (1016, 3, N'Beyaz', 0, N'/uploads/tekstilimages/2/beyaz.jpg', N'-1')

INSERT [dbo].[ProductSizeOptionsValues] ([ProductSizeOptionsValueId], [ProductSizeOptionId], [ProductSizeOptionsValueName], [ProductSizeOptionsSize], [ProductSizeOptionsPath], [NebimRenkKodu]) VALUES (1017, 3, N'Lacivert', 0, N'/uploads/tekstilimages/2/Lacivert.jpg', N'-1')

INSERT [dbo].[ProductSizeOptionsValues] ([ProductSizeOptionsValueId], [ProductSizeOptionId], [ProductSizeOptionsValueName], [ProductSizeOptionsSize], [ProductSizeOptionsPath], [NebimRenkKodu]) VALUES (1018, 3, N'Siyah', 0, N'/uploads/tekstilimages/2/siyah.jpg', N'-1')

INSERT [dbo].[ProductSizeOptionsValues] ([ProductSizeOptionsValueId], [ProductSizeOptionId], [ProductSizeOptionsValueName], [ProductSizeOptionsSize], [ProductSizeOptionsPath], [NebimRenkKodu]) VALUES (1019, 3, N'Kahverengi', 0, N'/uploads/tekstilimages/2/kahve(1).jpg', N'-1')

INSERT [dbo].[ProductSizeOptionsValues] ([ProductSizeOptionsValueId], [ProductSizeOptionId], [ProductSizeOptionsValueName], [ProductSizeOptionsSize], [ProductSizeOptionsPath], [NebimRenkKodu]) VALUES (1020, 3, N'Bordo', 0, N'/uploads/tekstilimages/2/Bordo.jpg', N'-1')

INSERT [dbo].[ProductSizeOptionsValues] ([ProductSizeOptionsValueId], [ProductSizeOptionId], [ProductSizeOptionsValueName], [ProductSizeOptionsSize], [ProductSizeOptionsPath], [NebimRenkKodu]) VALUES (1021, 3, N'5', 1, N'', N'-1')

INSERT [dbo].[ProductSizeOptionsValues] ([ProductSizeOptionsValueId], [ProductSizeOptionId], [ProductSizeOptionsValueName], [ProductSizeOptionsSize], [ProductSizeOptionsPath], [NebimRenkKodu]) VALUES (1022, 3, N'4', 1, N'', N'-1')

INSERT [dbo].[ProductSizeOptionsValues] ([ProductSizeOptionsValueId], [ProductSizeOptionId], [ProductSizeOptionsValueName], [ProductSizeOptionsSize], [ProductSizeOptionsPath], [NebimRenkKodu]) VALUES (1023, 3, N'3', 1, N'', N'-1')

INSERT [dbo].[ProductSizeOptionsValues] ([ProductSizeOptionsValueId], [ProductSizeOptionId], [ProductSizeOptionsValueName], [ProductSizeOptionsSize], [ProductSizeOptionsPath], [NebimRenkKodu]) VALUES (1024, 3, N'2', 1, N'', N'-1')

INSERT [dbo].[ProductSizeOptionsValues] ([ProductSizeOptionsValueId], [ProductSizeOptionId], [ProductSizeOptionsValueName], [ProductSizeOptionsSize], [ProductSizeOptionsPath], [NebimRenkKodu]) VALUES (1025, 4, N'Kirmizi', 0, N'/uploads/tekstilimages/2/kirmizi.jpg', N'-1')

INSERT [dbo].[ProductSizeOptionsValues] ([ProductSizeOptionsValueId], [ProductSizeOptionId], [ProductSizeOptionsValueName], [ProductSizeOptionsSize], [ProductSizeOptionsPath], [NebimRenkKodu]) VALUES (1026, 4, N'Siyah', 0, N'/uploads/tekstilimages/2/siyah.jpg', N'-1')

INSERT [dbo].[ProductSizeOptionsValues] ([ProductSizeOptionsValueId], [ProductSizeOptionId], [ProductSizeOptionsValueName], [ProductSizeOptionsSize], [ProductSizeOptionsPath], [NebimRenkKodu]) VALUES (1027, 4, N'Gri', 0, N'/uploads/tekstilimages/2/gri.jpg', N'-1')

INSERT [dbo].[ProductSizeOptionsValues] ([ProductSizeOptionsValueId], [ProductSizeOptionId], [ProductSizeOptionsValueName], [ProductSizeOptionsSize], [ProductSizeOptionsPath], [NebimRenkKodu]) VALUES (1028, 4, N'36', 1, N'', N'-1')

INSERT [dbo].[ProductSizeOptionsValues] ([ProductSizeOptionsValueId], [ProductSizeOptionId], [ProductSizeOptionsValueName], [ProductSizeOptionsSize], [ProductSizeOptionsPath], [NebimRenkKodu]) VALUES (1029, 4, N'37', 1, N'', N'-1')

INSERT [dbo].[ProductSizeOptionsValues] ([ProductSizeOptionsValueId], [ProductSizeOptionId], [ProductSizeOptionsValueName], [ProductSizeOptionsSize], [ProductSizeOptionsPath], [NebimRenkKodu]) VALUES (1030, 4, N'38', 1, N'', N'-1')

INSERT [dbo].[ProductSizeOptionsValues] ([ProductSizeOptionsValueId], [ProductSizeOptionId], [ProductSizeOptionsValueName], [ProductSizeOptionsSize], [ProductSizeOptionsPath], [NebimRenkKodu]) VALUES (1031, 4, N'39', 1, N'', N'-1')

SET IDENTITY_INSERT [dbo].[ProductSizeOptionsValues] OFF

SET IDENTITY_INSERT [dbo].[Orders] ON 


INSERT [dbo].[Orders] ([OrderId], [PortalId], [CustomerId], [OrderDate], [ShipDate], [PaymentType], [IsPayed], [Note], [ShippingName], [ShippingPhoneNo], [ShippingMobilePhone], [ShippingCityName], [ShippingAddress], [ShippingCargoName], [BillingName], [BillingPhoneNo], [BillingMobilePhoneNo], [BillingTaxOffice], [BillingTaxNo], [BillingCityName], [BillingAddress], [ToplamTutar], [KdvDahilToplam], [ToplamKdv], [ToplamKargo], [KargoDahilToplamTutar], [ToplamIndirim], [CekIndirimi], [ToplamAgirlik], [ToplamHacim], [ToplamDesi], [BankName], [CardName], [Taksit], [BankaToplamTutar], [BankPayType], [Status], [Integreted], [ToplamPuan], [Ip], [LastChange], [Aciklama], [Aciklama2], [AnalyticsStatus], [OrderCode], [OrderPaymentCode], [CurrencyRate], [CurrencyCode], [CustomerCurrencyRate], [CustomerCurrencyCode], [TaksitRate], [ShippingCountryName], [ShippingDistrictName], [BillingCountryName], [BillingDistrictName], [MultiAdminID], [ShippingMail]) VALUES (2, 0, N'101', CAST(0x0000A0D8000AF44C AS DateTime), NULL, N'Banka Havalesi', 0, N'', N'', N'', N'', N'--Seçiniz--', N'', N'PTT', N'x', N'02123561010', N'34000', N'x', N'11111111111', N'Bilecik', N'xxx', CAST(810.0000 AS Decimal(18, 4)), CAST(955.8000 AS Decimal(18, 4)), CAST(145.8000 AS Decimal(18, 4)), CAST(10.0000 AS Decimal(18, 4)), CAST(965.8000 AS Decimal(18, 4)), CAST(10.0000 AS Decimal(18, 4)), CAST(0.0000 AS Decimal(18, 4)), CAST(0.00 AS Decimal(18, 2)), CAST(0.00 AS Decimal(18, 2)), CAST(10.00 AS Decimal(18, 2)), N'Yapı Kredi', N'', 0, CAST(942.2000 AS Decimal(18, 4)), N'peşin', 0, 0, CAST(820.00 AS Decimal(18, 2)), N'127.0.0.1', CAST(0x00009F6A000AF469 AS DateTime), NULL, NULL, 1, N'AABBCCDD', NULL, CAST(1.0000 AS Decimal(10, 4)), N'TRY', CAST(1.0000 AS Decimal(10, 4)), N'TRY', CAST(0.00 AS Decimal(10, 2)), NULL, NULL, NULL, NULL, NULL, N'')

INSERT [dbo].[Orders] ([OrderId], [PortalId], [CustomerId], [OrderDate], [ShipDate], [PaymentType], [IsPayed], [Note], [ShippingName], [ShippingPhoneNo], [ShippingMobilePhone], [ShippingCityName], [ShippingAddress], [ShippingCargoName], [BillingName], [BillingPhoneNo], [BillingMobilePhoneNo], [BillingTaxOffice], [BillingTaxNo], [BillingCityName], [BillingAddress], [ToplamTutar], [KdvDahilToplam], [ToplamKdv], [ToplamKargo], [KargoDahilToplamTutar], [ToplamIndirim], [CekIndirimi], [ToplamAgirlik], [ToplamHacim], [ToplamDesi], [BankName], [CardName], [Taksit], [BankaToplamTutar], [BankPayType], [Status], [Integreted], [ToplamPuan], [Ip], [LastChange], [Aciklama], [Aciklama2], [AnalyticsStatus], [OrderCode], [OrderPaymentCode], [CurrencyRate], [CurrencyCode], [CustomerCurrencyRate], [CustomerCurrencyCode], [TaksitRate], [ShippingCountryName], [ShippingDistrictName], [BillingCountryName], [BillingDistrictName], [MultiAdminID], [ShippingMail]) VALUES (1008, 0, N'-1', CAST(0x0000A268010B0929 AS DateTime), NULL, N'Banka Havalesi', 0, N'', N'', N'', N'', N'', N'', N'PTT', N'Prodex', N'0532999999999', N'', N'ÃÂ¼mraniye', N'33333333333', N'Erzurum', N'adsasdasda', CAST(94.7400 AS Decimal(18, 4)), CAST(111.8000 AS Decimal(18, 4)), CAST(17.0500 AS Decimal(18, 4)), CAST(10.0000 AS Decimal(18, 4)), CAST(121.8000 AS Decimal(18, 4)), CAST(0.0000 AS Decimal(18, 4)), CAST(0.0000 AS Decimal(18, 4)), CAST(0.00 AS Decimal(18, 2)), CAST(0.00 AS Decimal(18, 2)), CAST(0.00 AS Decimal(18, 2)), N'Garanti Bankası', N'', 0, CAST(110.6200 AS Decimal(18, 4)), N'peşin', 0, 0, CAST(33.90 AS Decimal(18, 2)), N'78.189.38.184', CAST(0x0000A268010B0929 AS DateTime), NULL, NULL, 1, N'0707F182', N'', CAST(1.0000 AS Decimal(10, 4)), N'TRY', CAST(1.0000 AS Decimal(10, 4)), N'TRY', CAST(0.00 AS Decimal(10, 2)), N'', N'', N'Türkiye', N'Aziziye(Ilıca)', NULL, N'mesut@mesut.com')

INSERT [dbo].[Orders] ([OrderId], [PortalId], [CustomerId], [OrderDate], [ShipDate], [PaymentType], [IsPayed], [Note], [ShippingName], [ShippingPhoneNo], [ShippingMobilePhone], [ShippingCityName], [ShippingAddress], [ShippingCargoName], [BillingName], [BillingPhoneNo], [BillingMobilePhoneNo], [BillingTaxOffice], [BillingTaxNo], [BillingCityName], [BillingAddress], [ToplamTutar], [KdvDahilToplam], [ToplamKdv], [ToplamKargo], [KargoDahilToplamTutar], [ToplamIndirim], [CekIndirimi], [ToplamAgirlik], [ToplamHacim], [ToplamDesi], [BankName], [CardName], [Taksit], [BankaToplamTutar], [BankPayType], [Status], [Integreted], [ToplamPuan], [Ip], [LastChange], [Aciklama], [Aciklama2], [AnalyticsStatus], [OrderCode], [OrderPaymentCode], [CurrencyRate], [CurrencyCode], [CustomerCurrencyRate], [CustomerCurrencyCode], [TaksitRate], [ShippingCountryName], [ShippingDistrictName], [BillingCountryName], [BillingDistrictName], [MultiAdminID], [ShippingMail]) VALUES (1009, 0, N'-1', CAST(0x0000A268010DCE39 AS DateTime), NULL, N'Banka Havalesi', 0, N'', N'', N'', N'', N'', N'', N'PTT', N'promax', N'3412312312342', N'123123123123', N'aasdasdasd', N'2313123123', N'Bilecik', N'asdasdasdasd', CAST(3810.0000 AS Decimal(18, 4)), CAST(4495.8000 AS Decimal(18, 4)), CAST(685.8000 AS Decimal(18, 4)), CAST(10.0000 AS Decimal(18, 4)), CAST(4505.8000 AS Decimal(18, 4)), CAST(10.0000 AS Decimal(18, 4)), CAST(0.0000 AS Decimal(18, 4)), CAST(0.00 AS Decimal(18, 2)), CAST(0.00 AS Decimal(18, 2)), CAST(5.00 AS Decimal(18, 2)), N'HSBC Bank', N'', 0, CAST(4175.4000 AS Decimal(18, 4)), N'peşin', 0, 0, CAST(3820.00 AS Decimal(18, 2)), N'78.189.38.184', CAST(0x0000A268010DCE39 AS DateTime), NULL, NULL, 1, N'A45BAB9E', N'', CAST(1.0000 AS Decimal(10, 4)), N'TRY', CAST(1.0000 AS Decimal(10, 4)), N'TRY', CAST(0.00 AS Decimal(10, 2)), N'', N'', N'Türkiye', N'Merkez', NULL, N'mam@mam.com')

SET IDENTITY_INSERT [dbo].[Orders] OFF

SET IDENTITY_INSERT [dbo].[OrderDetails] ON 


INSERT [dbo].[OrderDetails] ([OrderDetailsId], [OrderId], [ProductId], [ProductCode], [ProductName], [BirimAdi], [Carpan], [KdvRate], [SatisFiyati], [Pb1], [Rate], [BirimIndirimOrani], [CariIndirimOrani], [AlisFiyati], [APb], [AlisRate], [Quantity], [Status], [WillSendMessage], [Provider], [MarkName], [Description], [LastChange], [ProviderId], [XmlProviderId], [UserId], [AltinGram], [ProductSizeId], [ProductBarcode], [ProductSizeBarcode]) VALUES (2, 2, 109, N'0265873E-3FCC-41D1-8CF4-79CAFB706E66', N'Hp Notebook', N'Adet', CAST(1.00 AS Decimal(18, 2)), CAST(18.00 AS Decimal(18, 2)), CAST(820.0000 AS Decimal(18, 4)), 1, CAST(1.0000 AS Decimal(18, 4)), CAST(0.00 AS Decimal(18, 2)), CAST(0.00 AS Decimal(18, 2)), CAST(500.0000 AS Decimal(18, 4)), 1, CAST(1.0000 AS Decimal(18, 4)), 1, 0, 0, N'', N'HP', N'<div></div>', CAST(0x00009F6A000AF46C AS DateTime), 0, 0, 0, CAST(0.0000 AS Decimal(18, 4)), 0, NULL, NULL)

INSERT [dbo].[OrderDetails] ([OrderDetailsId], [OrderId], [ProductId], [ProductCode], [ProductName], [BirimAdi], [Carpan], [KdvRate], [SatisFiyati], [Pb1], [Rate], [BirimIndirimOrani], [CariIndirimOrani], [AlisFiyati], [APb], [AlisRate], [Quantity], [Status], [WillSendMessage], [Provider], [MarkName], [Description], [LastChange], [ProviderId], [XmlProviderId], [UserId], [AltinGram], [ProductSizeId], [ProductBarcode], [ProductSizeBarcode]) VALUES (1008, 1008, 370, N'perde1', N'KRUVAZE TÜL PERDE', N'Adet', CAST(1.00 AS Decimal(18, 2)), CAST(18.00 AS Decimal(18, 2)), CAST(94.7429 AS Decimal(18, 4)), 1, CAST(1.0000 AS Decimal(18, 4)), CAST(0.00 AS Decimal(18, 2)), CAST(0.00 AS Decimal(18, 2)), CAST(25.4237 AS Decimal(18, 4)), 1, CAST(1.0000 AS Decimal(18, 4)), 1, 0, 0, N'', NULL, N'<div>En: 57 Boy: 57 Pike Sıklığı: 3,0 Perde Eteği: Kendi Deseni Kalsın       </div>', CAST(0x0000A268010B0929 AS DateTime), 0, 0, 0, CAST(0.0000 AS Decimal(18, 4)), 0, N'', N'')

INSERT [dbo].[OrderDetails] ([OrderDetailsId], [OrderId], [ProductId], [ProductCode], [ProductName], [BirimAdi], [Carpan], [KdvRate], [SatisFiyati], [Pb1], [Rate], [BirimIndirimOrani], [CariIndirimOrani], [AlisFiyati], [APb], [AlisRate], [Quantity], [Status], [WillSendMessage], [Provider], [MarkName], [Description], [LastChange], [ProviderId], [XmlProviderId], [UserId], [AltinGram], [ProductSizeId], [ProductBarcode], [ProductSizeBarcode]) VALUES (1009, 1009, 252, N'ST0281', N'Goldstore Pırlanta 0.93 ct Sırataş Yüzük', N'Adet', CAST(1.00 AS Decimal(18, 2)), CAST(18.00 AS Decimal(18, 2)), CAST(3820.0000 AS Decimal(18, 4)), 1, CAST(1.0000 AS Decimal(18, 4)), CAST(0.00 AS Decimal(18, 2)), CAST(0.00 AS Decimal(18, 2)), CAST(3820.0000 AS Decimal(18, 4)), 1, CAST(1.0000 AS Decimal(18, 4)), 1, 0, 0, N'', N'ATLANTIS', N'<div>Parmak Ölçüsü:9.5 Altın Rengi:18 Ayar Yeşil Altın</div>', CAST(0x0000A268010DCE39 AS DateTime), 11, 11, 0, CAST(0.0000 AS Decimal(18, 4)), 0, N'', N'')

SET IDENTITY_INSERT [dbo].[OrderDetails] OFF

SET IDENTITY_INSERT [dbo].[Authors] ON 


INSERT [dbo].[Authors] ([AuthorId], [PortalId], [AuthorName], [AuthorDetails], [IsActive]) VALUES (100, 0, N'Ahmet Haldun Terzioğlu', N'', 1)

INSERT [dbo].[Authors] ([AuthorId], [PortalId], [AuthorName], [AuthorDetails], [IsActive]) VALUES (101, 0, N'Cumhur Abay', N'', 1)

INSERT [dbo].[Authors] ([AuthorId], [PortalId], [AuthorName], [AuthorDetails], [IsActive]) VALUES (102, 0, N'Mustafa Erden', N'', 1)

INSERT [dbo].[Authors] ([AuthorId], [PortalId], [AuthorName], [AuthorDetails], [IsActive]) VALUES (103, 0, N'Nikos Svoronos', N'', 1)

INSERT [dbo].[Authors] ([AuthorId], [PortalId], [AuthorName], [AuthorDetails], [IsActive]) VALUES (104, 0, N'Mevlana', N'', 1)

INSERT [dbo].[Authors] ([AuthorId], [PortalId], [AuthorName], [AuthorDetails], [IsActive]) VALUES (105, 0, N'Garry Small', N'&amp;nbsp;', 1)

SET IDENTITY_INSERT [dbo].[Authors] OFF

SET IDENTITY_INSERT [dbo].[Campains] ON 


INSERT [dbo].[Campains] ([CampainId], [PortalId], [Name], [StartDate], [StartTime], [EndDate], [EndTime], [DiscountType], [UserFilter], [UserFilterDesc], [StockFilter], [StockFilterDesc], [MinQty], [MinPrice], [DiscountAmount], [ProductId], [ProductDesc], [ProductDiscountType], [ProductDiscountAmount], [ApplyOrder], [IsActive], [Details], [CampainType]) VALUES (12, 0, N'Hediye Ürün', CAST(0x9BA40000 AS SmallDateTime), N'00:00', CAST(0x9D230001 AS SmallDateTime), N'00:00', 2, N' Users.UserType=0 and Users.IsActive=1', N' Üye Tipi=Bireysel Durumu=Aktif', N' IsActive=1', N' Durumu=Aktif', 1, CAST(100.0000 AS Decimal(18, 4)), CAST(0.0000 AS Decimal(18, 4)), 797028, N'3COM 24P 100/1000+4X1000 DUAL 5500G-EI3CR17250-91', 0, CAST(0.0000 AS Decimal(18, 4)), 1, 1, N'&amp;nbsp;', 0)

SET IDENTITY_INSERT [dbo].[Campains] OFF
 
SET IDENTITY_INSERT [dbo].[OrderStatus] ON 


INSERT [dbo].[OrderStatus] ([StatusId], [PortalId], [StatusName]) VALUES (0, -1, N'Beklemede')

INSERT [dbo].[OrderStatus] ([StatusId], [PortalId], [StatusName]) VALUES (-1, -1, N'İptal')

INSERT [dbo].[OrderStatus] ([StatusId], [PortalId], [StatusName]) VALUES (-2, -1, N'Kısmen Gönderildi')

INSERT [dbo].[OrderStatus] ([StatusId], [PortalId], [StatusName]) VALUES (-3, -1, N'Gönderildi')

INSERT [dbo].[OrderStatus] ([StatusId], [PortalId], [StatusName]) VALUES (-4, -1, N'Ödendi')

INSERT [dbo].[OrderStatus] ([StatusId], [PortalId], [StatusName]) VALUES (-5, -1, N'Onaylandı')

INSERT [dbo].[OrderStatus] ([StatusId], [PortalId], [StatusName]) VALUES (-6, -1, N'Onaylanmadı')

INSERT [dbo].[OrderStatus] ([StatusId], [PortalId], [StatusName]) VALUES (-7, 0, N'İade Talebi İnceleniyor')

INSERT [dbo].[OrderStatus] ([StatusId], [PortalId], [StatusName]) VALUES (-8, 0, N'İade Onaylandı')

INSERT [dbo].[OrderStatus] ([StatusId], [PortalId], [StatusName]) VALUES (-9, 0, N'İade Onaylanmadı')

INSERT [dbo].[OrderStatus] ([StatusId], [PortalId], [StatusName]) VALUES (-10, 0, N'Değişim Talebi İnceleniyor')

INSERT [dbo].[OrderStatus] ([StatusId], [PortalId], [StatusName]) VALUES (-11, 0, N'Değişim Talebi Onaylandı')

INSERT [dbo].[OrderStatus] ([StatusId], [PortalId], [StatusName]) VALUES (-12, 0, N'Değişim Talebi Onaylanmadı')

INSERT [dbo].[OrderStatus] ([StatusId], [PortalId], [StatusName]) VALUES (7, 0, N'Tedarik Edilemiyor')

SET IDENTITY_INSERT [dbo].[OrderStatus] OFF


SET IDENTITY_INSERT [dbo].[BookedStatus] ON 

INSERT [dbo].[BookedStatus] ([StatusId], [StatusName], [IsActive]) VALUES (-2, N'Siparişe Dönüştürüldü', 1)

INSERT [dbo].[BookedStatus] ([StatusId], [StatusName], [IsActive]) VALUES (-1, N'Rezervasyon Tarihi Geçti', 1)

INSERT [dbo].[BookedStatus] ([StatusId], [StatusName], [IsActive]) VALUES (0, N'Beklemede', 1)

SET IDENTITY_INSERT [dbo].[BookedStatus] OFF


SET IDENTITY_INSERT [dbo].[CancelOrderRequest] ON 

INSERT [dbo].[CancelOrderRequest] ([RequestId], [RequestName], [IsActive]) VALUES (-2, N'Para İadesi', 1)

INSERT [dbo].[CancelOrderRequest] ([RequestId], [RequestName], [IsActive]) VALUES (-1, N'Hediye Çeki', 1)

SET IDENTITY_INSERT [dbo].[CancelOrderRequest] OFF


SET IDENTITY_INSERT [dbo].[Points] ON 


INSERT [dbo].[Points] ([PointId], [UserId], [PortalId], [PointRef], [PointType], [TotalPoints], [IsUsed], [IsActive], [CreatedDate], [UsedDate]) VALUES (2, 109, N'0         ', 3, 0, CAST(125.50 AS Decimal(18, 2)), 0, 0, CAST(0xA265027F AS SmallDateTime), NULL)

INSERT [dbo].[Points] ([PointId], [UserId], [PortalId], [PointRef], [PointType], [TotalPoints], [IsUsed], [IsActive], [CreatedDate], [UsedDate]) VALUES (3, 109, N'0         ', 4, 0, CAST(125.50 AS Decimal(18, 2)), 0, 0, CAST(0xA2650281 AS SmallDateTime), NULL)

INSERT [dbo].[Points] ([PointId], [UserId], [PortalId], [PointRef], [PointType], [TotalPoints], [IsUsed], [IsActive], [CreatedDate], [UsedDate]) VALUES (4, 101, N'0         ', 5, 0, CAST(85.00 AS Decimal(18, 2)), 0, 0, CAST(0xA265038F AS SmallDateTime), NULL)

INSERT [dbo].[Points] ([PointId], [UserId], [PortalId], [PointRef], [PointType], [TotalPoints], [IsUsed], [IsActive], [CreatedDate], [UsedDate]) VALUES (5, 101, N'0         ', 6, 0, CAST(376.50 AS Decimal(18, 2)), 0, 0, CAST(0xA2650395 AS SmallDateTime), NULL)

INSERT [dbo].[Points] ([PointId], [UserId], [PortalId], [PointRef], [PointType], [TotalPoints], [IsUsed], [IsActive], [CreatedDate], [UsedDate]) VALUES (6, 109, N'0         ', 8, 0, CAST(160.00 AS Decimal(18, 2)), 0, 0, CAST(0xA26702AE AS SmallDateTime), NULL)

INSERT [dbo].[Points] ([PointId], [UserId], [PortalId], [PointRef], [PointType], [TotalPoints], [IsUsed], [IsActive], [CreatedDate], [UsedDate]) VALUES (7, 101, N'0         ', 9, 0, CAST(55.20 AS Decimal(18, 2)), 0, 0, CAST(0xA2670381 AS SmallDateTime), NULL)

INSERT [dbo].[Points] ([PointId], [UserId], [PortalId], [PointRef], [PointType], [TotalPoints], [IsUsed], [IsActive], [CreatedDate], [UsedDate]) VALUES (8, 101, N'0         ', 10, 0, CAST(33.90 AS Decimal(18, 2)), 0, 0, CAST(0xA2670382 AS SmallDateTime), NULL)

SET IDENTITY_INSERT [dbo].[Points] OFF

SET IDENTITY_INSERT [dbo].[posterframes] ON 


INSERT [dbo].[posterframes] ([ID], [PortalId], [FrameCode], [Type], [Material], [Width], [Thickness], [PricePerCm], [FrameProperty], [ShowOrder], [IsActive]) VALUES (1, 0, N'01', N'Syah', N'Ahşap', N'2,8', N'1,5', CAST(0.50 AS Decimal(18, 2)), N'Ahsap B Serisi', 0, 1)

SET IDENTITY_INSERT [dbo].[posterframes] OFF

SET IDENTITY_INSERT [dbo].[posterpaspartu] ON 


INSERT [dbo].[posterpaspartu] ([ID], [PortalId], [PaspartuCode], [PaspartuColor], [PasspartuSize], [Price], [ShowOrder], [IsActive]) VALUES (1, 0, N'Yeşil', N'0CB700', 1, 0.5, 0, 1)

INSERT [dbo].[posterpaspartu] ([ID], [PortalId], [PaspartuCode], [PaspartuColor], [PasspartuSize], [Price], [ShowOrder], [IsActive]) VALUES (15, 5, N'Kırmızı', N'666666', 3, 3, 1, 1)

INSERT [dbo].[posterpaspartu] ([ID], [PortalId], [PaspartuCode], [PaspartuColor], [PasspartuSize], [Price], [ShowOrder], [IsActive]) VALUES (16, 0, N'Kırmızı', N'FF2121', 1, 2, 1, 1)

INSERT [dbo].[posterpaspartu] ([ID], [PortalId], [PaspartuCode], [PaspartuColor], [PasspartuSize], [Price], [ShowOrder], [IsActive]) VALUES (17, 0, N'Sarı', N'F8FF29', 1, 3, 1, 1)

INSERT [dbo].[posterpaspartu] ([ID], [PortalId], [PaspartuCode], [PaspartuColor], [PasspartuSize], [Price], [ShowOrder], [IsActive]) VALUES (18, 0, N'Pembe', N'FF52CB', 1, 1.5, 1, 1)

INSERT [dbo].[posterpaspartu] ([ID], [PortalId], [PaspartuCode], [PaspartuColor], [PasspartuSize], [Price], [ShowOrder], [IsActive]) VALUES (19, 0, N'Mavi', N'2432FF', 1, 1, 1, 1)

INSERT [dbo].[posterpaspartu] ([ID], [PortalId], [PaspartuCode], [PaspartuColor], [PasspartuSize], [Price], [ShowOrder], [IsActive]) VALUES (20, 0, N'Lacivert', N'082082', 1, 1, 1, 1)

INSERT [dbo].[posterpaspartu] ([ID], [PortalId], [PaspartuCode], [PaspartuColor], [PasspartuSize], [Price], [ShowOrder], [IsActive]) VALUES (21, 0, N'Lila', N'957AFF', 1, 0.75, 1, 1)

INSERT [dbo].[posterpaspartu] ([ID], [PortalId], [PaspartuCode], [PaspartuColor], [PasspartuSize], [Price], [ShowOrder], [IsActive]) VALUES (22, 0, N'Turuncu', N'FF9E1F', 1, 2.05, 1, 1)

SET IDENTITY_INSERT [dbo].[posterpaspartu] OFF

SET IDENTITY_INSERT [dbo].[PosterSettings] ON 


INSERT [dbo].[PosterSettings] ([setId], [glassPrice], [workPrice]) VALUES (1, CAST(1.0000 AS Decimal(18, 4)), CAST(1.0000 AS Decimal(18, 4)))

SET IDENTITY_INSERT [dbo].[PosterSettings] OFF

 

SET IDENTITY_INSERT [dbo].[ProductMarks] ON 
 
INSERT [dbo].[ProductMarks] ([MarkId], [PortalId], [MarKName], [Image], [Details], [Details2], [IsActive], [Title], [Desc], [Keywords], [SearchKeywords], [CodeA], [CodeP], [Code0], [Code1], [Code2], [Code3], [Code4], [Code5]) VALUES (103, 0, N'APPLE', N'', N'&amp;nbsp;', N'&amp;nbsp;', 1, N'', N'', N'', N'', NULL, NULL, NULL, NULL, NULL, NULL, NULL, NULL)
 
INSERT [dbo].[ProductMarks] ([MarkId], [PortalId], [MarKName], [Image], [Details], [Details2], [IsActive], [Title], [Desc], [Keywords], [SearchKeywords], [CodeA], [CodeP], [Code0], [Code1], [Code2], [Code3], [Code4], [Code5]) VALUES (104, 0, N'SİEMENS', N'', N'&amp;nbsp;', N'&amp;nbsp;', 1, N'', N'', N'', N'', NULL, NULL, NULL, NULL, NULL, NULL, NULL, NULL)
 
INSERT [dbo].[ProductMarks] ([MarkId], [PortalId], [MarKName], [Image], [Details], [Details2], [IsActive], [Title], [Desc], [Keywords], [SearchKeywords], [CodeA], [CodeP], [Code0], [Code1], [Code2], [Code3], [Code4], [Code5]) VALUES (111, 0, N'ATLANTIS', NULL, N'', NULL, 1, N'', N'', N'', NULL, NULL, NULL, NULL, NULL, NULL, NULL, NULL, NULL)
 
SET IDENTITY_INSERT [dbo].[ProductMarks] OFF

SET IDENTITY_INSERT [dbo].[ProductPackage] ON 


INSERT [dbo].[ProductPackage] ([PackageId], [PortalId], [IsActive], [Path]) VALUES (1, 0, 1, N'gift1.jpg')

INSERT [dbo].[ProductPackage] ([PackageId], [PortalId], [IsActive], [Path]) VALUES (2, 0, 1, N'gift2.jpg')

INSERT [dbo].[ProductPackage] ([PackageId], [PortalId], [IsActive], [Path]) VALUES (5, 5, 1, N'ferit.jpg')

SET IDENTITY_INSERT [dbo].[ProductPackage] OFF

SET IDENTITY_INSERT [dbo].[Publishers] ON 


INSERT [dbo].[Publishers] ([PublisherId], [PublisherName], [PublisherDetails], [PortalId], [IsActive]) VALUES (100, N'Parıltı Yayıncılık', N'', 0, 1)

INSERT [dbo].[Publishers] ([PublisherId], [PublisherName], [PublisherDetails], [PortalId], [IsActive]) VALUES (101, N'Kök Yayıncılık', N'', 0, 1)

INSERT [dbo].[Publishers] ([PublisherId], [PublisherName], [PublisherDetails], [PortalId], [IsActive]) VALUES (102, N'Mektup Yayınları', N'', 0, 1)

INSERT [dbo].[Publishers] ([PublisherId], [PublisherName], [PublisherDetails], [PortalId], [IsActive]) VALUES (103, N'Devlet Kitapları', N'', 0, 1)

INSERT [dbo].[Publishers] ([PublisherId], [PublisherName], [PublisherDetails], [PortalId], [IsActive]) VALUES (104, N'NTV Yayınları', N'&amp;nbsp;', 0, 1)

SET IDENTITY_INSERT [dbo].[Publishers] OFF

SET IDENTITY_INSERT [dbo].[QuestionLookup] ON


INSERT [dbo].[QuestionLookup] ([LookupId], [QuestionMasterId], [DisplayValue], [IsSelected], [IsMailContainer], [SelectedValue]) VALUES (1, 4, N'Müşteri Hizmetleri', 0, 0, N'')

INSERT [dbo].[QuestionLookup] ([LookupId], [QuestionMasterId], [DisplayValue], [IsSelected], [IsMailContainer], [SelectedValue]) VALUES (2, 4, N'Muhasebe', 0, 0, N'')

INSERT [dbo].[QuestionLookup] ([LookupId], [QuestionMasterId], [DisplayValue], [IsSelected], [IsMailContainer], [SelectedValue]) VALUES (3, 4, N'Sipariş', 0, 0, N'')

INSERT [dbo].[QuestionLookup] ([LookupId], [QuestionMasterId], [DisplayValue], [IsSelected], [IsMailContainer], [SelectedValue]) VALUES (4, 4, N'Diğer', 0, 0, N'')

SET IDENTITY_INSERT [dbo].[QuestionLookup] OFF

SET IDENTITY_INSERT [dbo].[UserCode1] ON


INSERT [dbo].[UserCode1] ([CodeId], [CodeName], [PortalId]) VALUES (1, N'Bayi', 0)

SET IDENTITY_INSERT [dbo].[UserCode1] OFF

SET IDENTITY_INSERT [dbo].[UserCode2] ON


INSERT [dbo].[UserCode2] ([CodeId], [CodeName], [PortalId]) VALUES (1, N'VİP', 0)

SET IDENTITY_INSERT [dbo].[UserCode2] OFF

INSERT INTO [dbo].CategoryTopProducts (ModuleId, CatId, ShowOnlyMainPage) VALUES (281, 129, 0)
 

GO
 


--ALTER TABLE AlarmList CHECK CONSTRAINT FK_AlarmList_Users
ALTER TABLE Announcements CHECK CONSTRAINT FK_Announcements_Modules
ALTER TABLE BankInfo CHECK CONSTRAINT FK_BankInfo_Banks
ALTER TABLE Banks CHECK CONSTRAINT FK_Banks_Portals
ALTER TABLE Banner CHECK CONSTRAINT FK_Banner_Portals
ALTER TABLE Billings CHECK CONSTRAINT FK_Billings_Users
ALTER TABLE Cargo CHECK CONSTRAINT FK_Cargo_Portals
ALTER TABLE CargoInfo CHECK CONSTRAINT FK_CargoInfo_Cargo
ALTER TABLE Categories CHECK CONSTRAINT FK_Categories_Portals
ALTER TABLE CategoryTopProducts CHECK CONSTRAINT FK_CategoryTopProducts_Modules
ALTER TABLE Contacts CHECK CONSTRAINT FK_Contacts_Modules
ALTER TABLE Counter CHECK CONSTRAINT FK_Counter_Portals
ALTER TABLE Coupons CHECK CONSTRAINT FK_Coupons_Portals
ALTER TABLE CRMActivitys CHECK CONSTRAINT FK_CRMActivitys_Portals
ALTER TABLE CRMActivityTypes CHECK CONSTRAINT FK_CRMActivityTypes_Portals
ALTER TABLE CRMActivityUsers CHECK CONSTRAINT FK_CRMActivityUsers_Portals
ALTER TABLE CRMCitys CHECK CONSTRAINT FK_CRMCitys_Portals
ALTER TABLE CRMCode1 CHECK CONSTRAINT FK_CRMCode1_Portals
ALTER TABLE CRMCode10 CHECK CONSTRAINT FK_CRMCode10_Portals
ALTER TABLE CRMCode2 CHECK CONSTRAINT FK_CRMCode2_Portals
ALTER TABLE CRMCode3 CHECK CONSTRAINT FK_CRMCode3_Portals
ALTER TABLE CRMCode4 CHECK CONSTRAINT FK_CRMCode4_Portals
ALTER TABLE CRMCode5 CHECK CONSTRAINT FK_CRMCode5_Portals
ALTER TABLE CRMCode6 CHECK CONSTRAINT FK_CRMCode6_Portals
ALTER TABLE CRMCode7 CHECK CONSTRAINT FK_CRMCode7_Portals
ALTER TABLE CRMCode8 CHECK CONSTRAINT FK_CRMCode8_Portals
ALTER TABLE CRMCode9 CHECK CONSTRAINT FK_CRMCode9_Portals
ALTER TABLE CRMCodeDef CHECK CONSTRAINT FK_CRMCodeDef_Portals
ALTER TABLE CRMCustomers CHECK CONSTRAINT FK_CRMCustomers_Portals
ALTER TABLE CRMProfessions CHECK CONSTRAINT FK_CRMProfessions_Portals
ALTER TABLE CRMProjects CHECK CONSTRAINT FK_CRMProjects_Portals
ALTER TABLE CRMProjectStates CHECK CONSTRAINT FK_CRMProjectStates_Portals
ALTER TABLE CRMProjectTypes CHECK CONSTRAINT FK_CRMProjectTypes_Portals
ALTER TABLE CRMResults CHECK CONSTRAINT FK_CRMResults_Portals
ALTER TABLE CRMSectors CHECK CONSTRAINT FK_CRMSectors_Portals
ALTER TABLE CRMStates CHECK CONSTRAINT FK_CRMStates_CRMCitys
ALTER TABLE CRMStatus CHECK CONSTRAINT FK_CRMStatus_Portals
ALTER TABLE CRMTasks CHECK CONSTRAINT FK_CRMTasks_Portals
ALTER TABLE Currencys CHECK CONSTRAINT FK_Currencys_Portals
ALTER TABLE Discussion CHECK CONSTRAINT FK_Discussion_Modules
ALTER TABLE Documents CHECK CONSTRAINT FK_Documents_Modules
ALTER TABLE ErrorLog CHECK CONSTRAINT FK_ErrorLog_Portals
ALTER TABLE Events CHECK CONSTRAINT FK_Events_Modules
ALTER TABLE EventsLog CHECK CONSTRAINT FK_EventsLog_Portals
ALTER TABLE FBankInfo CHECK CONSTRAINT FK_FBankInfo_FBanks
ALTER TABLE FBanks CHECK CONSTRAINT FK_FBanks_FCampains
ALTER TABLE FBanks CHECK CONSTRAINT FK_FBanks_Banks
ALTER TABLE Flash CHECK CONSTRAINT FK_Flash_Modules
ALTER TABLE ForumThreads CHECK CONSTRAINT FK_ForumThreads_Portals
ALTER TABLE ForumTopics CHECK CONSTRAINT FK_ForumTopics_Portals
ALTER TABLE HtmlText CHECK CONSTRAINT FK_HtmlText_Modules
ALTER TABLE Links CHECK CONSTRAINT FK_Links_Modules
ALTER TABLE Marquee CHECK CONSTRAINT FK_Marquee_Modules
ALTER TABLE Modules CHECK CONSTRAINT FK_Modules_Tabs
ALTER TABLE ModuleSettings CHECK CONSTRAINT FK_ModuleSettings_Modules
ALTER TABLE News CHECK CONSTRAINT FK_News_Modules
ALTER TABLE OrderDetails CHECK CONSTRAINT FK_OrderDetails_Orders
ALTER TABLE Orders CHECK CONSTRAINT FK_Orders_Portals
ALTER TABLE OrderStatus CHECK CONSTRAINT FK_OrderStatus_Portals
ALTER TABLE Payments CHECK CONSTRAINT FK_Payments_Portals
ALTER TABLE PayTypes CHECK CONSTRAINT FK_PayTypes_Portals
ALTER TABLE PopUpText CHECK CONSTRAINT FK_PopUpText_Modules
ALTER TABLE ProductAlternatives CHECK CONSTRAINT FK_ProductAlternatives_Products
ALTER TABLE ProductAttributes CHECK CONSTRAINT FK_ProductAttributes_Products
ALTER TABLE ProductAttributes CHECK CONSTRAINT FK_ProductAttributes_ProductOptionsValues
ALTER TABLE ProductCategories CHECK CONSTRAINT FK_ProductCategories_Categories
ALTER TABLE ProductCode1 CHECK CONSTRAINT FK_ProductCode1_Portals
ALTER TABLE ProductCode10 CHECK CONSTRAINT FK_ProductCode10_Portals
ALTER TABLE ProductCode11 CHECK CONSTRAINT FK_ProductCode11_Portals
ALTER TABLE ProductCode12 CHECK CONSTRAINT FK_ProductCode12_Portals
ALTER TABLE ProductCode13 CHECK CONSTRAINT FK_ProductCode13_Portals
ALTER TABLE ProductCode14 CHECK CONSTRAINT FK_ProductCode14_Portals
ALTER TABLE ProductCode15 CHECK CONSTRAINT FK_ProductCode15_Portals
ALTER TABLE ProductCode2 CHECK CONSTRAINT FK_ProductCode2_Portals
ALTER TABLE ProductCode3 CHECK CONSTRAINT FK_ProductCode3_Portals
ALTER TABLE ProductCode4 CHECK CONSTRAINT FK_ProductCode4_Portals
ALTER TABLE ProductCode5 CHECK CONSTRAINT FK_ProductCode5_Portals
ALTER TABLE ProductCode6 CHECK CONSTRAINT FK_ProductCode6_Portals
ALTER TABLE ProductCode7 CHECK CONSTRAINT FK_ProductCode7_Portals
ALTER TABLE ProductCode8 CHECK CONSTRAINT FK_ProductCode8_Portals
ALTER TABLE ProductCode9 CHECK CONSTRAINT FK_ProductCode9_Portals
ALTER TABLE ProductCompare CHECK CONSTRAINT FK_ProductCompare_Portals
ALTER TABLE ProductFiles CHECK CONSTRAINT FK_ProductFiles_Products
ALTER TABLE ProductImages CHECK CONSTRAINT FK_ProductImages_Products
ALTER TABLE ProductKdvs CHECK CONSTRAINT FK_ProductKdvs_Portals
ALTER TABLE ProductKeywords CHECK CONSTRAINT FK_ProductKeywords_Products
ALTER TABLE ProductMarks CHECK CONSTRAINT FK_ProductMarks_Portals
ALTER TABLE ProductOptionsValues CHECK CONSTRAINT FK_ProductOptionsValues_ProductOptions
ALTER TABLE ProductPropertys CHECK CONSTRAINT FK_ProductPropertys_Products
ALTER TABLE ProductUnits CHECK CONSTRAINT FK_ProductUnits_Products
ALTER TABLE ProductUsages CHECK CONSTRAINT FK_ProductUsages_Products
ALTER TABLE ProductWizardGroups CHECK CONSTRAINT FK_ProductWizardGroups_ProductWizards
ALTER TABLE ProductWizardItems CHECK CONSTRAINT FK_ProductWizardItems_ProductWizardGroups
ALTER TABLE ProductWizardLookups CHECK CONSTRAINT FK_ProductWizardLookups_ProductWizardItems
ALTER TABLE ProductWizards CHECK CONSTRAINT FK_ProductWizards_Portals
ALTER TABLE ProductWizardValues CHECK CONSTRAINT FK_ProductWizardValues_ProductWizardLookups
ALTER TABLE ProductWizardValues CHECK CONSTRAINT FK_ProductWizardValues_Products
ALTER TABLE QuestionLookup CHECK CONSTRAINT FK_QuestionLookup_QuestionMaster
ALTER TABLE QuestionMaster CHECK CONSTRAINT FK_QuestionMaster_Modules
ALTER TABLE Reviews CHECK CONSTRAINT FK_Reviews_Products
ALTER TABLE Roles CHECK CONSTRAINT FK_Roles_Portals
ALTER TABLE Shippings CHECK CONSTRAINT FK_Shippings_Users
ALTER TABLE ShoppingCart CHECK CONSTRAINT FK_ShoppingCart_Products
ALTER TABLE ShoppingCartAttributes CHECK CONSTRAINT FK_ShoppingCartAttributes_ShoppingCart
ALTER TABLE SmsHistory CHECK CONSTRAINT FK_SmsHistory_Portals
ALTER TABLE SurveyAnswers CHECK CONSTRAINT FK_SurveyAnswers_Surveys
ALTER TABLE SurveyOptions CHECK CONSTRAINT FK_SurveyOptions_SurveyQuestions
ALTER TABLE SurveyQuestions CHECK CONSTRAINT FK_SurveyQuestions_Surveys
ALTER TABLE Surveys CHECK CONSTRAINT FK_Surveys_Modules
ALTER TABLE Tabs CHECK CONSTRAINT FK_Tabs_Portals
ALTER TABLE UserCode1 CHECK CONSTRAINT FK_UserCode1_Portals
ALTER TABLE UserCode2 CHECK CONSTRAINT FK_UserCode2_Portals
ALTER TABLE UserCode3 CHECK CONSTRAINT FK_UserCode3_Portals
ALTER TABLE UserCode4 CHECK CONSTRAINT FK_UserCode4_Portals
ALTER TABLE UserRoles CHECK CONSTRAINT FK_UserRoles_Roles
--ALTER TABLE Users CHECK CONSTRAINT FK_Users_Portals
ALTER TABLE UsersLog CHECK CONSTRAINT FK_UsersLog_Portals
ALTER TABLE Visits CHECK CONSTRAINT FK_Visits_Portals
ALTER TABLE WizardMainFilter CHECK CONSTRAINT FK_WizardMainFilter_WizardPropertys
ALTER TABLE WizardPropertys CHECK CONSTRAINT FK_WizardPropertys_Wizards
ALTER TABLE Wizards CHECK CONSTRAINT FK_Wizards_Portals
ALTER TABLE WizardSubFilter CHECK CONSTRAINT FK_WizardSubFilter_WizardPropertys
ALTER TABLE WizardTemplateProducts CHECK CONSTRAINT FK_TemplateProducts_WizardTemplates
ALTER TABLE WizardTemplates CHECK CONSTRAINT FK_WizardTemplates_Wizards